000
CXUS54 KLZK 091200
CF6MWT
PRELIMINARY LOCAL CLIMATOLOGICAL DATA (WS FORM: F-6)
STATION: MOUNT IDA
MONTH: MARCH
YEAR: 2022
LATITUDE: 34 32 N
LONGITUDE: 93 35 W
TEMPERATURE IN F: :PCPN: SNOW: WIND :SUNSHINE: SKY :PK WND
================================================================================
1 2 3 4 5 6A 6B 7 8 9 10 11 12 13 14 15 16 17 18
12Z AVG MX 2MIN
DY MAX MIN AVG DEP HDD CDD WTR SNW DPTH SPD SPD DIR MIN PSBL S-S WX SPD DR
================================================================================
1 76 29 53 4 12 0 0.00 0.0 0 1.9 10 270 M M 0 16 280
2 79 30 55 6 10 0 0.00 0.0 0 1.1 9 190 M M 0 14 140
3 80 33 57 7 8 0 0.00 0.0 0 0.9 8 150 M M 0 8 11 90
4 83 35 59 9 6 0 0.00 0.0 0 3.5 15 160 M M 0 8 22 150
5 72 62 67 17 0 2 0.03 0.0 0 4.4 13 180 M M 8 18 24 180
6 78 49 64 14 1 0 0.63 0.0 0 5.0 15 210 M M 8 1 29 200
7 50 31 41 -10 24 0 0.13 0.0 0 6.2 13 320 M M 5 1 29 320
8 44 27 36 -15 29 0 0.07 0.0 0 1.0 10 100 M M 5 1 19 80
9 58 28 43 -8 22 0 T 0.0 0 1.2 8 100 M M 2 12 14 100
10 64 27 46 -6 19 0 0.00 0.0 0 1.6 10 140 M M 0 12 14 130
11 41 25 33 -19 32 0 0.32 3.0 0 4.6 13 320 M M 5 12 19 320
12 49 19 34 -18 31 0 0.00 0.0 3 2.8 10 320 M M 0 16 300
13 62 37 50 -2 15 0 0.00 0.0 0 4.4 14 220 M M 0 23 240
14 63 42 53 0 12 0 0.65 0.0 0 5.1 14 150 M M 7 1 21 140
15 62 44 53 0 12 0 0.32 0.0 0 1.2 13 130 M M 7 1 21 130
16 76 38 57 4 8 0 0.00 0.0 0 1.4 12 150 M M 4 12 14 120
17 77 40 59 5 6 0 0.02 0.0 0 4.8 17 150 M M 3 25 160
18 61 46 54 0 11 0 T 0.0 0 7.2 18 310 M M 8 32 290
19 72 32 52 -2 13 0 0.00 0.0 0 2.8 14 270 M M 0 20 280
20 77 34 56 2 9 0 0.00 0.0 0 2.8 12 150 M M 0 18 18 210
21 68 53 61 6 4 0 1.45 0.0 0 5.8 21 150 M M 6 1 31 140
22 61 45 53 -2 12 0 1.30 0.0 0 7.2 22 150 M M 10 1 29 160
23 60 36 48 -7 17 0 0.01 0.0 0 5.9 15 290 M M 7 26 290
24 60 30 45 -11 20 0 0.00 0.0 0 2.6 16 300 M M 4 23 300
25 69 35 52 -4 13 0 0.00 0.0 0 3.7 13 310 M M 0 8 20 310
26 75 36 56 0 9 0 0.00 0.0 0 0.9 7 180 M M 0 8 M M
27 68 40 54 -2 11 0 0.00 0.0 0 3.8 13 140 M M 0 18 80
28 75 35 55 -2 10 0 0.00 0.0 0 4.3 13 140 M M 0 20 150
29 75 56 66 9 0 1 0.00 0.0 0 6.0 15 200 M M 4 29 200
30 73 43 58 1 7 0 1.53 0.0 0 6.6 20 320 M M 8 1 32 330
31 59 34 47 -11 18 0 T 0.0 0 4.1 20 320 M M 2 1 33 290
================================================================================
SM 2067 1151 401 3 6.46 3.0 114.8 M 103
================================================================================
AV 66.7 37.1 3.7 FASTST M M 3 MAX(MPH)
MISC ----> 22 150 33 290
================================================================================
NOTES:
# LAST OF SEVERAL OCCURRENCES
COLUMN 17 PEAK WIND IN M.P.H.
PRELIMINARY LOCAL CLIMATOLOGICAL DATA (WS FORM: F-6) , PAGE 2
STATION: MOUNT IDA
MONTH: MARCH
YEAR: 2022
LATITUDE: 34 32 N
LONGITUDE: 93 35 W
[TEMPERATURE DATA] [PRECIPITATION DATA] SYMBOLS USED IN COLUMN 16
AVERAGE MONTHLY: 51.9 TOTAL FOR MONTH: 6.46 1 = FOG OR MIST
DPTR FM NORMAL: -1.4 DPTR FM NORMAL: 1.45 2 = FOG REDUCING VISIBILITY
HIGHEST: 83 ON 4 GRTST 24HR 2.64 ON 21-22 TO 1/4 MILE OR LESS
LOWEST: 19 ON 12 3 = THUNDER
SNOW, ICE PELLETS, HAIL 4 = ICE PELLETS
TOTAL MONTH: 3.0 INCHES 5 = HAIL
GRTST 24HR 3.0 ON 11-11 6 = FREEZING RAIN OR DRIZZLE
GRTST DEPTH: 3 ON 12 7 = DUSTSTORM OR SANDSTORM:
VSBY 1/2 MILE OR LESS
8 = SMOKE OR HAZE
[NO. OF DAYS WITH] [WEATHER - DAYS WITH] 9 = BLOWING SNOW
X = TORNADO
MAX 32 OR BELOW: 0 0.01 INCH OR MORE: 12
MAX 90 OR ABOVE: 0 0.10 INCH OR MORE: 8
MIN 32 OR BELOW: 10 0.50 INCH OR MORE: 5
MIN 0 OR BELOW: 0 1.00 INCH OR MORE: 3
[HDD (BASE 65) ]
TOTAL THIS MO. 401 CLEAR (SCALE 0-3) 16
DPTR FM NORMAL 23 PTCLDY (SCALE 4-7) 11
TOTAL FM JUL 1 2606 CLOUDY (SCALE 8-10) 4
DPTR FM NORMAL -287
[CDD (BASE 65) ]
TOTAL THIS MO. 3
DPTR FM NORMAL -12 [PRESSURE DATA]
TOTAL FM JAN 1 3 HIGHEST SLP 30.47 ON 12
DPTR FM NORMAL -16 LOWEST SLP 29.32 ON 30
[REMARKS]
#FINAL-03-22#