000
CXUS54 KLZK 011130
CF6MWT
PRELIMINARY LOCAL CLIMATOLOGICAL DATA (WS FORM: F-6)
STATION: Mount Ida
MONTH: JULY
YEAR: 2020
LATITUDE: 34 32 N
LONGITUDE: 93 35 W
TEMPERATURE IN F: :PCPN: SNOW: WIND :SUNSHINE: SKY :PK WND
================================================================================
1 2 3 4 5 6A 6B 7 8 9 10 11 12 13 14 15 16 17 18
12Z AVG MX 2MIN
DY MAX MIN AVG DEP HDD CDD WTR SNW DPTH SPD SPD DIR MIN PSBL S-S WX SPD DR
================================================================================
1 90 76 83 4 0 18 0.00 0.0 0 2.3 7 170 M M 6 1 13 190
2 94 72 83 3 0 18 0.12 0.0 0 1.3 10 350 M M 3 12 20 10
3 95 70 83 3 0 18 0.01 0.0 0 1.0 8 140 M M 3 12 140
4 84 70 77 -3 0 12 0.86 0.0 0 0.8 13 320 M M 3 1 21 310
5 89 72 81 1 0 16 0.01 0.0 0 1.4 7 140 M M 5 1 12 80
6 89 70 80 0 0 15 0.02 0.0 0 2.0 12 140 M M 4 12 16 130
7 88 73 81 1 0 16 0.11 0.0 0 1.7 12 140 M M 5 12 17 150
8 92 72 82 2 0 17 0.00 0.0 0 0.5 7 140 M M 5 12 10 170
9 89 73 81 1 0 16 0.09 0.0 0 1.6 14 130 M M 2 1 22 360
10 94 71 83 3 0 18 T 0.0 0 0.9 12 310 M M 3 12 19 310
11 94 71 83 3 0 18 0.00 0.0 0 1.5 8 310 M M 4 12 15 310
12 94 75 85 5 0 20 T 0.0 0 2.5 17 290 M M 1 32 270
13 85 70 78 -2 0 13 0.01 0.0 0 1.0 10 140 M M 0 1 17 140
14 95 73 84 4 0 19 0.00 0.0 0 3.1 12 140 M M 0 1 16 130
15 93 80 87 7 0 22 T 0.0 0 2.8 9 250 M M 0 15 240
16 96 75 86 6 0 21 0.00 0.0 0 1.7 9 140 M M 1 1 12 120
17 92 73 83 3 0 18 0.00 0.0 0 1.9 13 150 M M 1 1 16 140
18 92 73 83 3 0 18 0.00 0.0 0 2.3 9 140 M M 1 16 150
19 95 71 83 3 0 18 0.00 0.0 0 1.5 8 160 M M 1 1 13 200
20 95 71 83 3 0 18 0.00 0.0 0 1.2 10 140 M M 1 1 18 160
21 92 71 82 2 0 17 0.00 0.0 0 2.0 13 150 M M 2 20 160
22 86 74 80 0 0 15 0.15 0.0 0 2.0 9 140 M M 5 1 13 140
23 89 73 81 1 0 16 4.66 0.0 0 1.3 12 140 M M 6 13 15 130
24 91 72 82 2 0 17 T 0.0 0 2.3 10 140 M M 3 12 17 150
25 89 75 82 2 0 17 0.02 0.0 0 2.9 12 130 M M 6 1 18 140
26 91 73 82 2 0 17 0.00 0.0 0 2.4 8 140 M M 3 12 130
27 88 72 80 0 0 15 0.00 0.0 0 2.0 8 140 M M 2 13 130
28 90 70 80 0 0 15 0.00 0.0 0 1.3 9 140 M M 0 1 14 150
29 86 73 80 0 0 15 0.77 0.0 0 1.3 9 330 M M 3 1 16 250
30 91 70 81 1 0 16 0.09 0.0 0 4.1 15 310 M M 2 29 320
31 82 69 76 -4 0 11 0.07 0.0 0 3.1 15 310 M M 5 1 24 340
================================================================================
SM 2810 2243 0 520 6.99 0.0 57.7 M 86
================================================================================
AV 90.7 72.4 1.9 FASTST M M 3 MAX(MPH)
MISC ----> # 17 290 # 32 270
================================================================================
NOTES:
# LAST OF SEVERAL OCCURRENCES
COLUMN 17 PEAK WIND IN M.P.H.
PRELIMINARY LOCAL CLIMATOLOGICAL DATA (WS FORM: F-6) , PAGE 2
STATION: Mount Ida
MONTH: JULY
YEAR: 2020
LATITUDE: 34 32 N
LONGITUDE: 93 35 W
[TEMPERATURE DATA] [PRECIPITATION DATA] SYMBOLS USED IN COLUMN 16
AVERAGE MONTHLY: 81.5 TOTAL FOR MONTH: 6.99 1 = FOG OR MIST
DPTR FM NORMAL: 1.3 DPTR FM NORMAL: 2.89 2 = FOG REDUCING VISIBILITY
HIGHEST: 96 ON 16 GRTST 24HR 4.66 ON 23-23 TO 1/4 MILE OR LESS
LOWEST: 69 ON 31 3 = THUNDER
SNOW, ICE PELLETS, HAIL 4 = ICE PELLETS
TOTAL MONTH: 0.0 INCH 5 = HAIL
GRTST 24HR 0.0 6 = FREEZING RAIN OR DRIZZLE
GRTST DEPTH: 0 7 = DUSTSTORM OR SANDSTORM:
VSBY 1/2 MILE OR LESS
8 = SMOKE OR HAZE
[NO. OF DAYS WITH] [WEATHER - DAYS WITH] 9 = BLOWING SNOW
X = TORNADO
MAX 32 OR BELOW: 0 0.01 INCH OR MORE: 14
MAX 90 OR ABOVE: 19 0.10 INCH OR MORE: 6
MIN 32 OR BELOW: 0 0.50 INCH OR MORE: 3
MIN 0 OR BELOW: 0 1.00 INCH OR MORE: 1
[HDD (BASE 65) ]
TOTAL THIS MO. 0 CLEAR (SCALE 0-3) 19
DPTR FM NORMAL 0 PTCLDY (SCALE 4-7) 12
TOTAL FM JUL 1 0 CLOUDY (SCALE 8-10) 0
DPTR FM NORMAL 0
[CDD (BASE 65) ]
TOTAL THIS MO. 520
DPTR FM NORMAL 47 [PRESSURE DATA]
TOTAL FM JAN 1 1064 HIGHEST SLP 30.08 ON 26
DPTR FM NORMAL 59 LOWEST SLP 29.74 ON 12
[REMARKS]
ALL SNOWFALL DATA IS FROM THE MT IDA 4 S COOPERATIVE OBSERVER SITE
#FINAL-07-20#