000
CXUS51 KOKX 010910
CF6NYC
PRELIMINARY LOCAL CLIMATOLOGICAL DATA (WS FORM: F-6)
STATION: CENTRAL PARK NY
MONTH: AUGUST
YEAR: 2022
LATITUDE: 40 46 N
LONGITUDE: 73 58 W
TEMPERATURE IN F: :PCPN: SNOW: WIND :SUNSHINE: SKY :PK WND
================================================================================
1 2 3 4 5 6A 6B 7 8 9 10 11 12 13 14 15 16 17 18
12Z AVG MX 2MIN
DY MAX MIN AVG DEP HDD CDD WTR SNW DPTH SPD SPD DIR MIN PSBL S-S WX SPD DR
================================================================================
1 77 68 73 -5 0 8 0.48 0.0 0 2.7 9 60 M M 8 18 14 40
2 90 72 81 4 0 16 T 0.0 0 3.5 12 240 M M 2 16 270
3 89 71 80 3 0 15 0.00 0.0 0 3.1 9 230 M M 0 14 130
4 93 76 85 8 0 20 0.00 0.0 0 3.5 12 140 M M 1 20 130
5 89 78 84 7 0 19 0.00 0.0 0 3.4 10 230 M M 1 14 220
6 92 77 85 8 0 20 0.00 0.0 0 4.1 13 240 M M 1 23 240
7 92 76 84 7 0 19 0.16 0.0 0 5.6 14 260 M M 2 13 26 250
8 93 79 86 9 0 21 0.00 0.0 0 5.4 9 250 M M 2 18 99
9 97 78 88 11 0 23 0.03 0.0 0 4.8 14 240 M M 4 3 23 10
10 87 75 81 4 0 16 0.00 0.0 0 3.5 9 140 M M 7 15 170
11 89 72 81 4 0 16 0.11 0.0 0 2.3 10 260 M M 3 1 15 270
12 85 71 78 1 0 13 0.00 0.0 0 5.5 14 60 M M 2 20 50
13 79 65 72 -5 0 7 0.00 0.0 0 4.4 14 50 M M 2 21 50
14 82 66 74 -2 0 9 0.00 0.0 0 2.6 9 130 M M 0 16 130
15 83 68 76 0 0 11 0.00 0.0 0 1.8 9 200 M M 1 16 200
16 83 66 75 -1 0 10 0.00 0.0 0 5.5 17 60 M M 0 22 40
17 81 63 72 -4 0 7 0.34 0.0 0 3.3 16 50 M M 7 138 25 40
18 87 62 75 -1 0 10 0.00 0.0 0 2.9 10 280 M M 2 16 270
19 90 69 80 4 0 15 0.00 0.0 0 3.5 10 180 M M 0 19 220
20 90 74 82 6 0 17 0.00 0.0 0 3.0 12 140 M M 1 19 170
21 82 72 77 1 0 12 0.00 0.0 0 2.6 9 130 M M 2 15 130
22 79 73 76 0 0 11 0.23 0.0 0 2.7 9 60 M M 8 1 13 130
23 86 72 79 4 0 14 T 0.0 0 2.8 13 280 M M 4 18 18 280
24 90 71 81 6 0 16 0.00 0.0 0 3.7 10 240 M M 1 16 260
25 91 72 82 7 0 17 0.00 0.0 0 2.4 8 200 M M 0 14 170
26 87 74 81 6 0 16 0.24 0.0 0 2.9 9 270 M M 3 123 16 190
27 90 74 82 7 0 17 0.00 0.0 0 3.7 10 60 M M 3 14 210
28 82 73 78 3 0 13 0.00 0.0 0 5.2 10 60 M M 8 17 60
29 85 75 80 6 0 15 0.00 0.0 0 3.0 10 140 M M 5 19 170
30 89 73 81 7 0 16 0.12 0.0 0 4.3 13 240 M M 4 1 24 230
31 85 69 77 3 0 12 T 0.0 0 5.2 13 290 M M 2 1 20 270
================================================================================
SM 2694 2224 0 451 1.71 0.0 112.9 M 86
================================================================================
AV 86.9 71.7 3.6 FASTST M M 3 MAX(MPH)
MISC ----> 17 60 26 250
================================================================================
NOTES:
# LAST OF SEVERAL OCCURRENCES
COLUMN 17 PEAK WIND IN M.P.H.
PRELIMINARY LOCAL CLIMATOLOGICAL DATA (WS FORM: F-6) , PAGE 2
STATION: CENTRAL PARK NY
MONTH: AUGUST
YEAR: 2022
LATITUDE: 40 46 N
LONGITUDE: 73 58 W
[TEMPERATURE DATA] [PRECIPITATION DATA] SYMBOLS USED IN COLUMN 16
AVERAGE MONTHLY: 79.3 TOTAL FOR MONTH: 1.71 1 = FOG OR MIST
DPTR FM NORMAL: 3.2 DPTR FM NORMAL: -2.85 2 = FOG REDUCING VISIBILITY
HIGHEST: 97 ON 9 GRTST 24HR 0.48 ON 31- 1 TO 1/4 MILE OR LESS
LOWEST: 62 ON 18 3 = THUNDER
SNOW, ICE PELLETS, HAIL 4 = ICE PELLETS
TOTAL MONTH: 0.0 INCH 5 = HAIL
GRTST 24HR 0.0 6 = FREEZING RAIN OR DRIZZLE
GRTST DEPTH: 0 7 = DUSTSTORM OR SANDSTORM:
VSBY 1/2 MILE OR LESS
8 = SMOKE OR HAZE
[NO. OF DAYS WITH] [WEATHER - DAYS WITH] 9 = BLOWING SNOW
X = TORNADO
MAX 32 OR BELOW: 0 0.01 INCH OR MORE: 8
MAX 90 OR ABOVE: 11 0.10 INCH OR MORE: 7
MIN 32 OR BELOW: 0 0.50 INCH OR MORE: 0
MIN 0 OR BELOW: 0 1.00 INCH OR MORE: 0
[HDD (BASE 65) ]
TOTAL THIS MO. 0 CLEAR (SCALE 0-3) 21
DPTR FM NORMAL -1 PTCLDY (SCALE 4-7) 9
TOTAL FM JUL 1 0 CLOUDY (SCALE 8-10) 1
DPTR FM NORMAL 0
[CDD (BASE 65) ]
TOTAL THIS MO. 451
DPTR FM NORMAL 106 [PRESSURE DATA]
TOTAL FM JAN 1 1192 HIGHEST SLP M ON M
DPTR FM NORMAL 152 LOWEST SLP 29.74 ON 30
[REMARKS]
#FINAL-08-22#