000
CXUS51 KOKX 011010
CF6NYC
PRELIMINARY LOCAL CLIMATOLOGICAL DATA (WS FORM: F-6)
STATION: CENTRAL PARK NY
MONTH: NOVEMBER
YEAR: 2023
LATITUDE: 40 46 N
LONGITUDE: 73 58 W
TEMPERATURE IN F: :PCPN: SNOW: WIND :SUNSHINE: SKY :PK WND
================================================================================
1 2 3 4 5 6A 6B 7 8 9 10 11 12 13 14 15 16 17 18
12Z AVG MX 2MIN
DY MAX MIN AVG DEP HDD CDD WTR SNW DPTH SPD SPD DIR MIN PSBL S-S WX SPD DR
================================================================================
1 49 39 44 -8 21 0 0.01 0.0 0 6.6 15 300 M M 6 26 310
2 48 35 42 -10 23 0 0.00 0.0 0 4.4 9 220 M M 0 14 220
3 55 42 49 -3 16 0 0.00 0.0 0 4.9 12 220 M M 0 20 240
4 61 47 54 2 11 0 0.00 0.0 0 3.0 12 250 M M 0 17 250
5 65 49 57 6 8 0 T 0.0 0 2.3 9 350 M M 4 16 330
6 56 44 50 -1 15 0 0.00 0.0 0 3.7 12 50 M M 1 17 60
7 64 53 59 8 6 0 0.06 0.0 0 5.1 13 240 M M 3 1 20 250
8 54 43 49 -1 16 0 0.00 0.0 0 5.3 16 300 M M 1 25 290
9 57 42 50 0 15 0 0.00 0.0 0 3.2 9 80 M M 5 15 80
10 53 45 49 -1 16 0 0.00 0.0 0 4.4 13 230 M M 4 21 230
11 55 42 49 0 16 0 0.00 0.0 0 4.0 12 350 M M 2 20 20
12 44 36 40 -9 25 0 0.00 0.0 0 5.2 14 50 M M 0 19 50
13 49 35 42 -7 23 0 T 0.0 0 3.6 12 230 M M 2 20 230
14 53 42 48 0 17 0 0.00 0.0 0 5.0 14 300 M M 2 23 10
15 53 39 46 -2 19 0 0.00 0.0 0 3.0 13 220 M M 0 23 220
16 65 46 56 8 9 0 0.00 0.0 0 3.4 10 250 M M 0 17 250
17 67 52 60 12 5 0 0.00 0.0 0 4.4 13 240 M M 0 19 240
18 63 41 52 5 13 0 T 0.0 0 6.1 15 300 M M 5 23 300
19 55 40 48 1 17 0 0.00 0.0 0 4.7 14 230 M M 0 23 290
20 46 37 42 -5 23 0 0.00 0.0 0 5.0 13 50 M M 0 21 50
21 48 33 41 -5 24 0 0.59 0.0 0 7.3 16 80 M M 5 1 28 90
22 54 48 51 5 14 0 1.93 0.0 0 4.6 14 110 M M 9 1 26 130
23 52 44 48 2 17 0 0.00 0.0 0 6.9 17 310 M M 3 25 290
24 51 33 42 -3 23 0 0.00 0.0 0 6.3 16 300 M M 4 23 10
25 40 30 35 -10 30 0 0.00 0.0 0 2.3 10 300 M M 0 14 300
26 56 35 46 1 19 0 0.28 0.0 0 4.5 17 120 M M 6 1 29 130
27 56 36 46 2 19 0 0.08 0.0 0 6.7 16 270 M M 5 1 26 290
28 41 32 37 -7 28 0 T T 0 9.5 16 280 M M 2 28 250
29 38 27 33 -11 32 0 0.00 0.0 0 4.7 14 240 M M 2 22 300
30 51 34 43 -1 22 0 0.00 0.0 0 5.8 12 220 M M 1 21 220
================================================================================
SM 1599 1201 542 0 2.95 T 145.9 M 72
================================================================================
AV 53.3 40.0 4.9 FASTST M M 2 MAX(MPH)
MISC ----> # 17 310 29 130
================================================================================
NOTES:
# LAST OF SEVERAL OCCURRENCES
COLUMN 17 PEAK WIND IN M.P.H.
PRELIMINARY LOCAL CLIMATOLOGICAL DATA (WS FORM: F-6) , PAGE 2
STATION: CENTRAL PARK NY
MONTH: NOVEMBER
YEAR: 2023
LATITUDE: 40 46 N
LONGITUDE: 73 58 W
[TEMPERATURE DATA] [PRECIPITATION DATA] SYMBOLS USED IN COLUMN 16
AVERAGE MONTHLY: 46.7 TOTAL FOR MONTH: 2.95 1 = FOG OR MIST
DPTR FM NORMAL: -1.3 DPTR FM NORMAL: -0.63 2 = FOG REDUCING VISIBILITY
HIGHEST: 67 ON 17 GRTST 24HR 1.93 ON 22-22 TO 1/4 MILE OR LESS
LOWEST: 27 ON 29 3 = THUNDER
SNOW, ICE PELLETS, HAIL 4 = ICE PELLETS
TOTAL MONTH: T 5 = HAIL
GRTST 24HR T ON 28-28 6 = FREEZING RAIN OR DRIZZLE
GRTST DEPTH: 0 7 = DUSTSTORM OR SANDSTORM:
VSBY 1/2 MILE OR LESS
8 = SMOKE OR HAZE
[NO. OF DAYS WITH] [WEATHER - DAYS WITH] 9 = BLOWING SNOW
X = TORNADO
MAX 32 OR BELOW: 0 0.01 INCH OR MORE: 6
MAX 90 OR ABOVE: 0 0.10 INCH OR MORE: 3
MIN 32 OR BELOW: 3 0.50 INCH OR MORE: 2
MIN 0 OR BELOW: 0 1.00 INCH OR MORE: 1
[HDD (BASE 65) ]
TOTAL THIS MO. 542 CLEAR (SCALE 0-3) 18
DPTR FM NORMAL 31 PTCLDY (SCALE 4-7) 11
TOTAL FM JUL 1 759 CLOUDY (SCALE 8-10) 1
DPTR FM NORMAL -27
[CDD (BASE 65) ]
TOTAL THIS MO. 0
DPTR FM NORMAL -1 [PRESSURE DATA]
TOTAL FM JAN 1 1242 HIGHEST SLP M ON M
DPTR FM NORMAL 20 LOWEST SLP 29.55 ON 26
[REMARKS]
#FINAL-11-23#