000
CXUS54 KMAF 011901
CF6ODO
PRELIMINARY LOCAL CLIMATOLOGICAL DATA (WS FORM: F-6)
STATION: ODESSA SCHLEYMEYER
MONTH: DECEMBER
YEAR: 2022
LATITUDE: 31 55 N
LONGITUDE: 102 23 W
TEMPERATURE IN F: :PCPN: SNOW: WIND :SUNSHINE: SKY :PK WND
================================================================================
1 2 3 4 5 6A 6B 7 8 9 10 11 12 13 14 15 16 17 18
12Z AVG MX 2MIN
DY MAX MIN AVG DEP HDD CDD WTR SNW DPTH SPD SPD DIR MIN PSBL S-S WX SPD DR
================================================================================
1 59 36 48 0 17 0 0.00 M M 9.9 17 170 M M 1 24 170
2 79 41 60 12 5 0 0.00 M M 11.1 29 260 M M 0 39 260
3 60 41 51 3 14 0 0.00 M M 11.1 28 50 M M 0 8 38 50
4 64 40 52 5 13 0 0.00 M M 7.1 16 220 M M 1 21 220
5 78 51 65 18 0 0 0.00 M M 12.1 30 260 M M 0 38 250
6 72 56 64 17 1 0 T M M 5.6 15 250 M M 3 18 250
7 74 57 66 19 0 1 0.11 M M 7.4 16 150 M M 6 1 20 160
8 73 54 64 18 1 0 0.01 M M 5.1 16 280 M M 6 128 23 250
9 65 53 59 13 6 0 T M M 7.5 16 160 M M 8 18 21 150
10 65 52 59 13 6 0 0.01 M M 7.5 18 100 M M 8 128 21 80
11 63 50 57 11 8 0 0.00 M M 6.6 15 130 M M 7 128 19 140
12 72 52 62 16 3 0 0.00 M M 14.8 26 190 M M 5 128 34 180
13 58 40 49 3 16 0 0.00 M M 13.0 33 280 M M 1 45 280
14 55 35 45 0 20 0 0.00 M M 11.4 25 300 M M 2 33 310
15 55 30 43 -2 22 0 0.00 M M 4.2 13 220 M M 0 16 330
16 49 29 39 -6 26 0 0.00 M M 6.9 14 40 M M 0 18 50
17 53 23 38 -7 27 0 0.00 M M 6.3 15 200 M M 0 19 190
18 56 36 46 1 19 0 0.00 M M 12.9 23 170 M M 0 30 160
19 64 37 51 6 14 0 0.00 M M 9.5 18 270 M M 1 27 280
20 52 28 40 -4 25 0 0.00 M M 8.2 16 140 M M 0 1 21 130
21 59 35 47 3 18 0 0.00 M M 10.4 20 200 M M 5 1 25 210
22 40 12 26 -18 39 0 0.00 M M 15.7 29 50 M M 0 18 40 40
23 26 11 19 -25 46 0 0.00 M M 7.3 16 40 M M 0 22 20
24 38 17 28 -16 37 0 0.00 M M 5.9 14 180 M M 1 21 200
25 53 21 37 -7 28 0 0.00 M M 6.8 14 230 M M 0 19 230
26 61 33 47 3 18 0 0.00 M M 10.4 24 50 M M 0 31 50
27 67 32 50 6 15 0 0.00 M M 12.5 25 200 M M 0 32 200
28 73 44 59 15 6 0 0.00 M M 12.9 29 260 M M 0 40 240
29 68 44 56 12 9 0 0.00 M M 9.7 22 290 M M 0 30 290
30 57 41 49 5 16 0 0.00 M M 6.7 20 220 M M 4 23 250
31 72 42 57 13 8 0 0.00 M M 14.0 29 250 M M 0 38 240
================================================================================
SM 1880 1173 483 1 0.13 M 290.5 M 59
================================================================================
AV 60.6 37.8 9.4 FASTST M M 2 MAX(MPH)
MISC ----> 33 280 45 280
================================================================================
NOTES:
# LAST OF SEVERAL OCCURRENCES
COLUMN 17 PEAK WIND IN M.P.H.
PRELIMINARY LOCAL CLIMATOLOGICAL DATA (WS FORM: F-6) , PAGE 2
STATION: ODESSA SCHLEYMEYER
MONTH: DECEMBER
YEAR: 2022
LATITUDE: 31 55 N
LONGITUDE: 102 23 W
[TEMPERATURE DATA] [PRECIPITATION DATA] SYMBOLS USED IN COLUMN 16
AVERAGE MONTHLY: 49.2 TOTAL FOR MONTH: 0.13 1 = FOG OR MIST
DPTR FM NORMAL: 3.8 DPTR FM NORMAL: -0.43 2 = FOG REDUCING VISIBILITY
HIGHEST: 79 ON 2 GRTST 24HR 0.12 ON 7- 8 TO 1/4 MILE OR LESS
LOWEST: 11 ON 23 3 = THUNDER
SNOW, ICE PELLETS, HAIL 4 = ICE PELLETS
TOTAL MONTH: M 5 = HAIL
GRTST 24HR M ON M 6 = FREEZING RAIN OR DRIZZLE
GRTST DEPTH: M ON M 7 = DUSTSTORM OR SANDSTORM:
VSBY 1/2 MILE OR LESS
8 = SMOKE OR HAZE
[NO. OF DAYS WITH] [WEATHER - DAYS WITH] 9 = BLOWING SNOW
X = TORNADO
MAX 32 OR BELOW: 1 0.01 INCH OR MORE: 3
MAX 90 OR ABOVE: 0 0.10 INCH OR MORE: 1
MIN 32 OR BELOW: 9 0.50 INCH OR MORE: 0
MIN 0 OR BELOW: 0 1.00 INCH OR MORE: 0
[HDD (BASE 65) ]
TOTAL THIS MO. 483 CLEAR (SCALE 0-3) 23
DPTR FM NORMAL -125 PTCLDY (SCALE 4-7) 7
TOTAL FM JUL 1 1008 CLOUDY (SCALE 8-10) 1
DPTR FM NORMAL -55
[CDD (BASE 65) ]
TOTAL THIS MO. 1
DPTR FM NORMAL 1 [PRESSURE DATA]
TOTAL FM JAN 1 3130 HIGHEST SLP 30.73 ON 23
DPTR FM NORMAL 652 LOWEST SLP 29.55 ON 12
[REMARKS]
#FINAL-12-22#