000
CXUS53 KGID 041355 CCA
CF6ODX
PRELIMINARY LOCAL CLIMATOLOGICAL DATA (WS FORM: F-6)
STATION: ORD NE
MONTH: OCTOBER
YEAR: 2020
LATITUDE: 41 37 N
LONGITUDE: 98 57 W
TEMPERATURE IN F: :PCPN: SNOW: WIND :SUNSHINE: SKY :PK WND
================================================================================
1 2 3 4 5 6A 6B 7 8 9 10 11 12 13 14 15 16 17 18
12Z AVG MX 2MIN
DY MAX MIN AVG DEP HDD CDD WTR SNW DPTH SPD SPD DIR MIN PSBL S-S WX SPD DR
================================================================================
1 60 35 48 -8 17 0 0.00 M M 10.0 23 350 M M 0 32 340
2 66 32 49 -7 16 0 0.13 M M 6.6 26 350 M M 2 1 40 350
3 62 35 49 -6 16 0 0.00 M M 4.9 12 330 M M 6 12 15 340
4 74 34 54 -1 11 0 0.00 M M 9.1 23 180 M M 2 34 170
5 87 44 66 12 0 1 0.00 M M 7.1 22 350 M M 0 31 360
6 88 37 63 9 2 0 0.00 M M 6.1 25 220 M M 0 36 200
7 81 39 60 7 5 0 0.00 M M 6.4 18 70 M M 0 26 80
8 84 42 63 10 2 0 0.00 M M 9.6 23 180 M M 0 36 190
9 89 46 68 16 0 3 0.00 M M 5.3 12 360 M M 0 18 16 10
10 79 40 60 8 5 0 0.00 M M 6.9 16 110 M M 0 20 110
11 80 48 64 12 1 0 0.02 M M 13.4 38 320 M M 5 1 52 310
12 73 34 54 3 11 0 0.00 M M 8.6 23 250 M M 1 32 250
13 69 39 54 3 11 0 0.00 M M 8.2 22 350 M M 0 30 340
14 69 41 55 5 10 0 0.00 M M 13.8 33 320 M M 2 44 320
15 54 31 43 -7 22 0 0.00 M M 10.6 24 320 M M 3 30 300
16 61 28 45 -5 20 0 0.00 M M 8.2 23 210 M M 4 31 200
17 65 33 49 0 16 0 0.27 M M 10.5 24 340 M M 4 1 35 350
18 34 30 32 -17 33 0 0.27 M M 7.1 18 10 M M 8 1 28 10
19 50 32 41 -7 24 0 0.05 M M 5.8 16 170 M M 7 16 22 180
20 60 38 49 1 16 0 0.00 M M 10.0 20 340 M M 4 27 180
21 49 38 44 -4 21 0 0.00 M M 8.4 17 120 M M 7 1 24 130
22 43 32 38 -9 27 0 0.03 M M 14.3 25 350 M M 10 1 36 360
23 32 27 30 -17 35 0 T M M 13.0 24 350 M M 10 1 35 350
24 31 24 28 -18 37 0 0.18 M M 9.2 15 50 M M 10 1 22 120
25 25 17 21 -25 44 0 0.21 M M 12.7 20 340 M M 9 1 29 20
26 24 13 19 -27 46 0 0.00 M M 6.4 14 330 M M 2 17 320
27 41 2 22 -23 43 0 0.00 M M 6.2 17 220 M M 0 22 210
28 59 15 37 -8 28 0 0.00 M M 6.8 25 360 M M 0 39 10
29 53 27 40 -4 25 0 0.00 M M 6.6 18 340 M M 1 26 350
30 68 28 48 4 17 0 0.00 M M 5.9 14 150 M M 0 20 130
31 64 35 50 6 15 0 0.00 M M 13.3 29 320 M M 0 39 330
================================================================================
SM 1874 996 576 4 1.16 M 271.0 M 97
================================================================================
AV 60.5 32.1 8.7 FASTST M M 3 MAX(MPH)
MISC ----> 38 320 52 310
================================================================================
NOTES:
# LAST OF SEVERAL OCCURRENCES
COLUMN 17 PEAK WIND IN M.P.H.
PRELIMINARY LOCAL CLIMATOLOGICAL DATA (WS FORM: F-6) , PAGE 2
STATION: ORD NE
MONTH: OCTOBER
YEAR: 2020
LATITUDE: 41 37 N
LONGITUDE: 98 57 W
[TEMPERATURE DATA] [PRECIPITATION DATA] SYMBOLS USED IN COLUMN 16
AVERAGE MONTHLY: 46.3 TOTAL FOR MONTH: 1.16 1 = FOG OR MIST
DPTR FM NORMAL: -3.3 DPTR FM NORMAL: -0.77 2 = FOG REDUCING VISIBILITY
HIGHEST: 89 ON 9 GRTST 24HR 0.54 ON 17-18 TO 1/4 MILE OR LESS
LOWEST: 2 ON 27 3 = THUNDER
SNOW, ICE PELLETS, HAIL 4 = ICE PELLETS
TOTAL MONTH: M 5 = HAIL
GRTST 24HR M ON M 6 = FREEZING RAIN OR DRIZZLE
GRTST DEPTH: M ON M 7 = DUSTSTORM OR SANDSTORM:
VSBY 1/2 MILE OR LESS
8 = SMOKE OR HAZE
[NO. OF DAYS WITH] [WEATHER - DAYS WITH] 9 = BLOWING SNOW
X = TORNADO
MAX 32 OR BELOW: 4 0.01 INCH OR MORE: 8
MAX 90 OR ABOVE: 0 0.10 INCH OR MORE: 5
MIN 32 OR BELOW: 14 0.50 INCH OR MORE: 0
MIN 0 OR BELOW: 0 1.00 INCH OR MORE: 0
[HDD (BASE 65) ]
TOTAL THIS MO. 576 CLEAR (SCALE 0-3) 19
DPTR FM NORMAL 93 PTCLDY (SCALE 4-7) 8
TOTAL FM JUL 1 714 CLOUDY (SCALE 8-10) 4
DPTR FM NORMAL 94
[CDD (BASE 65) ]
TOTAL THIS MO. 4
DPTR FM NORMAL -3 [PRESSURE DATA]
TOTAL FM JAN 1 949 HIGHEST SLP 30.58 ON 26
DPTR FM NORMAL 104 LOWEST SLP 29.48 ON 11
[REMARKS]
SUBSTITUTED LIQUID PRECIPITATION AMOUNTS (0.18 FOR 10/24 AND 0.21 FOR
10/25) FROM LOCAL COOPERATIVE OBSERVER (ORD #2, SITE 25-6336) DUE TO
THE AUTOMATED GAUGE CAPTURE UNDER-REPRESENTING PRECIPITATION FROM THE
SNOW EVENT.
#FINAL-10-20#