000
CXUS53 KGID 011435
CF6ODX
PRELIMINARY LOCAL CLIMATOLOGICAL DATA (WS FORM: F-6)
STATION: ORD NE
MONTH: OCTOBER
YEAR: 2023
LATITUDE: 41 37 N
LONGITUDE: 98 57 W
TEMPERATURE IN F: :PCPN: SNOW: WIND :SUNSHINE: SKY :PK WND
================================================================================
1 2 3 4 5 6A 6B 7 8 9 10 11 12 13 14 15 16 17 18
12Z AVG MX 2MIN
DY MAX MIN AVG DEP HDD CDD WTR SNW DPTH SPD SPD DIR MIN PSBL S-S WX SPD DR
================================================================================
1 90 70 80 23 0 15 0.00 M M 14.5 30 180 M M 0 44 170
2 90 65 78 22 0 13 0.00 M M 13.9 26 170 M M 0 39 170
3 79 52 66 10 0 1 0.84 M M 9.6 38 250 M M 4 13 63 240
4 70 47 59 4 6 0 0.00 M M 6.7 15 330 M M 1 20 320
5 69 41 55 0 10 0 T M M 9.4 28 300 M M 2 36 300
6 55 32 44 -10 21 0 0.01 M M 14.8 32 320 M M 3 45 330
7 69 28 49 -5 16 0 0.00 M M 4.7 17 220 M M 0 25 220
8 75 35 55 2 10 0 0.00 M M 6.3 17 340 M M 0 25 350
9 70 34 52 -1 13 0 0.00 M M 2.2 8 270 M M 0 8 14 10
10 75 35 55 3 10 0 0.00 M M 5.2 20 170 M M 0 29 170
11 72 39 56 4 9 0 T M M 8.4 21 100 M M 2 3 30 100
12 61 48 55 4 10 0 2.18 M M 11.4 26 270 M M 10 13 34 30
13 49 44 47 -4 18 0 0.13 M M 20.8 37 320 M M 10 1 55 340
14 50 45 48 -2 17 0 0.01 M M 10.7 24 330 M M 10 1 33 330
15 50 31 41 -9 24 0 T M M 7.5 15 360 M M 9 22 10
16 64 27 46 -4 19 0 0.00 M M 1.9 8 240 M M 0 12 230
17 77 32 55 6 10 0 0.00 M M 4.3 18 180 M M 0 1 25 180
18 69 45 57 9 8 0 T M M 15.4 35 320 M M 1 48 310
19 79 43 61 13 4 0 0.00 M M 9.0 28 310 M M 0 42 310
20 86 35 61 13 4 0 0.00 M M 4.5 20 320 M M 0 25 320
21 69 38 54 7 11 0 0.00 M M 6.5 14 10 M M 0 19 10
22 61 34 48 1 17 0 T M M 5.5 17 110 M M 1 3 23 120
23 77 34 56 10 9 0 0.00 M M 4.3 16 170 M M 0 22 150
24 54 46 50 4 15 0 T M M 6.9 15 340 M M 7 1 19 340
25 55 47 51 6 14 0 0.01 M M 4.7 10 80 M M 10 12 15 350
26 55 34 45 0 20 0 0.61 M M 13.0 28 320 M M 10 123 40 320
27 38 22 30 -14 35 0 0.00 M M 14.9 30 330 M M 2 40 330
28 28 25 27 -17 38 0 0.06 M M 9.1 15 340 M M 10 1 21 10
29 36 22 29 -15 36 0 0.05 M M 10.1 22 320 M M 6 1 29 320
30 47 17 32 -11 33 0 0.00 M M 11.1 30 330 M M 0 40 320
31 35 16 26 -17 39 0 0.00 M M 9.3 23 330 M M 0 33 350
================================================================================
SM 1954 1163 476 29 3.90 M 276.6 M 98
================================================================================
AV 63.0 37.5 8.9 FASTST M M 3 MAX(MPH)
MISC ----> 38 250 63 240
================================================================================
NOTES:
# LAST OF SEVERAL OCCURRENCES
COLUMN 17 PEAK WIND IN M.P.H.
PRELIMINARY LOCAL CLIMATOLOGICAL DATA (WS FORM: F-6) , PAGE 2
STATION: ORD NE
MONTH: OCTOBER
YEAR: 2023
LATITUDE: 41 37 N
LONGITUDE: 98 57 W
[TEMPERATURE DATA] [PRECIPITATION DATA] SYMBOLS USED IN COLUMN 16
AVERAGE MONTHLY: 50.3 TOTAL FOR MONTH: 3.90 1 = FOG OR MIST
DPTR FM NORMAL: 0.7 DPTR FM NORMAL: 1.99 2 = FOG REDUCING VISIBILITY
HIGHEST: 90 ON 2, 1 GRTST 24HR 2.18 ON 12-12 TO 1/4 MILE OR LESS
LOWEST: 16 ON 31 3 = THUNDER
SNOW, ICE PELLETS, HAIL 4 = ICE PELLETS
TOTAL MONTH: M 5 = HAIL
GRTST 24HR M ON M 6 = FREEZING RAIN OR DRIZZLE
GRTST DEPTH: M ON M 7 = DUSTSTORM OR SANDSTORM:
VSBY 1/2 MILE OR LESS
8 = SMOKE OR HAZE
[NO. OF DAYS WITH] [WEATHER - DAYS WITH] 9 = BLOWING SNOW
X = TORNADO
MAX 32 OR BELOW: 1 0.01 INCH OR MORE: 9
MAX 90 OR ABOVE: 2 0.10 INCH OR MORE: 4
MIN 32 OR BELOW: 10 0.50 INCH OR MORE: 3
MIN 0 OR BELOW: 0 1.00 INCH OR MORE: 1
[HDD (BASE 65) ]
TOTAL THIS MO. 476 CLEAR (SCALE 0-3) 21
DPTR FM NORMAL -9 PTCLDY (SCALE 4-7) 3
TOTAL FM JUL 1 513 CLOUDY (SCALE 8-10) 7
DPTR FM NORMAL -114
[CDD (BASE 65) ]
TOTAL THIS MO. 29
DPTR FM NORMAL 23 [PRESSURE DATA]
TOTAL FM JAN 1 1052 HIGHEST SLP 30.59 ON 31
DPTR FM NORMAL 213 LOWEST SLP 29.26 ON 12
[REMARKS] SUBSTITUTED LIQUID PRECIPITATION AMOUNT (0.06) FOR
10/28/2023 AND (0.05) FOR 10/29/2023 FROM LOCAL COOPERATIVE OBSERVER
(ORD #2, SITE 25-6336) DUE TO THE AUTOMATED GAUGE CAPTURE UNDER
REPRESENTING PRECIPITATION FROM THE SNOW EVENT.
#FINAL-10-23#