000
CXUS52 KCAE 011400
CF6OGB
PRELIMINARY LOCAL CLIMATOLOGICAL DATA (WS FORM: F-6)
STATION: ORANGEBURG AIRPORT SC
MONTH: AUGUST
YEAR: 2023
LATITUDE: 33 27 N
LONGITUDE: 80 51 W
TEMPERATURE IN F: :PCPN: SNOW: WIND :SUNSHINE: SKY :PK WND
================================================================================
1 2 3 4 5 6A 6B 7 8 9 10 11 12 13 14 15 16 17 18
12Z AVG MX 2MIN
DY MAX MIN AVG DEP HDD CDD WTR SNW DPTH SPD SPD DIR MIN PSBL S-S WX SPD DR
================================================================================
1 89 70 80 -2 0 15 0.41 M M 4.8 15 140 M M 3 13 21 60
2 87 72 80 -2 0 15 T M M 5.1 10 90 M M 2 14 100
3 83 72 78 -4 0 13 0.04 M M 3.2 9 200 M M 4 1 13 200
4 89 73 81 -1 0 16 0.45 M M 4.6 14 190 M M 7 1 19 210
5 92 72 82 0 0 17 0.00 M M 3.5 13 30 M M 1 1 17 40
6 93 73 83 1 0 18 0.57 M M 3.1 21 300 M M 3 123 36 310
7 94 72 83 1 0 18 1.11 M M 9.0 24 290 M M 4 123 38 340
8 92 73 83 1 0 18 0.02 M M 6.9 17 260 M M 2 23 260
9 90 73 82 0 0 17 0.00 M M 4.6 12 230 M M 1 16 280
10 93 73 83 1 0 18 0.00 M M 7.8 22 260 M M 0 28 240
11 86 73 80 -1 0 15 0.25 M M 3.7 35 260 M M 2 13 51 250
12 93 72 83 2 0 18 0.00 M M 2.4 15 320 M M 1 1 21 320
13 95 74 85 4 0 20 0.00 M M 3.5 13 260 M M 0 17 250
14 95 77 86 5 0 21 T M M 7.1 15 180 M M 1 13 18 180
15 97 77 87 6 0 22 0.08 M M 6.7 18 260 M M 1 3 22 260
16 89 72 81 0 0 16 0.04 M M 4.7 12 130 M M 4 13 16 140
17 90 71 81 0 0 16 0.00 M M 3.8 14 260 M M 3 1 17 270
18 91 66 79 -2 0 14 0.00 M M 4.4 14 270 M M 1 20 290
19 92 70 81 0 0 16 0.00 M M 2.9 10 20 M M 2 15 30
20 94 74 84 3 0 19 0.00 M M 2.8 12 170 M M 3 1 14 170
21 94 73 84 4 0 19 0.00 M M 2.8 10 250 M M 2 1 13 250
22 96 76 86 6 0 21 0.00 M M 3.9 13 40 M M 0 16 40
23 90 68 79 -1 0 14 0.00 M M 4.6 15 50 M M 2 1 23 60
24 92 65 79 -1 0 14 0.00 M M 3.4 10 180 M M 0 14 210
25 95 73 84 4 0 19 0.00 M M 4.3 12 80 M M 1 17 70
26 97 74 86 6 0 21 T M M 4.7 22 280 M M 1 3 29 280
27 95 73 84 4 0 19 1.34 M M 4.9 22 30 M M 3 13 28 30
28 92 73 83 3 0 18 0.00 M M 3.5 9 70 M M 4 1 12 70
29 92 75 84 5 0 19 0.02 M M 3.7 13 130 M M 3 13 16 130
30 77 73 75 -4 0 10 4.53 M M 11.4 30 30 M M 8 13 46 360
31 86 72 79 0 0 14 T M M 6.6 16 310 M M 3 26 320
================================================================================
SM 2830 2244 0 530 8.86 M 148.4 M 72
================================================================================
AV 91.3 72.4 4.8 FASTST M M 2 MAX(MPH)
MISC ----> 35 260 51 250
================================================================================
NOTES:
# LAST OF SEVERAL OCCURRENCES
COLUMN 17 PEAK WIND IN M.P.H.
PRELIMINARY LOCAL CLIMATOLOGICAL DATA (WS FORM: F-6) , PAGE 2
STATION: ORANGEBURG AIRPORT SC
MONTH: AUGUST
YEAR: 2023
LATITUDE: 33 27 N
LONGITUDE: 80 51 W
[TEMPERATURE DATA] [PRECIPITATION DATA] SYMBOLS USED IN COLUMN 16
AVERAGE MONTHLY: 81.8 TOTAL FOR MONTH: 8.86 1 = FOG OR MIST
DPTR FM NORMAL: 1.0 DPTR FM NORMAL: 4.65 2 = FOG REDUCING VISIBILITY
HIGHEST: 97 ON 26,15 GRTST 24HR 4.53 ON 30-30 TO 1/4 MILE OR LESS
LOWEST: 65 ON 24 3 = THUNDER
SNOW, ICE PELLETS, HAIL 4 = ICE PELLETS
TOTAL MONTH: M 5 = HAIL
GRTST 24HR M ON M 6 = FREEZING RAIN OR DRIZZLE
GRTST DEPTH: M ON M 7 = DUSTSTORM OR SANDSTORM:
VSBY 1/2 MILE OR LESS
8 = SMOKE OR HAZE
[NO. OF DAYS WITH] [WEATHER - DAYS WITH] 9 = BLOWING SNOW
X = TORNADO
MAX 32 OR BELOW: 0 0.01 INCH OR MORE: 12
MAX 90 OR ABOVE: 23 0.10 INCH OR MORE: 7
MIN 32 OR BELOW: 0 0.50 INCH OR MORE: 4
MIN 0 OR BELOW: 0 1.00 INCH OR MORE: 3
[HDD (BASE 65) ]
TOTAL THIS MO. 0 CLEAR (SCALE 0-3) 25
DPTR FM NORMAL 0 PTCLDY (SCALE 4-7) 6
TOTAL FM JUL 1 0 CLOUDY (SCALE 8-10) 0
DPTR FM NORMAL 0
[CDD (BASE 65) ]
TOTAL THIS MO. 530
DPTR FM NORMAL 39 [PRESSURE DATA]
TOTAL FM JAN 1 1776 HIGHEST SLP 30.20 ON 2
DPTR FM NORMAL -2 LOWEST SLP 29.39 ON 30
[REMARKS]
#FINAL-08-23#