000
CXUS54 KOUN 011435
CF6OKC
PRELIMINARY LOCAL CLIMATOLOGICAL DATA (WS FORM: F-6)
STATION: OKLAHOMA CITY
MONTH: JUNE
YEAR: 2022
LATITUDE: 35 24 N
LONGITUDE: 97 36 W
TEMPERATURE IN F: :PCPN: SNOW: WIND :SUNSHINE: SKY :PK WND
================================================================================
1 2 3 4 5 6A 6B 7 8 9 10 11 12 13 14 15 16 17 18
12Z AVG MX 2MIN
DY MAX MIN AVG DEP HDD CDD WTR SNW DPTH SPD SPD DIR MIN PSBL S-S WX SPD DR
================================================================================
1 76 61 69 -4 0 4 1.24 0.0 0 11.0 46 230 M M 9 13 57 210
2 77 59 68 -6 0 3 0.17 0.0 0 8.1 16 60 M M 8 13 18 60
3 78 62 70 -4 0 5 0.00 0.0 0 6.1 14 100 M M 8 17 110
4 83 61 72 -2 0 7 0.00 0.0 0 8.8 17 150 M M 7 22 180
5 80 67 74 0 0 9 T 0.0 0 15.0 24 140 M M 7 3 32 150
6 89 68 79 4 0 14 T 0.0 0 9.4 22 50 M M 6 25 60
7 84 68 76 1 0 11 1.42 0.0 0 9.3 23 340 M M 7 123 27 330
8 79 66 73 -2 0 8 0.23 0.0 0 8.7 28 330 M M 8 13 35 340
9 83 65 74 -2 0 9 0.00 0.0 0 8.0 16 150 M M 7 1 21 140
10 89 67 78 2 0 13 0.25 0.0 0 10.6 38 20 M M 6 13 49 10
11 94 72 83 7 0 18 0.00 0.0 0 9.7 17 180 M M 4 21 160
12 96 71 84 8 0 19 T 0.0 0 14.3 24 180 M M 3 31 180
13 94 75 85 9 0 20 0.00 0.0 0 16.8 25 200 M M 1 31 150
14 90 76 83 6 0 18 0.00 0.0 0 19.8 29 180 M M 3 38 180
15 91 76 84 7 0 19 0.00 0.0 0 17.7 26 200 M M 7 35 200
16 92 73 83 6 0 18 0.00 0.0 0 10.8 18 210 M M 5 24 170
17 94 68 81 4 0 16 0.00 0.0 0 7.8 14 180 M M 1 17 180
18 93 71 82 4 0 17 0.00 0.0 0 8.7 21 130 M M 2 25 130
19 92 71 82 4 0 17 0.00 0.0 0 12.3 18 130 M M 3 24 130
20 93 71 82 4 0 17 0.00 0.0 0 13.2 18 130 M M 1 24 170
21 96 73 85 7 0 20 0.00 0.0 0 10.0 17 130 M M 1 23 130
22 95 70 83 5 0 18 0.00 0.0 0 7.2 14 140 M M 2 19 130
23 96 70 83 5 0 18 0.00 0.0 0 9.6 20 130 M M 2 24 130
24 99 74 87 8 0 22 0.00 0.0 0 13.6 21 190 M M 1 26 210
25 99 71 85 6 0 20 0.00 0.0 0 10.9 22 200 M M 2 29 200
26 85 71 78 -1 0 13 0.00 0.0 0 17.5 31 360 M M 5 39 10
27 84 66 75 -4 0 10 0.00 0.0 0 11.3 20 60 M M 6 24 60
28 87 68 78 -1 0 13 T 0.0 0 6.3 14 90 M M 6 17 80
29 88 61 75 -5 0 10 0.00 0.0 0 5.8 15 120 M M 1 19 150
30 94 62 78 -2 0 13 0.00 0.0 0 9.2 17 200 M M 1 23 190
================================================================================
SM 2670 2054 0 419 3.31 0.0 327.5 M 130
================================================================================
AV 89.0 68.5 10.9 FASTST M M 4 MAX(MPH)
MISC ----> 46 230 57 210
================================================================================
NOTES:
# LAST OF SEVERAL OCCURRENCES
COLUMN 17 PEAK WIND IN M.P.H.
PRELIMINARY LOCAL CLIMATOLOGICAL DATA (WS FORM: F-6) , PAGE 2
STATION: OKLAHOMA CITY
MONTH: JUNE
YEAR: 2022
LATITUDE: 35 24 N
LONGITUDE: 97 36 W
[TEMPERATURE DATA] [PRECIPITATION DATA] SYMBOLS USED IN COLUMN 16
AVERAGE MONTHLY: 78.7 TOTAL FOR MONTH: 3.31 1 = FOG OR MIST
DPTR FM NORMAL: 1.8 DPTR FM NORMAL: -1.18 2 = FOG REDUCING VISIBILITY
HIGHEST: 99 ON 25,24 GRTST 24HR 1.42 ON 7- 7 TO 1/4 MILE OR LESS
LOWEST: 59 ON 2 3 = THUNDER
SNOW, ICE PELLETS, HAIL 4 = ICE PELLETS
TOTAL MONTH: 0.0 INCH 5 = HAIL
GRTST 24HR 0.0 6 = FREEZING RAIN OR DRIZZLE
GRTST DEPTH: 0 7 = DUSTSTORM OR SANDSTORM:
VSBY 1/2 MILE OR LESS
8 = SMOKE OR HAZE
[NO. OF DAYS WITH] [WEATHER - DAYS WITH] 9 = BLOWING SNOW
X = TORNADO
MAX 32 OR BELOW: 0 0.01 INCH OR MORE: 5
MAX 90 OR ABOVE: 16 0.10 INCH OR MORE: 5
MIN 32 OR BELOW: 0 0.50 INCH OR MORE: 2
MIN 0 OR BELOW: 0 1.00 INCH OR MORE: 2
[HDD (BASE 65) ]
TOTAL THIS MO. 0 CLEAR (SCALE 0-3) 14
DPTR FM NORMAL -1 PTCLDY (SCALE 4-7) 15
TOTAL FM JUL 1 3182 CLOUDY (SCALE 8-10) 1
DPTR FM NORMAL -431
[CDD (BASE 65) ]
TOTAL THIS MO. 419
DPTR FM NORMAL 63 [PRESSURE DATA]
TOTAL FM JAN 1 734 HIGHEST SLP 30.29 ON 27
DPTR FM NORMAL 182 LOWEST SLP 29.54 ON 6
[REMARKS]
#FINAL-06-22#