000
CXUS54 KOUN 011152
CF6OKC
PRELIMINARY LOCAL CLIMATOLOGICAL DATA (WS FORM: F-6)
STATION: OKLAHOMA CITY
MONTH: JULY
YEAR: 2021
LATITUDE: 35 24 N
LONGITUDE: 97 36 W
TEMPERATURE IN F: :PCPN: SNOW: WIND :SUNSHINE: SKY :PK WND
================================================================================
1 2 3 4 5 6A 6B 7 8 9 10 11 12 13 14 15 16 17 18
12Z AVG MX 2MIN
DY MAX MIN AVG DEP HDD CDD WTR SNW DPTH SPD SPD DIR MIN PSBL S-S WX SPD DR
================================================================================
1 88 70 79 -1 0 14 1.33 0.0 0 6.6 30 300 M M 8 13 39 360
2 85 72 79 -1 0 14 0.08 0.0 0 6.5 21 50 M M 8 1 24 40
3 84 68 76 -4 0 11 0.00 0.0 0 7.5 14 150 M M 4 18 150
4 85 64 75 -5 0 10 0.00 0.0 0 7.1 13 120 M M 5 1 17 110
5 87 65 76 -5 0 11 0.00 0.0 0 7.4 13 150 M M 4 17 160
6 88 66 77 -4 0 12 0.00 0.0 0 5.0 10 140 M M 4 18 160
7 92 70 81 0 0 16 0.02 0.0 0 4.5 22 340 M M 5 3 25 350
8 92 69 81 0 0 16 0.00 0.0 0 4.1 12 140 M M 3 15 150
9 89 72 81 0 0 16 0.00 0.0 0 11.6 22 210 M M 3 27 190
10 90 71 81 0 0 16 0.56 0.0 0 12.1 26 210 M M 7 13 36 200
11 84 68 76 -5 0 11 0.00 0.0 0 11.0 22 320 M M 6 27 330
12 86 63 75 -7 0 10 0.00 0.0 0 4.7 14 330 M M 2 17 330
13 91 67 79 -3 0 14 0.00 0.0 0 9.4 18 200 M M 3 23 200
14 89 69 79 -3 0 14 0.00 0.0 0 12.7 24 190 M M 5 33 200
15 89 72 81 -1 0 16 T 0.0 0 11.8 20 190 M M 7 26 190
16 91 71 81 -1 0 16 0.01 0.0 0 9.7 21 220 M M 5 3 27 230
17 92 70 81 -1 0 16 0.06 0.0 0 6.3 30 360 M M 5 13 36 350
18 93 70 82 0 0 17 0.01 0.0 0 4.4 26 140 M M 5 13 33 180
19 88 72 80 -2 0 15 0.00 0.0 0 10.3 17 50 M M 4 22 50
20 87 68 78 -4 0 13 0.00 0.0 0 9.4 17 60 M M 2 21 50
21 86 65 76 -6 0 11 0.00 0.0 0 5.8 10 120 M M 3 14 180
22 90 65 78 -4 0 13 0.00 0.0 0 7.2 14 210 M M 2 1 17 210
23 92 71 82 0 0 17 0.00 0.0 0 9.2 15 160 M M 1 1 21 190
24 95 73 84 2 0 19 0.00 0.0 0 8.4 17 200 M M 2 21 200
25 96 71 84 2 0 19 0.00 0.0 0 7.8 20 260 M M 3 26 250
26 94 71 83 1 0 18 T 0.0 0 7.0 24 20 M M 7 3 31 350
27 97 74 86 3 0 21 0.02 0.0 0 4.8 16 240 M M 6 3 18 240
28 95 72 84 1 0 19 0.00 0.0 0 7.0 14 150 M M 2 17 160
29 96 73 85 2 0 20 0.00 0.0 0 6.0 13 200 M M 2 16 190
30 96 73 85 3 0 20 0.00 0.0 0 6.0 14 180 M M 2 1 20 190
31 97 72 85 3 0 20 0.00 0.0 0 7.3 16 210 M M 2 3 19 220
================================================================================
SM 2804 2157 0 475 2.09 0.0 238.6 M 127
================================================================================
AV 90.5 69.6 7.7 FASTST M M 4 MAX(MPH)
MISC ----> # 30 300 39 360
================================================================================
NOTES:
# LAST OF SEVERAL OCCURRENCES
COLUMN 17 PEAK WIND IN M.P.H.
PRELIMINARY LOCAL CLIMATOLOGICAL DATA (WS FORM: F-6) , PAGE 2
STATION: OKLAHOMA CITY
MONTH: JULY
YEAR: 2021
LATITUDE: 35 24 N
LONGITUDE: 97 36 W
[TEMPERATURE DATA] [PRECIPITATION DATA] SYMBOLS USED IN COLUMN 16
AVERAGE MONTHLY: 80.0 TOTAL FOR MONTH: 2.09 1 = FOG OR MIST
DPTR FM NORMAL: -1.7 DPTR FM NORMAL: -1.50 2 = FOG REDUCING VISIBILITY
HIGHEST: 97 ON 31,27 GRTST 24HR 1.44 ON 30- 1 TO 1/4 MILE OR LESS
LOWEST: 63 ON 12 3 = THUNDER
SNOW, ICE PELLETS, HAIL 4 = ICE PELLETS
TOTAL MONTH: 0.0 INCH 5 = HAIL
GRTST 24HR 0.0 6 = FREEZING RAIN OR DRIZZLE
GRTST DEPTH: 0 7 = DUSTSTORM OR SANDSTORM:
VSBY 1/2 MILE OR LESS
8 = SMOKE OR HAZE
[NO. OF DAYS WITH] [WEATHER - DAYS WITH] 9 = BLOWING SNOW
X = TORNADO
MAX 32 OR BELOW: 0 0.01 INCH OR MORE: 8
MAX 90 OR ABOVE: 17 0.10 INCH OR MORE: 2
MIN 32 OR BELOW: 0 0.50 INCH OR MORE: 2
MIN 0 OR BELOW: 0 1.00 INCH OR MORE: 1
[HDD (BASE 65) ]
TOTAL THIS MO. 0 CLEAR (SCALE 0-3) 12
DPTR FM NORMAL 0 PTCLDY (SCALE 4-7) 18
TOTAL FM JUL 1 0 CLOUDY (SCALE 8-10) 1
DPTR FM NORMAL 0
[CDD (BASE 65) ]
TOTAL THIS MO. 475
DPTR FM NORMAL -43 [PRESSURE DATA]
TOTAL FM JAN 1 929 HIGHEST SLP 30.12 ON 22
DPTR FM NORMAL -141 LOWEST SLP 29.80 ON 10
[REMARKS]
#FINAL-07-21#