000
CXUS55 KGGW 010800
CF6OLF
PRELIMINARY LOCAL CLIMATOLOGICAL DATA (WS FORM: F-6)
STATION: WOLF POINT MT
MONTH: MAY
YEAR: 2020
LATITUDE: 48 5 N
LONGITUDE: 105 35 W
TEMPERATURE IN F: :PCPN: SNOW: WIND :SUNSHINE: SKY :PK WND
================================================================================
1 2 3 4 5 6A 6B 7 8 9 10 11 12 13 14 15 16 17 18
12Z AVG MX 2MIN
DY MAX MIN AVG DEP HDD CDD WTR SNW DPTH SPD SPD DIR MIN PSBL S-S WX SPD DR
================================================================================
1 67 40 54 4 11 0 0.12 M 0 15.0 30 300 M M 5 13 38 310
2 71 33 52 2 13 0 0.00 0.0 0 6.3 18 280 M M 1 8 23 280
3 73 36 55 5 10 0 0.04 M 0 11.6 24 110 M M 4 1 32 230
4 64 34 49 -1 16 0 0.00 0.0 0 12.0 21 280 M M 2 12 26 290
5 63 34 49 -2 16 0 T M 0 7.0 18 20 M M 4 22 20
6 69 30 50 -1 15 0 0.00 0.0 0 6.8 20 100 M M 0 25 120
7 64 37 51 0 14 0 0.00 0.0 0 10.4 22 90 M M 4 28 60
8 66 36 51 -1 14 0 0.08 M 0 10.1 33 340 M M 6 13 42 330
9 51 35 43 -9 22 0 0.11 M 0 10.9 26 330 M M 9 18 34 320
10 51 27 39 -13 26 0 0.00 0.0 0 4.5 14 70 M M 6 18 60
11 55 22 39 -14 26 0 0.00 0.0 0 6.2 15 70 M M 4 19 20
12 49 32 41 -12 24 0 0.02 M 0 12.5 25 110 M M 7 1 35 110
13 63 39 51 -2 14 0 0.03 M 0 7.3 15 290 M M 7 1 21 290
14 68 34 51 -3 14 0 0.00 0.0 0 7.8 17 280 M M 1 20 290
15 73 37 55 1 10 0 0.00 0.0 0 7.8 16 200 M M 2 21 200
16 74 35 55 1 10 0 0.00 0.0 0 4.2 21 190 M M 1 12 26 180
17 76 39 58 3 7 0 0.00 0.0 0 9.3 21 150 M M 0 32 150
18 79 52 66 11 0 1 0.00 0.0 0 10.4 21 120 M M 0 28 150
19 83 52 68 13 0 3 0.00 0.0 0 7.8 16 90 M M 0 8 21 40
20 85 56 71 15 0 6 0.27 0.0 0 12.8 49 250 M M 2 13 62 240
21 75 46 61 5 4 0 0.00 0.0 0 10.9 26 210 M M 0 35 190
22 73 43 58 2 7 0 0.03 M 0 8.7 17 310 M M 2 25 310
23 60 49 55 -1 10 0 0.07 M 0 4.2 14 30 M M 9 19 30
24 58 50 54 -3 11 0 0.03 0.0 0 3.2 12 10 M M 10 14 10
25 73 44 59 2 6 0 0.00 0.0 0 2.2 12 270 M M 1 13 270
26 76 48 62 5 3 0 0.01 M 0 6.8 22 280 M M 6 18 27 290
27 70 45 58 0 7 0 0.00 0.0 0 9.2 20 290 M M 4 26 270
28 72 40 56 -2 9 0 0.00 0.0 0 8.9 20 340 M M 1 8 26 290
29 73 41 57 -1 8 0 0.00 0.0 0 9.0 18 100 M M 1 24 100
30 77 43 60 1 5 0 0.00 0.0 0 11.0 21 110 M M 0 27 130
31 90 56 73 14 0 8 0.00 0.0 0 9.7 22 330 M M 0 8 31 320
================================================================================
SM 2141 1245 332 18 0.81 0.0 264.5 M 99
================================================================================
AV 69.1 40.2 8.5 FASTST M M 3 MAX(MPH)
MISC ----> # 49 250 # 62 240
================================================================================
NOTES:
# LAST OF SEVERAL OCCURRENCES
COLUMN 17 PEAK WIND IN M.P.H.
PRELIMINARY LOCAL CLIMATOLOGICAL DATA (WS FORM: F-6) , PAGE 2
STATION: WOLF POINT MT
MONTH: MAY
YEAR: 2020
LATITUDE: 48 5 N
LONGITUDE: 105 35 W
[TEMPERATURE DATA] [PRECIPITATION DATA] SYMBOLS USED IN COLUMN 16
AVERAGE MONTHLY: 54.6 TOTAL FOR MONTH: 0.81 1 = FOG OR MIST
DPTR FM NORMAL: 0.4 DPTR FM NORMAL: -0.97 2 = FOG REDUCING VISIBILITY
HIGHEST: 90 ON 31 GRTST 24HR 0.27 ON 20-20 TO 1/4 MILE OR LESS
LOWEST: 22 ON 11 3 = THUNDER
SNOW, ICE PELLETS, HAIL 4 = ICE PELLETS
TOTAL MONTH: 0.0 INCH 5 = HAIL
GRTST 24HR 0.0 6 = FREEZING RAIN OR DRIZZLE
GRTST DEPTH: 0 7 = DUSTSTORM OR SANDSTORM:
VSBY 1/2 MILE OR LESS
8 = SMOKE OR HAZE
[NO. OF DAYS WITH] [WEATHER - DAYS WITH] 9 = BLOWING SNOW
X = TORNADO
MAX 32 OR BELOW: 0 0.01 INCH OR MORE: 11
MAX 90 OR ABOVE: 1 0.10 INCH OR MORE: 3
MIN 32 OR BELOW: 4 0.50 INCH OR MORE: 0
MIN 0 OR BELOW: 0 1.00 INCH OR MORE: 0
[HDD (BASE 65) ]
TOTAL THIS MO. 332 CLEAR (SCALE 0-3) 17
DPTR FM NORMAL -10 PTCLDY (SCALE 4-7) 11
TOTAL FM JUL 1 8391 CLOUDY (SCALE 8-10) 3
DPTR FM NORMAL -276
[CDD (BASE 65) ]
TOTAL THIS MO. 18
DPTR FM NORMAL 9 [PRESSURE DATA]
TOTAL FM JAN 1 18 HIGHEST SLP M ON M
DPTR FM NORMAL 9 LOWEST SLP 29.34 ON 20
[REMARKS]
#FINAL-05-20#