000
CXUS55 KSEW 010930
CF6OLM
PRELIMINARY LOCAL CLIMATOLOGICAL DATA (WS FORM: F-6)
STATION: OLYMPIA WA AIRPORT
MONTH: OCTOBER
YEAR: 2021
LATITUDE: 46 58 N
LONGITUDE: 122 54 W
TEMPERATURE IN F: :PCPN: SNOW: WIND :SUNSHINE: SKY :PK WND
================================================================================
1 2 3 4 5 6A 6B 7 8 9 10 11 12 13 14 15 16 17 18
12Z AVG MX 2MIN
DY MAX MIN AVG DEP HDD CDD WTR SNW DPTH SPD SPD DIR MIN PSBL S-S WX SPD DR
================================================================================
1 65 41 53 -2 12 0 0.01 M M 4.0 13 30 M M 5 1 17 10
2 69 37 53 -2 12 0 0.00 M M 4.4 12 220 M M 2 12 17 230
3 61 49 55 1 10 0 0.00 M M 5.5 10 10 M M 10 18 15 180
4 62 48 55 1 10 0 0.00 M M 2.2 8 10 M M 6 11 360
5 58 40 49 -5 16 0 0.09 M M 4.9 17 200 M M 8 1 24 200
6 59 38 49 -4 16 0 0.13 M M 6.6 16 190 M M 7 1 22 180
7 59 33 46 -7 19 0 0.00 M M 2.5 12 20 M M 5 1 18 10
8 62 33 48 -5 17 0 0.00 M M 2.7 9 210 M M 4 1 13 230
9 59 36 48 -4 17 0 0.16 M M 7.1 17 210 M M 9 1 24 190
10 58 37 48 -4 17 0 0.02 M M 7.8 17 290 M M 5 1 26 280
11 56 32 44 -8 21 0 0.02 M M 2.3 10 20 M M 6 1 14 20
12 51 29 40 -11 25 0 0.21 M M 7.5 17 160 M M 7 1 24 150
13 54 32 43 -8 22 0 0.01 M M 4.6 12 200 M M 7 12 16 210
14 58 47 53 2 12 0 0.12 M M 8.1 17 190 M M 10 1 23 190
15 63 51 57 7 8 0 0.01 M M 6.6 16 200 M M 9 1 22 220
16 67 53 60 10 5 0 0.00 M M 9.5 21 190 M M 9 29 180
17 55 48 52 2 13 0 0.04 M M 3.6 9 190 M M 9 1 12 210
18 53 38 46 -4 19 0 0.00 M M 1.9 6 170 M M 9 12 7 260
19 56 36 46 -3 19 0 0.00 M M 1.6 8 10 M M 5 12 10 10
20 60 46 53 4 12 0 0.17 M M 6.9 23 180 M M 8 1 36 170
21 59 46 53 4 12 0 0.67 M M 4.2 17 260 M M 8 1 28 260
22 57 44 51 3 14 0 0.04 M M 6.5 15 180 M M 6 1 21 170
23 57 46 52 4 13 0 0.14 M M 6.7 18 200 M M 10 1 28 190
24 56 49 53 5 12 0 0.22 M M 10.4 25 180 M M 8 1 40 170
25 55 49 52 4 13 0 0.73 M M 16.7 32 180 M M 7 1 51 170
26 57 48 53 5 12 0 0.36 M M 12.3 25 200 M M 10 1 38 180
27 55 45 50 3 15 0 0.69 M M 5.1 20 300 M M 9 1 30 290
28 61 49 55 8 10 0 1.23 M M 10.7 21 180 M M 10 1 31 180
29 56 39 48 1 17 0 0.32 M M 4.1 10 30 M M 6 1 14 40
30 56 29 43 -4 22 0 0.00 M M 4.6 17 60 M M 0 1 26 10
31 61 26 44 -2 21 0 0.00 M M 1.5 7 110 M M 0 1 10 20
================================================================================
SM 1815 1274 463 0 5.39 M 183.1 M 214
================================================================================
AV 58.5 41.1 5.9 FASTST M M 7 MAX(MPH)
MISC ----> 32 180 51 170
================================================================================
NOTES:
# LAST OF SEVERAL OCCURRENCES
COLUMN 17 PEAK WIND IN M.P.H.
PRELIMINARY LOCAL CLIMATOLOGICAL DATA (WS FORM: F-6) , PAGE 2
STATION: OLYMPIA WA AIRPORT
MONTH: OCTOBER
YEAR: 2021
LATITUDE: 46 58 N
LONGITUDE: 122 54 W
[TEMPERATURE DATA] [PRECIPITATION DATA] SYMBOLS USED IN COLUMN 16
AVERAGE MONTHLY: 49.8 TOTAL FOR MONTH: 5.39 1 = FOG OR MIST
DPTR FM NORMAL: -0.5 DPTR FM NORMAL: 0.32 2 = FOG REDUCING VISIBILITY
HIGHEST: 69 ON 2 GRTST 24HR 1.42 ON 27-28 TO 1/4 MILE OR LESS
LOWEST: 26 ON 31 3 = THUNDER
SNOW, ICE PELLETS, HAIL 4 = ICE PELLETS
TOTAL MONTH: M 5 = HAIL
GRTST 24HR M ON M 6 = FREEZING RAIN OR DRIZZLE
GRTST DEPTH: M ON M 7 = DUSTSTORM OR SANDSTORM:
VSBY 1/2 MILE OR LESS
8 = SMOKE OR HAZE
[NO. OF DAYS WITH] [WEATHER - DAYS WITH] 9 = BLOWING SNOW
X = TORNADO
MAX 32 OR BELOW: 0 0.01 INCH OR MORE: 21
MAX 90 OR ABOVE: 0 0.10 INCH OR MORE: 13
MIN 32 OR BELOW: 5 0.50 INCH OR MORE: 4
MIN 0 OR BELOW: 0 1.00 INCH OR MORE: 1
[HDD (BASE 65) ]
TOTAL THIS MO. 463 CLEAR (SCALE 0-3) 3
DPTR FM NORMAL 9 PTCLDY (SCALE 4-7) 16
TOTAL FM JUL 1 710 CLOUDY (SCALE 8-10) 12
DPTR FM NORMAL -66
[CDD (BASE 65) ]
TOTAL THIS MO. 0
DPTR FM NORMAL 0 [PRESSURE DATA]
TOTAL FM JAN 1 248 HIGHEST SLP M ON M
DPTR FM NORMAL 135 LOWEST SLP 29.02 ON 24
[REMARKS]
#FINAL-10-21#