000
CXUS55 KSEW 010930
CF6OLM
PRELIMINARY LOCAL CLIMATOLOGICAL DATA (WS FORM: F-6)
STATION: OLYMPIA WA AIRPORT
MONTH: JULY
YEAR: 2021
LATITUDE: 46 58 N
LONGITUDE: 122 54 W
TEMPERATURE IN F: :PCPN: SNOW: WIND :SUNSHINE: SKY :PK WND
================================================================================
1 2 3 4 5 6A 6B 7 8 9 10 11 12 13 14 15 16 17 18
12Z AVG MX 2MIN
DY MAX MIN AVG DEP HDD CDD WTR SNW DPTH SPD SPD DIR MIN PSBL S-S WX SPD DR
================================================================================
1 71 57 64 2 1 0 0.00 M M 5.5 10 210 M M 9 14 210
2 80 52 66 4 0 1 0.00 M M 3.1 10 350 M M 4 1 14 350
3 83 53 68 6 0 3 0.00 M M 3.8 12 340 M M 3 1 16 330
4 80 54 67 5 0 2 0.00 M M 4.6 12 200 M M 4 16 170
5 76 52 64 2 1 0 0.00 M M 5.0 10 30 M M 5 1 15 350
6 84 51 68 5 0 3 0.00 M M 3.4 10 20 M M 4 1 15 60
7 70 49 60 -3 5 0 0.00 M M 9.5 18 270 M M 4 28 210
8 77 49 63 0 2 0 0.00 M M 4.1 10 180 M M 4 15 210
9 84 46 65 2 0 0 0.00 M M 3.3 12 340 M M 1 1 16 330
10 82 52 67 3 0 2 0.00 M M 3.9 10 350 M M 3 15 30
11 83 50 67 3 0 2 0.00 M M 3.3 10 20 M M 3 14 30
12 82 49 66 2 0 1 0.00 M M 4.3 10 10 M M 2 12 17 310
13 81 49 65 1 0 0 0.00 M M 4.0 9 190 M M 3 15 50
14 74 51 63 -1 2 0 0.00 M M 5.6 14 200 M M 4 1 18 210
15 74 53 64 0 1 0 0.00 M M 6.7 14 220 M M 6 19 200
16 70 48 59 -5 6 0 0.00 M M 6.5 16 260 M M 7 1 21 260
17 76 49 63 -2 2 0 0.00 M M 4.0 12 320 M M 6 1 18 330
18 82 47 65 0 0 0 0.00 M M 2.9 12 10 M M 1 1 18 40
19 83 47 65 0 0 0 0.00 M M 4.6 14 220 M M 0 22 210
20 75 50 63 -2 2 0 0.00 M M 5.6 12 310 M M 4 17 260
21 73 45 59 -6 6 0 0.00 M M 5.1 16 240 M M 3 1 22 240
22 79 43 61 -4 4 0 0.00 M M 3.0 10 320 M M 0 1 15 310
23 82 47 65 0 0 0 0.00 M M 3.2 14 10 M M 0 17 360
24 87 51 69 4 0 4 0.00 M M 3.3 13 40 M M 0 1 17 30
25 87 54 71 6 0 6 0.00 M M 3.4 12 320 M M 0 22 320
26 85 52 69 4 0 4 0.00 M M 3.5 10 350 M M 2 1 15 40
27 85 53 69 4 0 4 0.00 M M 3.6 14 290 M M 2 12 19 300
28 89 50 70 4 0 5 0.00 M M 2.3 9 20 M M 0 14 360
29 92 52 72 6 0 7 0.00 M M 4.4 13 60 M M 0 19 60
30 93 54 74 8 0 9 0.00 M M 4.4 14 10 M M 0 20 20
31 74 65 70 4 0 5 T M M 4.3 14 350 M M 0 18 350
================================================================================
SM 2493 1574 32 58 T M 134.2 M 84
================================================================================
AV 80.4 50.8 4.3 FASTST M M 3 MAX(MPH)
MISC ----> 18 270 28 210
================================================================================
NOTES:
# LAST OF SEVERAL OCCURRENCES
COLUMN 17 PEAK WIND IN M.P.H.
PRELIMINARY LOCAL CLIMATOLOGICAL DATA (WS FORM: F-6) , PAGE 2
STATION: OLYMPIA WA AIRPORT
MONTH: JULY
YEAR: 2021
LATITUDE: 46 58 N
LONGITUDE: 122 54 W
[TEMPERATURE DATA] [PRECIPITATION DATA] SYMBOLS USED IN COLUMN 16
AVERAGE MONTHLY: 65.6 TOTAL FOR MONTH: T 1 = FOG OR MIST
DPTR FM NORMAL: 1.4 DPTR FM NORMAL: -0.53 2 = FOG REDUCING VISIBILITY
HIGHEST: 93 ON 30 GRTST 24HR T ON 31-31 TO 1/4 MILE OR LESS
LOWEST: 43 ON 22 3 = THUNDER
SNOW, ICE PELLETS, HAIL 4 = ICE PELLETS
TOTAL MONTH: M 5 = HAIL
GRTST 24HR M ON M 6 = FREEZING RAIN OR DRIZZLE
GRTST DEPTH: M ON M 7 = DUSTSTORM OR SANDSTORM:
VSBY 1/2 MILE OR LESS
8 = SMOKE OR HAZE
[NO. OF DAYS WITH] [WEATHER - DAYS WITH] 9 = BLOWING SNOW
X = TORNADO
MAX 32 OR BELOW: 0 0.01 INCH OR MORE: 0
MAX 90 OR ABOVE: 2 0.10 INCH OR MORE: 0
MIN 32 OR BELOW: 0 0.50 INCH OR MORE: 0
MIN 0 OR BELOW: 0 1.00 INCH OR MORE: 0
[HDD (BASE 65) ]
TOTAL THIS MO. 32 CLEAR (SCALE 0-3) 17
DPTR FM NORMAL -41 PTCLDY (SCALE 4-7) 13
TOTAL FM JUL 1 32 CLOUDY (SCALE 8-10) 1
DPTR FM NORMAL -44
[CDD (BASE 65) ]
TOTAL THIS MO. 58
DPTR FM NORMAL 11 [PRESSURE DATA]
TOTAL FM JAN 1 156 HIGHEST SLP M ON M
DPTR FM NORMAL 95 LOWEST SLP 29.89 ON 6
[REMARKS]
#FINAL-07-21#