000
CXUS53 KARX 011000
CF6OLZ
PRELIMINARY LOCAL CLIMATOLOGICAL DATA (WS FORM: F-6)
STATION: OELWEIN IA
MONTH: FEBRUARY
YEAR: 2024
LATITUDE: 42 40 N
LONGITUDE: 91 58 W
TEMPERATURE IN F: :PCPN: SNOW: WIND :SUNSHINE: SKY :PK WND
================================================================================
1 2 3 4 5 6A 6B 7 8 9 10 11 12 13 14 15 16 17 18
12Z AVG MX 2MIN
DY MAX MIN AVG DEP HDD CDD WTR SNW DPTH SPD SPD DIR MIN PSBL S-S WX SPD DR
================================================================================
1 54 30 42 M 23 0 0.00 0.0 M 6.3 14 190 M M 0 1 12 360
2 34 30 32 M 33 0 0.00 0.0 0 13.0 18 120 M M 7 24 100
3 36 30 33 M 32 0 0.00 0.0 0 12.8 17 110 M M 6 1 23 130
4 50 28 39 M 26 0 0.00 0.0 0 9.3 14 60 M M 0 20 60
5 52 28 40 M 25 0 0.00 0.0 0 5.4 8 120 M M 0 13 50
6 52 27 40 M 25 0 0.00 0.0 0 8.3 14 180 M M 0 1 M M
7 48 34 41 M 24 0 0.00 0.0 0 14.9 20 150 M M 3 1 27 140
8 61 39 50 M 15 0 0.00 0.0 0 20.5 29 270 M M 7 37 190
9 37 30 34 M 31 0 0.00 0.0 0 14.5 20 270 M M 10 27 300
10 39 28 34 M 31 0 0.00 0.0 0 15.0 22 320 M M 8 37 310
11 39 23 31 M 34 0 0.00 0.0 0 7.9 13 290 M M 6 17 340
12 48 19 34 M 31 0 0.00 0.0 0 8.9 17 310 M M 0 25 330
13 43 19 31 M 34 0 0.00 0.0 0 3.1 7 360 M M 1 14 99
14 46 23 35 M 30 0 0.02 0.0 0 9.4 16 170 M M 5 1 21 120
15 36 25 31 M 34 0 0.05 M M 14.8 24 330 M M 6 1 33 340
16 25 9 17 M 48 0 0.00 0.0 0 17.0 32 310 M M 4 35 310
17 30 7 19 M 46 0 0.00 0.0 0 16.4 28 250 M M 0 37 250
18 45 18 32 M 33 0 M M M 11.1 16 320 M M 0 23 310
19 52 16 34 M 31 0 0.00 0.0 M 7.7 13 200 M M 0 15 170
20 55 28 42 M 23 0 0.00 0.0 0 10.5 14 240 M M 2 22 230
21 57 32 45 M 20 0 0.00 0.0 0 6.6 13 180 M M 4 M M
22 63 30 47 M 18 0 0.00 0.0 0 11.2 21 310 M M 1 27 310
23 50 21 36 M 29 0 M M M 13.0 23 340 M M 4 1 30 340
24 43 10 27 M 38 0 0.00 0.0 M 10.8 18 190 M M 0 21 190
25 59 25 42 M 23 0 0.00 0.0 0 9.2 14 310 M M 1 17 330
26 75 32 54 M 11 0 0.00 M M 15.5 28 200 M M 0 39 200
27 66 16 41 M 24 0 M M M 16.1 35 320 M M 3 44 320
28 23 5 14 M 51 0 M M M 18.2 31 320 M M 2 39 310
29 54 9 32 M 33 0 M M M 16.2 28 200 M M 0 35 170
================================================================================
SM 1372 671 856 0 0.07 0.0 343.6 M 80
================================================================================
AV 47.3 23.1 11.8 FASTST M M 3 MAX(MPH)
MISC ----> 35 320 44 320
================================================================================
NOTES:
# LAST OF SEVERAL OCCURRENCES
COLUMN 17 PEAK WIND IN M.P.H.
PRELIMINARY LOCAL CLIMATOLOGICAL DATA (WS FORM: F-6) , PAGE 2
STATION: OELWEIN IA
MONTH: FEBRUARY
YEAR: 2024
LATITUDE: 42 40 N
LONGITUDE: 91 58 W
[TEMPERATURE DATA] [PRECIPITATION DATA] SYMBOLS USED IN COLUMN 16
AVERAGE MONTHLY: 35.2 TOTAL FOR MONTH: 0.07 1 = FOG OR MIST
DPTR FM NORMAL: 0.0 DPTR FM NORMAL: M 2 = FOG REDUCING VISIBILITY
HIGHEST: 75 ON 26 GRTST 24HR 0.05 ON 15-15 TO 1/4 MILE OR LESS
LOWEST: 5 ON 28 3 = THUNDER
SNOW, ICE PELLETS, HAIL 4 = ICE PELLETS
TOTAL MONTH: 0.0 INCH 5 = HAIL
GRTST 24HR 0.0 6 = FREEZING RAIN OR DRIZZLE
GRTST DEPTH: 0 7 = DUSTSTORM OR SANDSTORM:
VSBY 1/2 MILE OR LESS
8 = SMOKE OR HAZE
[NO. OF DAYS WITH] [WEATHER - DAYS WITH] 9 = BLOWING SNOW
X = TORNADO
MAX 32 OR BELOW: 3 0.01 INCH OR MORE: 2
MAX 90 OR ABOVE: 0 0.10 INCH OR MORE: 0
MIN 32 OR BELOW: 27 0.50 INCH OR MORE: 0
MIN 0 OR BELOW: 0 1.00 INCH OR MORE: 0
[HDD (BASE 65) ]
TOTAL THIS MO. 856 CLEAR (SCALE 0-3) 18
DPTR FM NORMAL M PTCLDY (SCALE 4-7) 10
TOTAL FM JUL 1 4514 CLOUDY (SCALE 8-10) 1
DPTR FM NORMAL M
[CDD (BASE 65) ]
TOTAL THIS MO. 0
DPTR FM NORMAL M [PRESSURE DATA]
TOTAL FM JAN 1 0 HIGHEST SLP M ON M
DPTR FM NORMAL M LOWEST SLP M ON M
[REMARKS]
#FINAL-02-24#