000
CXUS53 KARX 010930
CF6OLZ
PRELIMINARY LOCAL CLIMATOLOGICAL DATA (WS FORM: F-6)
STATION: OELWEIN IA
MONTH: MAY
YEAR: 2020
LATITUDE: 42 40 N
LONGITUDE: 91 58 W
TEMPERATURE IN F: :PCPN: SNOW: WIND :SUNSHINE: SKY :PK WND
================================================================================
1 2 3 4 5 6A 6B 7 8 9 10 11 12 13 14 15 16 17 18
12Z AVG MX 2MIN
DY MAX MIN AVG DEP HDD CDD WTR SNW DPTH SPD SPD DIR MIN PSBL S-S WX SPD DR
================================================================================
1 75 43 59 M 6 0 0.00 0.0 0 14.6 23 170 M M 1 32 180
2 73 48 61 M 4 0 0.00 0.0 0 11.5 20 300 M M 1 28 320
3 77 43 60 M 5 0 0.00 0.0 0 10.9 23 330 M M 0 37 300
4 59 41 50 M 15 0 0.00 0.0 0 12.4 20 100 M M 2 25 100
5 48 37 43 M 22 0 0.35 0.0 0 10.7 15 80 M M 7 1 18 110
6 61 39 50 M 15 0 0.00 0.0 0 10.5 17 290 M M 3 1 18 310
7 63 37 50 M 15 0 0.00 0.0 0 11.4 20 300 M M 2 28 300
8 52 36 44 M 21 0 0.00 0.0 0 14.3 23 330 M M 0 37 330
9 66 28 47 M 18 0 0.00 0.0 0 10.4 31 290 M M 3 38 290
10 48 39 44 M 21 0 0.01 0.0 0 18.5 28 330 M M 9 1 36 340
11 52 36 44 M 21 0 0.00 0.0 0 9.4 16 330 M M 8 20 310
12 61 32 47 M 18 0 0.00 0.0 0 4.9 8 340 M M 2 15 99
13 63 41 52 M 13 0 0.57 0.0 0 16.9 30 140 M M 6 1 37 140
14 66 52 59 M 6 0 0.74 0.0 0 7.1 21 170 M M 10 12 27 170
15 72 50 61 M 4 0 0.00 0.0 0 7.8 13 350 M M 1 2 18 350
16 73 50 62 M 3 0 0.00 0.0 0 13.5 21 130 M M 4 29 110
17 59 52 56 M 9 0 0.92 0.0 0 13.7 21 110 M M 9 1 28 110
18 57 50 54 M 11 0 0.00 0.0 0 15.4 20 40 M M 10 1 27 40
19 61 50 56 M 9 0 0.00 0.0 0 12.4 16 60 M M 10 22 50
20 66 54 60 M 5 0 0.00 0.0 0 12.2 20 110 M M 9 1 24 120
21 61 55 58 M 7 0 0.00 0.0 0 10.2 17 120 M M 10 1 23 110
22 68 55 62 M 3 0 0.00 0.0 0 10.0 17 140 M M 10 1 M M
23 70 59 65 M 0 0 0.09 0.0 0 11.2 20 120 M M 7 12 27 100
24 81 55 68 M 0 3 0.02 0.0 0 7.1 23 140 M M 4 12 22 160
25 84 63 74 M 0 9 0.12 0.0 0 11.0 17 190 M M 7 24 170
26 86 64 75 M 0 10 0.00 0.0 0 14.3 29 150 M M 3 36 150
27 81 64 73 M 0 8 0.00 0.0 0 8.4 15 150 M M 6 16 170
28 72 59 66 M 0 1 1.17 0.0 0 9.3 18 10 M M 5 1 31 10
29 66 52 59 M 6 0 0.00 0.0 0 12.7 23 320 M M 4 27 320
30 70 48 59 M 6 0 0.00 0.0 0 8.6 16 350 M M 1 23 350
31 75 48 62 M 3 0 0.00 0.0 0 8.0 14 160 M M 3 13 180
================================================================================
SM 2066 1480 266 31 3.99 0.0 349.3 M 157
================================================================================
AV 66.7 47.7 11.3 FASTST M M 5 MAX(MPH)
MISC ----> # 31 290 # 38 290
================================================================================
NOTES:
# LAST OF SEVERAL OCCURRENCES
COLUMN 17 PEAK WIND IN M.P.H.
PRELIMINARY LOCAL CLIMATOLOGICAL DATA (WS FORM: F-6) , PAGE 2
STATION: OELWEIN IA
MONTH: MAY
YEAR: 2020
LATITUDE: 42 40 N
LONGITUDE: 91 58 W
[TEMPERATURE DATA] [PRECIPITATION DATA] SYMBOLS USED IN COLUMN 16
AVERAGE MONTHLY: 57.2 TOTAL FOR MONTH: 3.99 1 = FOG OR MIST
DPTR FM NORMAL: M DPTR FM NORMAL: M 2 = FOG REDUCING VISIBILITY
HIGHEST: 86 ON 26 GRTST 24HR 1.17 ON 28-28 TO 1/4 MILE OR LESS
LOWEST: 28 ON 9 3 = THUNDER
SNOW, ICE PELLETS, HAIL 4 = ICE PELLETS
TOTAL MONTH: 0.0 INCH 5 = HAIL
GRTST 24HR 0.0 6 = FREEZING RAIN OR DRIZZLE
GRTST DEPTH: 0 7 = DUSTSTORM OR SANDSTORM:
VSBY 1/2 MILE OR LESS
8 = SMOKE OR HAZE
[NO. OF DAYS WITH] [WEATHER - DAYS WITH] 9 = BLOWING SNOW
X = TORNADO
MAX 32 OR BELOW: 0 0.01 INCH OR MORE: 9
MAX 90 OR ABOVE: 0 0.10 INCH OR MORE: 6
MIN 32 OR BELOW: 2 0.50 INCH OR MORE: 4
MIN 0 OR BELOW: 0 1.00 INCH OR MORE: 1
[HDD (BASE 65) ]
TOTAL THIS MO. 266 CLEAR (SCALE 0-3) 13
DPTR FM NORMAL M PTCLDY (SCALE 4-7) 10
TOTAL FM JUL 1 7115 CLOUDY (SCALE 8-10) 8
DPTR FM NORMAL M
[CDD (BASE 65) ]
TOTAL THIS MO. 31
DPTR FM NORMAL M [PRESSURE DATA]
TOTAL FM JAN 1 31 HIGHEST SLP M ON M
DPTR FM NORMAL M LOWEST SLP M ON M
[REMARKS]
#FINAL-05-20#