000
CXUS53 KOAX 190930
CF6OMA
PRELIMINARY LOCAL CLIMATOLOGICAL DATA (WS FORM: F-6)
STATION: OMAHA NE
MONTH: APRIL
YEAR: 2024
LATITUDE: 41 17 N
LONGITUDE: 95 54 W
TEMPERATURE IN F: :PCPN: SNOW: WIND :SUNSHINE: SKY :PK WND
================================================================================
1 2 3 4 5 6A 6B 7 8 9 10 11 12 13 14 15 16 17 18
12Z AVG MX 2MIN
DY MAX MIN AVG DEP HDD CDD WTR SNW DPTH SPD SPD DIR MIN PSBL S-S WX SPD DR
================================================================================
1 48 40 44 -4 21 0 0.02 0.0 0 12.2 21 20 M M 10 1 27 80
2 57 37 47 -1 18 0 0.01 0.0 0 19.1 31 360 M M 8 1 42 330
3 55 34 45 -3 20 0 T T 0 22.5 37 350 M M 5 1 49 340
4 60 26 43 -6 22 0 0.00 0.0 0 10.3 24 340 M M 0 32 340
5 62 30 46 -3 19 0 0.00 0.0 0 12.1 22 120 M M 6 37 130
6 68 40 54 4 11 0 T 0.0 0 25.8 41 130 M M 4 56 120
7 63 48 56 6 9 0 0.00 0.0 0 18.2 32 210 M M 7 46 210
8 66 41 54 4 11 0 0.00 0.0 0 11.6 24 240 M M 3 34 240
9 69 35 52 2 13 0 0.00 0.0 0 6.8 18 290 M M 3 28 280
10 75 42 59 8 6 0 0.00 0.0 0 11.5 33 330 M M 4 44 320
11 62 43 53 2 12 0 0.00 0.0 0 21.2 39 340 M M 2 53 300
12 69 33 51 -1 14 0 0.00 0.0 0 6.6 16 340 M M 1 8 23 320
13 86 48 67 15 0 2 0.00 0.0 0 11.8 24 180 M M 3 33 190
14 88 51 70 18 0 5 0.00 0.0 0 9.2 23 30 M M 1 29 30
15 85 53 69 17 0 4 0.03 0.0 0 19.8 33 130 M M 2 3 43 120
16 77 54 66 13 0 1 0.35 0.0 0 20.9 38 220 M M 9 13 56 220
17 69 51 60 7 5 0 0.02 0.0 0 13.6 30 300 M M 8 3 42 300
18 58 37 48 -5 17 0 0.23 0.0 0 16.3 26 320 M M 7 13 35 340
================================================================================
SM 1217 743 198 12 0.66 T 269.5 M 83
================================================================================
AV 67.6 41.3 15.0 FASTST M M 5 MAX(MPH)
MISC ----> 41 130 # 56 120
================================================================================
NOTES:
# LAST OF SEVERAL OCCURRENCES
COLUMN 17 PEAK WIND IN M.P.H.
PRELIMINARY LOCAL CLIMATOLOGICAL DATA (WS FORM: F-6) , PAGE 2
STATION: OMAHA NE
MONTH: APRIL
YEAR: 2024
LATITUDE: 41 17 N
LONGITUDE: 95 54 W
[TEMPERATURE DATA] [PRECIPITATION DATA] SYMBOLS USED IN COLUMN 16
AVERAGE MONTHLY: 54.4 TOTAL FOR MONTH: 0.66 1 = FOG OR MIST
DPTR FM NORMAL: 3.8 DPTR FM NORMAL: -1.03 2 = FOG REDUCING VISIBILITY
HIGHEST: 88 ON 14 GRTST 24HR 0.38 ON 15-16 TO 1/4 MILE OR LESS
LOWEST: 26 ON 4 3 = THUNDER
SNOW, ICE PELLETS, HAIL 4 = ICE PELLETS
TOTAL MONTH: T 5 = HAIL
GRTST 24HR T ON 3- 3 6 = FREEZING RAIN OR DRIZZLE
GRTST DEPTH: 0 7 = DUSTSTORM OR SANDSTORM:
VSBY 1/2 MILE OR LESS
8 = SMOKE OR HAZE
[NO. OF DAYS WITH] [WEATHER - DAYS WITH] 9 = BLOWING SNOW
X = TORNADO
MAX 32 OR BELOW: 0 0.01 INCH OR MORE: 6
MAX 90 OR ABOVE: 0 0.10 INCH OR MORE: 2
MIN 32 OR BELOW: 2 0.50 INCH OR MORE: 0
MIN 0 OR BELOW: 0 1.00 INCH OR MORE: 0
[HDD (BASE 65) ]
TOTAL THIS MO. 198 CLEAR (SCALE 0-3) 7
DPTR FM NORMAL -68 PTCLDY (SCALE 4-7) 9
TOTAL FM JUL 1 4938 CLOUDY (SCALE 8-10) 2
DPTR FM NORMAL -631
[CDD (BASE 65) ]
TOTAL THIS MO. 12
DPTR FM NORMAL 12 [PRESSURE DATA]
TOTAL FM JAN 1 12 HIGHEST SLP M ON M
DPTR FM NORMAL 10 LOWEST SLP 29.24 ON 16
[REMARKS]