000
CXUS53 KOAX 171812
CF6OMA
PRELIMINARY LOCAL CLIMATOLOGICAL DATA (WS FORM: F-6)
STATION: OMAHA NE
MONTH: JANUARY
YEAR: 2023
LATITUDE: 41 17 N
LONGITUDE: 95 54 W
TEMPERATURE IN F: :PCPN: SNOW: WIND :SUNSHINE: SKY :PK WND
================================================================================
1 2 3 4 5 6A 6B 7 8 9 10 11 12 13 14 15 16 17 18
12Z AVG MX 2MIN
DY MAX MIN AVG DEP HDD CDD WTR SNW DPTH SPD SPD DIR MIN PSBL S-S WX SPD DR
================================================================================
1 43 26 35 10 30 0 0.00 0.0 0 5.9 12 360 M M 8 15 10
2 37 30 34 9 31 0 0.35 0.0 0 9.0 20 10 M M 10 1 31 50
3 35 27 31 6 34 0 0.18 T 0 10.0 30 70 M M 10 134 45 70
4 30 27 29 4 36 0 0.02 0.4 T 15.5 23 300 M M 10 16 30 300
5 34 22 28 4 37 0 T T T 10.6 24 320 M M 5 30 340
6 42 19 31 7 34 0 0.00 0.0 0 3.4 12 90 M M 5 14 80
7 27 16 22 -2 43 0 0.00 0.0 0 7.5 14 350 M M 7 17 350
8 43 14 29 5 36 0 0.00 0.0 0 6.1 12 210 M M 1 1 16 190
9 50 25 38 14 27 0 0.00 0.0 0 6.9 15 140 M M 4 17 140
10 46 23 35 11 30 0 0.00 0.0 0 4.5 20 150 M M 6 25 150
11 35 24 30 6 35 0 0.00 0.0 0 12.7 29 350 M M 7 1 37 350
12 27 20 24 0 41 0 T T 0 19.3 31 350 M M 10 41 340
13 26 15 21 -3 44 0 T T 0 8.2 18 360 M M 9 158 26 350
14 42 20 31 7 34 0 0.00 0.0 0 15.2 23 160 M M 8 30 170
15 46 29 38 14 27 0 T 0.0 0 12.1 22 180 M M 7 32 170
16 49 35 42 18 23 0 0.02 0.0 0 11.8 21 290 M M 10 1 28 300
17 40 27 34 10 31 0 0.00 0.0 0 9.3 20 310 M M 7 25 310
18 34 29 32 8 33 0 0.52 0.8 1 10.2 29 70 M M 10 146 43 60
19 32 26 29 5 36 0 0.06 0.8 1 15.3 25 300 M M 10 1 33 300
20 33 23 28 4 37 0 0.00 0.0 1 6.6 18 320 M M 10 1 22 320
21 32 20 26 2 39 0 0.00 0.0 1 2.5 7 330 M M 10 18 10 240
22 26 18 22 -2 43 0 0.00 0.0 1 7.0 15 340 M M 10 12 19 360
23 35 14 25 1 40 0 0.00 0.0 1 6.0 12 160 M M 9 1 15 160
24 36 24 30 6 35 0 0.00 0.0 1 4.3 15 200 M M 8 1 22 190
25 31 10 21 -3 44 0 T T T 13.6 28 340 M M 8 1 36 340
26 30 9 20 -4 45 0 0.00 0.0 T 9.9 20 180 M M 5 8 27 190
27 41 25 33 8 32 0 T T 0 12.4 39 320 M M 7 52 310
28 27 5 16 -9 49 0 0.07 0.8 1 16.1 28 350 M M 10 19 38 340
29 8 0 4 -21 61 0 T T 1 14.8 26 340 M M 9 37 350
30 12 0 6 -19 59 0 0.00 0.0 1 7.8 17 350 M M 4 22 350
31 27 1 14 -11 51 0 0.00 0.0 1 8.7 15 220 M M 3 19 230
================================================================================
SM 1056 603 1177 0 1.22 2.8 303.2 M 237
================================================================================
AV 34.1 19.5 9.8 FASTST M M 8 MAX(MPH)
MISC ----> 39 320 52 310
================================================================================
NOTES:
# LAST OF SEVERAL OCCURRENCES
COLUMN 17 PEAK WIND IN M.P.H.
PRELIMINARY LOCAL CLIMATOLOGICAL DATA (WS FORM: F-6) , PAGE 2
STATION: OMAHA NE
MONTH: JANUARY
YEAR: 2023
LATITUDE: 41 17 N
LONGITUDE: 95 54 W
[TEMPERATURE DATA] [PRECIPITATION DATA] SYMBOLS USED IN COLUMN 16
AVERAGE MONTHLY: 26.8 TOTAL FOR MONTH: 1.22 1 = FOG OR MIST
DPTR FM NORMAL: 2.4 DPTR FM NORMAL: 0.47 2 = FOG REDUCING VISIBILITY
HIGHEST: 50 ON 9 GRTST 24HR 0.92 ON 2- 2 TO 1/4 MILE OR LESS
LOWEST: 0 ON 30,29 3 = THUNDER
SNOW, ICE PELLETS, HAIL 4 = ICE PELLETS
TOTAL MONTH: 2.8 INCHES 5 = HAIL
GRTST 24HR 0.8 ON 18-18 6 = FREEZING RAIN OR DRIZZLE
GRTST DEPTH: 1 ON 31,30 7 = DUSTSTORM OR SANDSTORM:
VSBY 1/2 MILE OR LESS
8 = SMOKE OR HAZE
[NO. OF DAYS WITH] [WEATHER - DAYS WITH] 9 = BLOWING SNOW
X = TORNADO
MAX 32 OR BELOW: 13 0.01 INCH OR MORE: 7
MAX 90 OR ABOVE: 0 0.10 INCH OR MORE: 3
MIN 32 OR BELOW: 30 0.50 INCH OR MORE: 1
MIN 0 OR BELOW: 2 1.00 INCH OR MORE: 0
[HDD (BASE 65) ]
TOTAL THIS MO. 1177 CLEAR (SCALE 0-3) 2
DPTR FM NORMAL -81 PTCLDY (SCALE 4-7) 13
TOTAL FM JUL 1 3653 CLOUDY (SCALE 8-10) 16
DPTR FM NORMAL 103
[CDD (BASE 65) ]
TOTAL THIS MO. 0
DPTR FM NORMAL 0 [PRESSURE DATA]
TOTAL FM JAN 1 0 HIGHEST SLP 30.63 ON 30
DPTR FM NORMAL 0 LOWEST SLP 29.31 ON 16
[REMARKS]
#FINAL-01-23#