000
CXUS56 KOTX 010910
CF6OMK
PRELIMINARY LOCAL CLIMATOLOGICAL DATA (WS FORM: F-6)
STATION: OMAK WA AIRPORT
MONTH: MARCH
YEAR: 2023
LATITUDE: 48 27 N
LONGITUDE: 119 31 W
TEMPERATURE IN F: :PCPN: SNOW: WIND :SUNSHINE: SKY :PK WND
================================================================================
1 2 3 4 5 6A 6B 7 8 9 10 11 12 13 14 15 16 17 18
12Z AVG MX 2MIN
DY MAX MIN AVG DEP HDD CDD WTR SNW DPTH SPD SPD DIR MIN PSBL S-S WX SPD DR
================================================================================
1 35 15 25 -12 40 0 0.00 M M 3.8 9 190 M M 7 19 330
2 45 25 35 -2 30 0 0.00 M M 7.7 23 290 M M 5 27 280
3 42 22 32 -6 33 0 0.00 M M 6.4 17 170 M M 3 21 180
4 39 28 34 -4 31 0 0.02 M M 7.9 20 10 M M 8 1 22 360
5 39 29 34 -4 31 0 0.02 M M 5.3 15 340 M M 9 1 20 340
6 37 24 31 -8 34 0 T M M 4.6 12 350 M M 7 20 280
7 41 29 35 -4 30 0 0.00 M M 1.6 9 360 M M 9 11 360
8 42 28 35 -4 30 0 0.00 M M 8.2 21 10 M M 7 24 10
9 39 32 36 -4 29 0 0.04 M M 5.0 15 320 M M 10 1 18 320
10 40 32 36 -4 29 0 0.02 M M 10.3 21 360 M M 9 1 25 360
11 41 31 36 -4 29 0 0.00 M M 3.9 14 200 M M 9 17 200
12 44 31 38 -3 27 0 0.06 M M 3.4 12 10 M M 9 1 13 10
13 47 32 40 -1 25 0 0.20 M M 5.1 13 220 M M 8 1 16 210
14 46 28 37 -4 28 0 0.00 M M 5.6 13 190 M M 0 15 190
15 51 24 38 -4 27 0 0.00 M M 4.2 15 300 M M 1 18 300
16 51 29 40 -2 25 0 0.00 M M 8.1 16 360 M M 0 8 19 360
17 51 24 38 -4 27 0 0.00 M M 4.1 13 190 M M 0 16 170
18 54 28 41 -2 24 0 0.00 M M 4.2 14 180 M M 1 17 180
19 57 30 44 1 21 0 0.00 M M 6.5 14 350 M M 2 19 30
20 56 36 46 3 19 0 0.00 M M 7.5 17 350 M M 9 19 350
21 59 31 45 1 20 0 0.00 M M 6.9 15 360 M M 0 18 360
22 61 31 46 2 19 0 0.00 M M 8.7 16 10 M M 0 19 10
23 57 29 43 -1 22 0 T M M 5.2 18 150 M M 6 23 150
24 53 29 41 -3 24 0 T M M 6.8 20 170 M M 5 24 160
25 53 29 41 -4 24 0 0.00 M M 7.0 13 10 M M 1 M M
26 53 31 42 -3 23 0 0.00 M M 3.9 12 190 M M 2 15 190
27 52 31 42 -3 23 0 0.00 M M 4.8 17 200 M M 4 21 210
28 60 33 47 2 18 0 0.00 M M 12.3 24 20 M M 3 28 10
29 62 39 51 5 14 0 0.00 M M 9.0 21 350 M M 1 25 340
30 62 29 46 0 19 0 0.00 M M 3.4 16 180 M M 0 19 180
31 54 32 43 -3 22 0 0.00 M M 12.9 26 190 M M 5 34 200
================================================================================
SM 1523 901 797 0 0.36 M 194.3 M 140
================================================================================
AV 49.1 29.1 6.3 FASTST M M 5 MAX(MPH)
MISC ----> 26 190 34 200
================================================================================
NOTES:
# LAST OF SEVERAL OCCURRENCES
COLUMN 17 PEAK WIND IN M.P.H.
PRELIMINARY LOCAL CLIMATOLOGICAL DATA (WS FORM: F-6) , PAGE 2
STATION: OMAK WA AIRPORT
MONTH: MARCH
YEAR: 2023
LATITUDE: 48 27 N
LONGITUDE: 119 31 W
[TEMPERATURE DATA] [PRECIPITATION DATA] SYMBOLS USED IN COLUMN 16
AVERAGE MONTHLY: 39.1 TOTAL FOR MONTH: 0.36 1 = FOG OR MIST
DPTR FM NORMAL: -2.7 DPTR FM NORMAL: -0.70 2 = FOG REDUCING VISIBILITY
HIGHEST: 62 ON 30,29 GRTST 24HR 0.26 ON 12-13 TO 1/4 MILE OR LESS
LOWEST: 15 ON 1 3 = THUNDER
SNOW, ICE PELLETS, HAIL 4 = ICE PELLETS
TOTAL MONTH: M 5 = HAIL
GRTST 24HR M ON M 6 = FREEZING RAIN OR DRIZZLE
GRTST DEPTH: M ON M 7 = DUSTSTORM OR SANDSTORM:
VSBY 1/2 MILE OR LESS
8 = SMOKE OR HAZE
[NO. OF DAYS WITH] [WEATHER - DAYS WITH] 9 = BLOWING SNOW
X = TORNADO
MAX 32 OR BELOW: 0 0.01 INCH OR MORE: 6
MAX 90 OR ABOVE: 0 0.10 INCH OR MORE: 1
MIN 32 OR BELOW: 28 0.50 INCH OR MORE: 0
MIN 0 OR BELOW: 0 1.00 INCH OR MORE: 0
[HDD (BASE 65) ]
TOTAL THIS MO. 797 CLEAR (SCALE 0-3) 13
DPTR FM NORMAL 78 PTCLDY (SCALE 4-7) 11
TOTAL FM JUL 1 5696 CLOUDY (SCALE 8-10) 7
DPTR FM NORMAL 266
[CDD (BASE 65) ]
TOTAL THIS MO. 0
DPTR FM NORMAL 0 [PRESSURE DATA]
TOTAL FM JAN 1 0 HIGHEST SLP M ON M
DPTR FM NORMAL 0 LOWEST SLP 29.42 ON 10
[REMARKS]
#FINAL-03-23#