000
CXUS56 KOTX 030131
CF6OMK
PRELIMINARY LOCAL CLIMATOLOGICAL DATA (WS FORM: F-6)
STATION: OMAK WA AIRPORT
MONTH: JANUARY
YEAR: 2022
LATITUDE: 48 27 N
LONGITUDE: 119 31 W
TEMPERATURE IN F: :PCPN: SNOW: WIND :SUNSHINE: SKY :PK WND
================================================================================
1 2 3 4 5 6A 6B 7 8 9 10 11 12 13 14 15 16 17 18
12Z AVG MX 2MIN
DY MAX MIN AVG DEP HDD CDD WTR SNW DPTH SPD SPD DIR MIN PSBL S-S WX SPD DR
================================================================================
1 14 -3 6 -21 59 0 0.00 M M 4.5 13 210 M M 6 17 200
2 17 8 13 -14 52 0 0.23 M M 2.3 14 200 M M 5 1 19 200
3 27 17 22 -5 43 0 0.32 M M 5.2 24 170 M M 10 1 40 160
4 23 20 22 -5 43 0 0.02 M M 4.4 15 10 M M 10 1 21 360
5 24 14 19 -8 46 0 0.01 M M 16.4 25 330 M M 5 18 31 330
6 21 13 17 -10 48 0 0.26 M M 4.5 18 10 M M 10 128 21 360
7 31 13 22 -5 43 0 0.02 M M 6.3 15 200 M M 6 1 18 170
8 23 5 14 -13 51 0 0.00 M M 3.8 14 20 M M 2 16 20
9 29 7 18 -9 47 0 0.00 M M 1.9 7 150 M M 2 8 310
10 23 5 14 -14 51 0 0.00 M M 1.9 10 210 M M 6 128 13 120
11 33 22 28 0 37 0 T M M 5.3 12 180 M M 10 1 15 320
12 36 31 34 6 31 0 0.00 M M 2.3 10 150 M M 10 1 13 150
13 39 21 30 2 35 0 0.00 M M 2.6 9 20 M M 4 128 10 300
14 34 31 33 5 32 0 0.00 M M 4.7 9 190 M M 10 12 12 200
15 36 33 35 7 30 0 0.00 M M 2.5 8 150 M M 10 12 9 150
16 35 33 34 6 31 0 T M M 5.8 13 180 M M 10 1 16 180
17 33 30 32 4 33 0 0.00 M M 5.3 12 200 M M 10 14 200
18 35 29 32 4 33 0 0.00 M M 0.8 6 360 M M 10 1 6 360
19 33 22 28 0 37 0 0.05 M M 2.4 8 200 M M 9 12 9 200
20 36 28 32 4 33 0 0.00 M M 7.3 15 190 M M 9 1 18 190
21 31 25 28 0 37 0 0.00 M M 2.5 7 300 M M 10 128 8 300
22 26 22 24 -5 41 0 0.00 M M 1.5 8 310 M M 10 128 8 310
23 30 23 27 -2 38 0 0.00 M M 2.8 10 360 M M 10 128 12 360
24 36 15 26 -3 39 0 0.00 M M 6.0 21 330 M M 5 1 26 330
25 28 13 21 -8 44 0 0.00 M M 3.7 9 150 M M 10 128 11 160
26 30 26 28 -1 37 0 0.00 M M 5.3 12 360 M M 10 1 14 350
27 28 24 26 -3 39 0 0.00 M M 3.5 10 220 M M 10 13 210
28 28 26 27 -2 38 0 0.00 M M 2.4 10 210 M M 10 13 200
29 28 25 27 -2 38 0 0.00 M M 4.1 10 190 M M 10 12 190
30 29 26 28 -1 37 0 T M M 9.9 18 220 M M 10 1 23 210
31 34 11 23 -7 42 0 0.00 M M 3.4 14 190 M M 5 1 15 190
================================================================================
SM 910 615 1245 0 0.91 M 135.3 M 254
================================================================================
AV 29.4 19.8 4.4 FASTST M M 8 MAX(MPH)
MISC ----> 25 330 40 160
================================================================================
NOTES:
# LAST OF SEVERAL OCCURRENCES
COLUMN 17 PEAK WIND IN M.P.H.
PRELIMINARY LOCAL CLIMATOLOGICAL DATA (WS FORM: F-6) , PAGE 2
STATION: OMAK WA AIRPORT
MONTH: JANUARY
YEAR: 2022
LATITUDE: 48 27 N
LONGITUDE: 119 31 W
[TEMPERATURE DATA] [PRECIPITATION DATA] SYMBOLS USED IN COLUMN 16
AVERAGE MONTHLY: 24.6 TOTAL FOR MONTH: 0.91 1 = FOG OR MIST
DPTR FM NORMAL: -3.4 DPTR FM NORMAL: -0.42 2 = FOG REDUCING VISIBILITY
HIGHEST: 39 ON 13 GRTST 24HR 0.89 ON 6- 7 TO 1/4 MILE OR LESS
LOWEST: -3 ON 1 3 = THUNDER
SNOW, ICE PELLETS, HAIL 4 = ICE PELLETS
TOTAL MONTH: M 5 = HAIL
GRTST 24HR M ON M 6 = FREEZING RAIN OR DRIZZLE
GRTST DEPTH: M ON M 7 = DUSTSTORM OR SANDSTORM:
VSBY 1/2 MILE OR LESS
8 = SMOKE OR HAZE
[NO. OF DAYS WITH] [WEATHER - DAYS WITH] 9 = BLOWING SNOW
X = TORNADO
MAX 32 OR BELOW: 19 0.01 INCH OR MORE: 7
MAX 90 OR ABOVE: 0 0.10 INCH OR MORE: 3
MIN 32 OR BELOW: 29 0.50 INCH OR MORE: 0
MIN 0 OR BELOW: 1 1.00 INCH OR MORE: 0
[HDD (BASE 65) ]
TOTAL THIS MO. 1245 CLEAR (SCALE 0-3) 2
DPTR FM NORMAL 100 PTCLDY (SCALE 4-7) 8
TOTAL FM JUL 1 3778 CLOUDY (SCALE 8-10) 21
DPTR FM NORMAL -24
[CDD (BASE 65) ]
TOTAL THIS MO. 0
DPTR FM NORMAL 0 [PRESSURE DATA]
TOTAL FM JAN 1 0 HIGHEST SLP 30.76 ON 27
DPTR FM NORMAL 0 LOWEST SLP 29.29 ON 7
[REMARKS]
#FINAL-01-22#