000
CXUS56 KSGX 011145
CF6ONT
PRELIMINARY LOCAL CLIMATOLOGICAL DATA (WS FORM: F-6)
STATION: ONTARIO INTL AIRPORT CA
MONTH: FEBRUARY
YEAR: 2021
LATITUDE: 34 2 N
LONGITUDE: 117 37 W
TEMPERATURE IN F: :PCPN: SNOW: WIND :SUNSHINE: SKY :PK WND
================================================================================
1 2 3 4 5 6A 6B 7 8 9 10 11 12 13 14 15 16 17 18
12Z AVG MX 2MIN
DY MAX MIN AVG DEP HDD CDD WTR SNW DPTH SPD SPD DIR MIN PSBL S-S WX SPD DR
================================================================================
1 68 53 61 6 4 0 T M M 1.3 8 330 M M 9 10 290
2 74 53 64 9 1 0 0.00 M M 3.8 13 260 M M 5 17 270
3 68 48 58 3 7 0 0.00 M M 4.1 16 220 M M 7 19 210
4 65 45 55 0 10 0 0.00 M M 3.5 10 290 M M 4 18 13 270
5 71 42 57 2 8 0 0.00 M M 3.6 14 270 M M 1 18 18 270
6 76 42 59 4 6 0 0.00 M M 3.5 9 270 M M 0 12 260
7 74 43 59 4 6 0 0.00 M M 3.7 14 270 M M 2 8 18 260
8 67 44 56 1 9 0 0.00 M M 3.5 13 260 M M 6 18 15 260
9 60 49 55 0 10 0 0.00 M M 3.5 12 270 M M 9 18 14 260
10 62 47 55 0 10 0 0.00 M M 4.5 12 270 M M 6 18 15 260
11 71 46 59 4 6 0 0.00 M M 3.2 14 230 M M 5 18 18 220
12 65 51 58 3 7 0 0.07 M M 6.3 15 220 M M 6 1 18 260
13 58 45 52 -3 13 0 0.00 M M 5.1 16 220 M M 7 21 220
14 64 41 53 -2 12 0 0.00 M M 3.3 13 210 M M 6 1 17 200
15 61 42 52 -4 13 0 0.00 M M 4.2 16 270 M M 8 18 270
16 65 50 58 2 7 0 0.02 M M 3.2 16 230 M M 7 1 20 220
17 66 41 54 -2 11 0 0.00 M M 5.1 25 40 M M 3 33 40
18 68 49 59 3 6 0 0.00 M M 14.3 31 60 M M 0 41 50
19 73 42 58 2 7 0 0.00 M M 2.6 12 240 M M 1 14 210
20 68 42 55 -1 10 0 0.00 M M 3.7 12 210 M M 0 16 210
21 73 44 59 3 6 0 0.00 M M 9.6 28 50 M M 0 40 60
22 81 43 62 6 3 0 0.00 M M 4.3 14 70 M M 0 19 60
23 81 48 65 9 0 0 0.00 M M 4.9 15 250 M M 2 19 230
24 76 47 62 6 3 0 0.00 M M 4.7 14 260 M M 1 17 240
25 72 46 59 2 6 0 0.00 M M 4.4 15 70 M M 0 19 80
26 75 40 58 1 7 0 0.00 M M 4.2 13 240 M M 1 17 250
27 70 40 55 -2 10 0 0.00 M M 4.4 18 60 M M 0 28 60
28 72 45 59 2 6 0 0.00 M M 11.9 29 40 M M 4 41 50
================================================================================
SM 1944 1268 204 0 0.09 M 134.4 M 100
================================================================================
AV 69.4 45.3 4.8 FASTST M M 4 MAX(MPH)
MISC ----> 31 60 # 41 50
================================================================================
NOTES:
# LAST OF SEVERAL OCCURRENCES
COLUMN 17 PEAK WIND IN M.P.H.
PRELIMINARY LOCAL CLIMATOLOGICAL DATA (WS FORM: F-6) , PAGE 2
STATION: ONTARIO INTL AIRPORT CA
MONTH: FEBRUARY
YEAR: 2021
LATITUDE: 34 2 N
LONGITUDE: 117 37 W
[TEMPERATURE DATA] [PRECIPITATION DATA] SYMBOLS USED IN COLUMN 16
AVERAGE MONTHLY: 57.4 TOTAL FOR MONTH: 0.09 1 = FOG OR MIST
DPTR FM NORMAL: 1.9 DPTR FM NORMAL: -3.30 2 = FOG REDUCING VISIBILITY
HIGHEST: 81 ON 23,22 GRTST 24HR 0.07 ON 12-12 TO 1/4 MILE OR LESS
LOWEST: 40 ON 27,26 3 = THUNDER
SNOW, ICE PELLETS, HAIL 4 = ICE PELLETS
TOTAL MONTH: M 5 = HAIL
GRTST 24HR M ON M 6 = FREEZING RAIN OR DRIZZLE
GRTST DEPTH: M ON M 7 = DUSTSTORM OR SANDSTORM:
VSBY 1/2 MILE OR LESS
8 = SMOKE OR HAZE
[NO. OF DAYS WITH] [WEATHER - DAYS WITH] 9 = BLOWING SNOW
X = TORNADO
MAX 32 OR BELOW: 0 0.01 INCH OR MORE: 2
MAX 90 OR ABOVE: 0 0.10 INCH OR MORE: 0
MIN 32 OR BELOW: 0 0.50 INCH OR MORE: 0
MIN 0 OR BELOW: 0 1.00 INCH OR MORE: 0
[HDD (BASE 65) ]
TOTAL THIS MO. 204 CLEAR (SCALE 0-3) 14
DPTR FM NORMAL -64 PTCLDY (SCALE 4-7) 12
TOTAL FM JUL 1 880 CLOUDY (SCALE 8-10) 2
DPTR FM NORMAL -275
[CDD (BASE 65) ]
TOTAL THIS MO. 0
DPTR FM NORMAL -3 [PRESSURE DATA]
TOTAL FM JAN 1 18 HIGHEST SLP 30.32 ON 18
DPTR FM NORMAL 15 LOWEST SLP 29.81 ON 13
[REMARKS]
#FINAL-02-21#