000
CXUS52 KMFL 011030
CF6OPF
PRELIMINARY LOCAL CLIMATOLOGICAL DATA (WS FORM: F-6)
STATION: OPA-LOCKA ARPT
MONTH: AUGUST
YEAR: 2021
LATITUDE: 25 53 N
LONGITUDE: 80 17 W
TEMPERATURE IN F: :PCPN: SNOW: WIND :SUNSHINE: SKY :PK WND
================================================================================
1 2 3 4 5 6A 6B 7 8 9 10 11 12 13 14 15 16 17 18
12Z AVG MX 2MIN
DY MAX MIN AVG DEP HDD CDD WTR SNW DPTH SPD SPD DIR MIN PSBL S-S WX SPD DR
================================================================================
1 93 78 86 2 0 21 0.00 M M 4.9 14 160 M M 3 3 24 110
2 94 75 85 1 0 20 0.42 M M 3.5 28 230 M M 2 3 33 220
3 88 73 81 -3 0 16 2.16 0.0 0 7.9 33 180 M M 3 138 43 190
4 90 73 82 -2 0 17 0.26 M M 3.8 24 270 M M 2 13 27 260
5 93 76 85 1 0 20 0.23 M M 3.9 26 130 M M 2 3 29 140
6 93 77 85 1 0 20 0.00 M M 6.1 16 140 M M 2 3 28 140
7 91 79 85 1 0 20 0.03 0.0 M 3.9 16 160 M M 3 3 21 120
8 92 78 85 1 0 20 T 0.0 M 4.5 14 120 M M 2 3 22 40
9 91 81 86 2 0 21 0.00 M M 7.7 17 130 M M 1 23 130
10 91 76 84 0 0 19 0.06 M M 8.3 22 110 M M 2 3 26 100
11 92 79 86 2 0 21 0.04 M M 8.1 18 100 M M 2 3 27 110
12 92 78 85 1 0 20 0.14 M M 10.2 31 80 M M 3 13 37 80
13 90 77 84 0 0 19 0.22 M M 10.2 24 80 M M 4 13 32 90
14 88 76 82 -2 0 17 0.46 M M 11.5 26 160 M M 4 13 34 140
15 86 75 81 -3 0 16 0.25 0.0 0 8.9 18 160 M M 3 1 28 100
16 92 78 85 1 0 20 0.00 M M 5.5 16 130 M M 2 38 21 140
17 92 79 86 2 0 21 T M M 8.6 20 110 M M 2 25 130
18 91 81 86 2 0 21 0.00 M M 10.8 18 110 M M 2 25 90
19 92 78 85 1 0 20 0.01 M M 6.0 15 90 M M 1 18 90
20 93 77 85 1 0 20 0.00 M M 4.4 13 120 M M 1 21 130
21 93 78 86 2 0 21 0.00 M M 6.5 15 140 M M 1 20 120
22 93 81 87 3 0 22 0.00 M M 6.9 16 130 M M 1 21 130
23 94 82 88 4 0 23 0.00 0.0 0 8.1 17 130 M M 2 23 160
24 92 81 87 3 0 22 0.00 0.0 0 9.4 18 120 M M 2 25 130
25 91 77 84 0 0 19 0.09 0.0 0 13.1 33 70 M M 2 38 42 80
26 91 75 83 -1 0 18 0.06 M M 10.1 22 130 M M 3 138 28 140
27 92 79 86 2 0 21 0.03 0.0 0 11.2 18 120 M M 2 24 140
28 92 82 87 3 0 22 0.00 0.0 0 12.0 21 140 M M 3 26 150
29 92 80 86 2 0 21 0.06 0.0 0 6.9 15 100 M M 2 22 100
30 92 76 84 0 0 19 0.37 0.0 0 3.9 16 310 M M 3 3 19 310
31 93 76 85 1 0 20 0.07 M M 3.1 14 160 M M 3 38 19 160
================================================================================
SM 2839 2411 0 617 4.96 0.0 229.9 M 70
================================================================================
AV 91.6 77.8 7.4 FASTST M M 2 MAX(MPH)
MISC ----> # 33 180 43 190
================================================================================
NOTES:
# LAST OF SEVERAL OCCURRENCES
COLUMN 17 PEAK WIND IN M.P.H.
PRELIMINARY LOCAL CLIMATOLOGICAL DATA (WS FORM: F-6) , PAGE 2
STATION: OPA-LOCKA ARPT
MONTH: AUGUST
YEAR: 2021
LATITUDE: 25 53 N
LONGITUDE: 80 17 W
[TEMPERATURE DATA] [PRECIPITATION DATA] SYMBOLS USED IN COLUMN 16
AVERAGE MONTHLY: 84.7 TOTAL FOR MONTH: 4.96 1 = FOG OR MIST
DPTR FM NORMAL: 0.7 DPTR FM NORMAL: -3.12 2 = FOG REDUCING VISIBILITY
HIGHEST: 94 ON 23, 2 GRTST 24HR 2.40 ON 3- 4 TO 1/4 MILE OR LESS
LOWEST: 73 ON 4, 3 3 = THUNDER
SNOW, ICE PELLETS, HAIL 4 = ICE PELLETS
TOTAL MONTH: 0.0 INCH 5 = HAIL
GRTST 24HR 0.0 6 = FREEZING RAIN OR DRIZZLE
GRTST DEPTH: 0 7 = DUSTSTORM OR SANDSTORM:
VSBY 1/2 MILE OR LESS
8 = SMOKE OR HAZE
[NO. OF DAYS WITH] [WEATHER - DAYS WITH] 9 = BLOWING SNOW
X = TORNADO
MAX 32 OR BELOW: 0 0.01 INCH OR MORE: 18
MAX 90 OR ABOVE: 28 0.10 INCH OR MORE: 9
MIN 32 OR BELOW: 0 0.50 INCH OR MORE: 1
MIN 0 OR BELOW: 0 1.00 INCH OR MORE: 1
[HDD (BASE 65) ]
TOTAL THIS MO. 0 CLEAR (SCALE 0-3) 27
DPTR FM NORMAL 0 PTCLDY (SCALE 4-7) 4
TOTAL FM JUL 1 0 CLOUDY (SCALE 8-10) 0
DPTR FM NORMAL 0
[CDD (BASE 65) ]
TOTAL THIS MO. 617
DPTR FM NORMAL 30 [PRESSURE DATA]
TOTAL FM JAN 1 3205 HIGHEST SLP 30.16 ON 10
DPTR FM NORMAL 175 LOWEST SLP 29.88 ON 31
[REMARKS]
#FINAL-08-21#