000
CXUS54 KMRX 011030
CF6OQT
PRELIMINARY LOCAL CLIMATOLOGICAL DATA (WS FORM: F-6)
STATION: OAK RIDGE
MONTH: MAY
YEAR: 2022
LATITUDE: 36 1 N
LONGITUDE: 84 14 W
TEMPERATURE IN F: :PCPN: SNOW: WIND :SUNSHINE: SKY :PK WND
================================================================================
1 2 3 4 5 6A 6B 7 8 9 10 11 12 13 14 15 16 17 18
12Z AVG MX 2MIN
DY MAX MIN AVG DEP HDD CDD WTR SNW DPTH SPD SPD DIR MIN PSBL S-S WX SPD DR
================================================================================
1 80 61 71 7 0 6 0.09 M M 1.7 9 200 M M 6 1 24 200
2 82 53 68 3 0 3 0.00 M M 1.2 9 270 M M 0 1 14 270
3 85 59 72 7 0 7 0.00 M M 2.4 13 190 M M 3 29 220
4 83 61 72 7 0 7 T M M 3.8 13 300 M M 5 24 280
5 82 54 68 3 0 3 0.62 M M 1.4 8 100 M M 2 13 80
6 71 58 65 -1 0 0 0.64 M M 1.6 14 260 M M 8 1 32 190
7 66 56 61 -5 4 0 T M M 4.3 10 310 M M 10 20 270
8 68 53 61 -5 4 0 0.00 M M 1.5 8 80 M M 7 14 90
9 78 53 66 0 0 1 0.00 M M 1.7 7 150 M M 3 11 100
10 82 54 68 1 0 3 0.00 M M 0.5 7 90 M M 0 12 10 130
11 87 60 74 7 0 9 0.00 M M 1.3 7 310 M M 3 12 290
12 85 57 71 4 0 6 0.00 M M 1.2 7 90 M M 0 13 340
13 83 61 72 4 0 7 0.00 M M 1.0 16 140 M M 4 26 160
14 82 61 72 4 0 7 T M M 0.4 9 270 M M 5 15 270
15 81 62 72 4 0 7 0.01 M M 0.9 8 270 M M 4 12 260
16 81 58 70 2 0 5 0.00 M M 2.0 9 330 M M 3 17 330
17 83 52 68 -1 0 3 0.00 M M 0.7 8 280 M M 0 12 290
18 85 56 71 2 0 6 0.00 M M 2.2 9 200 M M 1 20 230
19 90 65 78 9 0 13 0.00 M M 1.9 8 210 M M 2 19 200
20 90 71 81 12 0 16 0.00 M M 3.2 12 210 M M 1 27 200
21 88 70 79 9 0 14 T M M 1.4 9 240 M M 3 18 250
22 87 68 78 8 0 13 0.12 M M 2.2 12 260 M M 4 1 19 260
23 72 60 66 -4 0 1 0.58 M M 1.1 7 70 M M 8 1 13 70
24 76 60 68 -2 0 3 T M M 0.9 8 90 M M 6 12 90
25 85 66 76 5 0 11 0.27 M M 1.5 8 200 M M 6 12 22 220
26 75 66 71 0 0 6 1.44 M M 1.6 12 200 M M 10 12 25 200
27 76 61 69 -2 0 4 0.44 M M 2.8 14 270 M M 7 12 25 260
28 75 58 67 -5 0 2 0.00 M M 0.1 6 130 M M 7 10 330
29 85 58 72 0 0 7 0.00 M M 0.9 8 130 M M 2 12 13 130
30 88 63 76 4 0 11 T M M 1.4 8 280 M M 2 15 190
31 90 67 79 7 0 14 0.00 M M 1.4 7 290 M M 1 18 14 120
================================================================================
SM 2521 1862 8 195 4.21 M 50.2 M 123
================================================================================
AV 81.3 60.1 1.6 FASTST M M 4 MAX(MPH)
MISC ----> 16 140 32 190
================================================================================
NOTES:
# LAST OF SEVERAL OCCURRENCES
COLUMN 17 PEAK WIND IN M.P.H.
PRELIMINARY LOCAL CLIMATOLOGICAL DATA (WS FORM: F-6) , PAGE 2
STATION: OAK RIDGE
MONTH: MAY
YEAR: 2022
LATITUDE: 36 1 N
LONGITUDE: 84 14 W
[TEMPERATURE DATA] [PRECIPITATION DATA] SYMBOLS USED IN COLUMN 16
AVERAGE MONTHLY: 70.7 TOTAL FOR MONTH: 4.21 1 = FOG OR MIST
DPTR FM NORMAL: 2.4 DPTR FM NORMAL: 0.14 2 = FOG REDUCING VISIBILITY
HIGHEST: 90 ON 31,20 GRTST 24HR 1.44 ON 26-26 TO 1/4 MILE OR LESS
LOWEST: 52 ON 17 3 = THUNDER
SNOW, ICE PELLETS, HAIL 4 = ICE PELLETS
TOTAL MONTH: M 5 = HAIL
GRTST 24HR M ON M 6 = FREEZING RAIN OR DRIZZLE
GRTST DEPTH: M ON M 7 = DUSTSTORM OR SANDSTORM:
VSBY 1/2 MILE OR LESS
8 = SMOKE OR HAZE
[NO. OF DAYS WITH] [WEATHER - DAYS WITH] 9 = BLOWING SNOW
X = TORNADO
MAX 32 OR BELOW: 0 0.01 INCH OR MORE: 9
MAX 90 OR ABOVE: 3 0.10 INCH OR MORE: 7
MIN 32 OR BELOW: 0 0.50 INCH OR MORE: 4
MIN 0 OR BELOW: 0 1.00 INCH OR MORE: 1
[HDD (BASE 65) ]
TOTAL THIS MO. 8 CLEAR (SCALE 0-3) 14
DPTR FM NORMAL -40 PTCLDY (SCALE 4-7) 13
TOTAL FM JUL 1 3157 CLOUDY (SCALE 8-10) 4
DPTR FM NORMAL -322
[CDD (BASE 65) ]
TOTAL THIS MO. 195
DPTR FM NORMAL 44 [PRESSURE DATA]
TOTAL FM JAN 1 233 HIGHEST SLP 30.30 ON 10
DPTR FM NORMAL 37 LOWEST SLP 29.49 ON 6
[REMARKS]
#FINAL-05-22#