000
CXUS51 KAKQ 010810
CF6ORF
PRELIMINARY LOCAL CLIMATOLOGICAL DATA (WS FORM: F-6)
STATION: NORFOLK VA
MONTH: FEBRUARY
YEAR: 2024
LATITUDE: 36 54 N
LONGITUDE: 76 12 W
TEMPERATURE IN F: :PCPN: SNOW: WIND :SUNSHINE: SKY :PK WND
================================================================================
1 2 3 4 5 6A 6B 7 8 9 10 11 12 13 14 15 16 17 18
12Z AVG MX 2MIN
DY MAX MIN AVG DEP HDD CDD WTR SNW DPTH SPD SPD DIR MIN PSBL S-S WX SPD DR
================================================================================
1 53 34 44 2 21 0 0.00 0.0 0 5.8 14 30 M M 0 19 40
2 55 40 48 6 17 0 0.00 0.0 0 9.7 20 360 M M 4 27 10
3 46 35 41 -1 24 0 0.00 0.0 0 11.1 21 10 M M 1 30 10
4 47 29 38 -5 27 0 0.00 0.0 0 4.5 15 30 M M 0 19 20
5 49 29 39 -4 26 0 0.00 0.0 0 7.3 16 60 M M 0 12 22 60
6 46 38 42 -1 23 0 T 0.0 0 17.3 23 40 M M 3 32 20
7 46 33 40 -3 25 0 0.00 0.0 0 12.4 21 20 M M 1 28 20
8 50 29 40 -3 25 0 0.00 0.0 0 3.7 10 30 M M 0 1 19 100
9 57 41 49 6 16 0 0.00 0.0 0 10.5 21 210 M M 1 26 230
10 75 52 64 21 1 0 0.07 0.0 0 10.2 21 220 M M 3 1 28 220
11 59 46 53 9 12 0 1.52 0.0 0 4.8 12 60 M M 10 12 16 60
12 50 45 48 4 17 0 0.12 0.0 0 5.7 13 140 M M 10 1 17 100
13 58 36 47 3 18 0 0.21 0.0 0 10.4 22 330 M M 5 13 43 320
14 48 34 41 -3 24 0 0.00 0.0 0 5.8 14 30 M M 0 19 40
15 54 29 42 -2 23 0 0.00 0.0 0 8.1 21 230 M M 0 36 200
16 55 42 49 5 16 0 0.00 0.0 0 8.7 17 240 M M 0 26 240
17 51 37 44 -1 21 0 T 0.0 0 12.0 23 220 M M 3 36 320
18 48 28 38 -7 27 0 0.00 0.0 0 8.6 18 230 M M 0 25 220
19 48 34 41 -4 24 0 0.00 0.0 0 7.3 17 30 M M 0 24 10
20 48 34 41 -4 24 0 0.00 0.0 0 12.0 20 60 M M 1 25 60
21 46 38 42 -3 23 0 0.00 0.0 0 11.0 18 30 M M 3 24 30
22 62 29 46 0 19 0 0.00 0.0 0 8.6 23 210 M M 0 1 33 200
23 57 45 51 5 14 0 0.27 0.0 0 10.1 22 210 M M 8 1 30 200
24 53 38 46 0 19 0 T 0.0 0 7.2 24 20 M M 6 18 35 10
25 43 33 38 -8 27 0 T 0.0 0 10.0 21 30 M M 3 31 10
26 69 33 51 5 14 0 0.02 0.0 0 13.4 20 220 M M 4 30 230
27 71 51 61 15 4 0 0.36 0.0 0 17.3 28 220 M M 5 1 43 210
28 74 53 64 17 1 0 0.37 0.0 0 22.9 36 220 M M 5 1 52 210
29 53 38 46 -1 19 0 0.00 0.0 0 7.7 18 330 M M 0 31 310
================================================================================
SM 1571 1083 551 0 2.94 0.0 284.1 M 76
================================================================================
AV 54.2 37.3 9.8 FASTST M M 3 MAX(MPH)
MISC ----> 36 220 52 210
================================================================================
NOTES:
# LAST OF SEVERAL OCCURRENCES
COLUMN 17 PEAK WIND IN M.P.H.
PRELIMINARY LOCAL CLIMATOLOGICAL DATA (WS FORM: F-6) , PAGE 2
STATION: NORFOLK VA
MONTH: FEBRUARY
YEAR: 2024
LATITUDE: 36 54 N
LONGITUDE: 76 12 W
[TEMPERATURE DATA] [PRECIPITATION DATA] SYMBOLS USED IN COLUMN 16
AVERAGE MONTHLY: 45.8 TOTAL FOR MONTH: 2.94 1 = FOG OR MIST
DPTR FM NORMAL: 1.6 DPTR FM NORMAL: 0.04 2 = FOG REDUCING VISIBILITY
HIGHEST: 75 ON 10 GRTST 24HR 1.59 ON 10-11 TO 1/4 MILE OR LESS
LOWEST: 28 ON 18 3 = THUNDER
SNOW, ICE PELLETS, HAIL 4 = ICE PELLETS
TOTAL MONTH: 0.0 INCH 5 = HAIL
GRTST 24HR 0.0 6 = FREEZING RAIN OR DRIZZLE
GRTST DEPTH: 0 7 = DUSTSTORM OR SANDSTORM:
VSBY 1/2 MILE OR LESS
8 = SMOKE OR HAZE
[NO. OF DAYS WITH] [WEATHER - DAYS WITH] 9 = BLOWING SNOW
X = TORNADO
MAX 32 OR BELOW: 0 0.01 INCH OR MORE: 8
MAX 90 OR ABOVE: 0 0.10 INCH OR MORE: 6
MIN 32 OR BELOW: 6 0.50 INCH OR MORE: 1
MIN 0 OR BELOW: 0 1.00 INCH OR MORE: 1
[HDD (BASE 65) ]
TOTAL THIS MO. 551 CLEAR (SCALE 0-3) 18
DPTR FM NORMAL -31 PTCLDY (SCALE 4-7) 8
TOTAL FM JUL 1 2136 CLOUDY (SCALE 8-10) 3
DPTR FM NORMAL -261
[CDD (BASE 65) ]
TOTAL THIS MO. 0
DPTR FM NORMAL -1 [PRESSURE DATA]
TOTAL FM JAN 1 9 HIGHEST SLP 30.49 ON 29
DPTR FM NORMAL 7 LOWEST SLP 29.24 ON 13
[REMARKS]
#FINAL-02-24#