000
CXUS51 KBOX 172149
CF6ORH
PRELIMINARY LOCAL CLIMATOLOGICAL DATA (WS FORM: F-6)
STATION: WORCESTER MA
MONTH: NOVEMBER
YEAR: 2020
LATITUDE: 42 16 N
LONGITUDE: 71 52 W
TEMPERATURE IN F: :PCPN: SNOW: WIND :SUNSHINE: SKY :PK WND
================================================================================
1 2 3 4 5 6A 6B 7 8 9 10 11 12 13 14 15 16 17 18
12Z AVG MX 2MIN
DY MAX MIN AVG DEP HDD CDD WTR SNW DPTH SPD SPD DIR MIN PSBL S-S WX SPD DR
================================================================================
1 48 33 41 -4 24 0 0.47 0.0 M 11.6 31 310 M M 8 12 40 310
2 39 31 35 -10 30 0 T T M 19.5 35 300 M M 2 45 290
3 40 30 35 -9 30 0 0.06 0.9 M 11.0 24 300 M M 3 1 39 300
4 56 29 43 -1 22 0 0.00 0.0 M 9.3 20 220 M M 3 24 220
5 67 46 57 13 8 0 0.00 0.0 M 16.2 24 220 M M 0 31 200
6 71 53 62 18 3 0 0.00 0.0 M 13.3 23 250 M M 0 27 250
7 72 57 65 22 0 0 0.00 0.0 M 13.8 25 290 M M 0 32 260
8 73 53 63 20 2 0 0.00 0.0 M 7.0 17 300 M M 0 22 290
9 74 53 64 21 1 0 0.00 0.0 M 8.3 15 290 M M 0 18 280
10 72 52 62 20 3 0 0.00 0.0 M 12.4 22 240 M M 0 28 250
11 68 57 63 21 2 0 0.01 0.0 M 15.2 25 230 M M 8 1 34 240
12 63 43 53 11 12 0 0.03 0.0 M 8.5 17 330 M M 9 1 22 320
13 43 38 41 0 24 0 0.16 0.0 M 7.6 18 280 M M 7 128 24 280
14 46 29 38 -3 27 0 0.00 0.0 M 11.3 22 300 M M 2 27 300
15 58 26 42 1 23 0 0.66 0.0 M 10.7 37 180 M M 4 1 47 190
16 49 37 43 3 22 0 0.01 0.0 M 12.3 24 280 M M 5 33 260
17 43 30 37 -3 28 0 0.05 T M 8.6 21 320 M M 5 1 25 300
18 30 17 24 -16 41 0 0.00 0.0 M 10.9 23 300 M M 1 27 300
19 41 17 29 -10 36 0 0.00 0.0 M 12.9 24 230 M M 1 34 230
20 61 41 51 12 14 0 T 0.0 M 15.6 26 230 M M 0 34 240
21 57 38 48 9 17 0 0.00 0.0 M 10.3 18 270 M M 2 24 270
22 42 32 37 -1 28 0 T 0.0 M 7.9 14 80 M M 6 18 18 70
23 54 33 44 6 21 0 1.35 0.0 M 16.9 32 290 M M 5 12 44 300
24 41 27 34 -3 31 0 0.00 0.0 M 9.2 22 300 M M 1 27 280
25 46 26 36 -1 29 0 0.02 0.0 M 6.7 14 240 M M 8 17 230
26 58 44 51 14 14 0 0.75 0.0 M 8.8 18 200 M M 8 12 25 200
27 51 44 48 12 17 0 T 0.0 M 8.6 22 290 M M 8 27 290
28 49 33 41 5 24 0 T 0.0 M 8.0 18 310 M M 7 24 300
29 50 33 42 6 23 0 0.00 0.0 M 10.3 18 280 M M 0 24 280
30 63 35 49 14 16 0 2.38 0.0 M 11.5 29 190 M M 5 12 41 150
================================================================================
SM 1625 1117 572 0 5.95 0.9 334.2 M 108
================================================================================
AV 54.2 37.2 11.1 FASTST M M 4 MAX(MPH)
MISC ----> 37 180 47 190
================================================================================
NOTES:
# LAST OF SEVERAL OCCURRENCES
COLUMN 17 PEAK WIND IN M.P.H.
PRELIMINARY LOCAL CLIMATOLOGICAL DATA (WS FORM: F-6) , PAGE 2
STATION: WORCESTER MA
MONTH: NOVEMBER
YEAR: 2020
LATITUDE: 42 16 N
LONGITUDE: 71 52 W
[TEMPERATURE DATA] [PRECIPITATION DATA] SYMBOLS USED IN COLUMN 16
AVERAGE MONTHLY: 45.7 TOTAL FOR MONTH: 5.95 1 = FOG OR MIST
DPTR FM NORMAL: 5.4 DPTR FM NORMAL: 1.67 2 = FOG REDUCING VISIBILITY
HIGHEST: 74 ON 9 GRTST 24HR 2.38 ON 30-30 TO 1/4 MILE OR LESS
LOWEST: 17 ON 19,18 3 = THUNDER
SNOW, ICE PELLETS, HAIL 4 = ICE PELLETS
TOTAL MONTH: 0.9 INCH 5 = HAIL
GRTST 24HR 0.9 ON 3- 3 6 = FREEZING RAIN OR DRIZZLE
GRTST DEPTH: M ON M 7 = DUSTSTORM OR SANDSTORM:
VSBY 1/2 MILE OR LESS
8 = SMOKE OR HAZE
[NO. OF DAYS WITH] [WEATHER - DAYS WITH] 9 = BLOWING SNOW
X = TORNADO
MAX 32 OR BELOW: 1 0.01 INCH OR MORE: 12
MAX 90 OR ABOVE: 0 0.10 INCH OR MORE: 6
MIN 32 OR BELOW: 11 0.50 INCH OR MORE: 4
MIN 0 OR BELOW: 0 1.00 INCH OR MORE: 2
[HDD (BASE 65) ]
TOTAL THIS MO. 572 CLEAR (SCALE 0-3) 16
DPTR FM NORMAL -169 PTCLDY (SCALE 4-7) 13
TOTAL FM JUL 1 1102 CLOUDY (SCALE 8-10) 1
DPTR FM NORMAL -299
[CDD (BASE 65) ]
TOTAL THIS MO. 0
DPTR FM NORMAL 0 [PRESSURE DATA]
TOTAL FM JAN 1 776 HIGHEST SLP 30.59 ON 19
DPTR FM NORMAL 305 LOWEST SLP 29.51 ON 2
[REMARKS]
#FINAL-11-20#