000
CXUS51 KBOX 012228
CF6ORH
PRELIMINARY LOCAL CLIMATOLOGICAL DATA (WS FORM: F-6)
STATION: WORCESTER MA
MONTH: MARCH
YEAR: 2020
LATITUDE: 42 16 N
LONGITUDE: 71 52 W
TEMPERATURE IN F: :PCPN: SNOW: WIND :SUNSHINE: SKY :PK WND
================================================================================
1 2 3 4 5 6A 6B 7 8 9 10 11 12 13 14 15 16 17 18
12Z AVG MX 2MIN
DY MAX MIN AVG DEP HDD CDD WTR SNW DPTH SPD SPD DIR MIN PSBL S-S WX SPD DR
================================================================================
1 31 14 23 -7 42 0 0.00 0.0 M 10.4 20 280 M M 2 26 270
2 53 22 38 8 27 0 T T M 12.3 21 180 M M 5 29 180
3 60 40 50 19 15 0 0.07 0.0 M 11.7 24 250 M M 4 1 33 250
4 47 35 41 10 24 0 0.04 0.0 M 19.1 33 280 M M 6 52 270
5 47 32 40 9 25 0 0.00 0.0 M 9.1 22 310 M M 1 33 270
6 46 32 39 7 26 0 0.01 T M 10.3 22 20 M M 4 1 33 30
7 41 28 35 3 30 0 0.00 0.0 M 15.8 23 330 M M 2 33 310
8 52 26 39 7 26 0 0.00 0.0 M 13.5 25 290 M M 1 30 290
9 68 44 56 24 9 0 0.00 0.0 M 17.0 26 230 M M 0 32 240
10 67 48 58 25 7 0 T 0.0 M 15.6 37 240 M M 5 45 220
11 52 36 44 11 21 0 0.00 0.0 M 7.9 23 300 M M 2 34 300
12 46 31 39 6 26 0 0.04 0.0 M 6.7 13 130 M M 8 16 140
13 59 36 48 14 17 0 0.61 0.0 M 15.2 35 300 M M 7 12 50 300
14 48 34 41 7 24 0 0.00 0.0 M 15.4 24 300 M M 0 34 250
15 46 27 37 3 28 0 0.00 0.0 M 10.5 21 320 M M 1 26 320
16 39 20 30 -5 35 0 0.00 0.0 M 7.7 15 160 M M 1 19 160
17 45 28 37 2 28 0 0.06 0.3 M 8.1 21 290 M M 8 12 30 290
18 52 31 42 7 23 0 0.00 0.0 M 7.2 20 300 M M 1 27 290
19 42 33 38 2 27 0 0.73 T M 8.3 16 70 M M 10 12 24 50
20 64 36 50 14 15 0 0.12 0.0 M 16.0 33 240 M M 7 12 43 240
21 49 28 39 3 26 0 0.00 0.0 M 13.0 33 300 M M 0 44 300
22 38 21 30 -7 35 0 0.00 0.0 M 7.1 14 130 M M 0 19 40
23 34 25 30 -7 35 0 1.34 4.2 M 10.6 21 10 M M 9 126 31 20
24 43 32 38 1 27 0 0.04 T M 10.2 22 10 M M 7 16 32 360
25 39 32 36 -2 29 0 0.03 T M 8.2 14 40 M M 9 18 20 80
26 55 30 43 5 22 0 0.00 0.0 M 8.8 20 240 M M 2 23 230
27 59 38 49 11 16 0 T 0.0 M 12.0 25 340 M M 3 35 340
28 51 38 45 6 20 0 0.32 0.0 M 5.5 15 170 M M 5 12 22 170
29 43 36 40 1 25 0 0.77 0.0 M 10.6 22 320 M M 10 123 29 60
30 39 33 36 -4 29 0 0.08 0.0 M 10.5 17 40 M M 10 12 27 40
31 46 29 38 -2 27 0 T T M 7.0 15 30 M M 6 1 21 40
================================================================================
SM 1501 975 766 0 4.26 4.5 341.3 M 136
================================================================================
AV 48.4 31.5 11.0 FASTST M M 4 MAX(MPH)
MISC ----> # 37 240 # 52 270
================================================================================
NOTES:
# LAST OF SEVERAL OCCURRENCES
COLUMN 17 PEAK WIND IN M.P.H.
PRELIMINARY LOCAL CLIMATOLOGICAL DATA (WS FORM: F-6) , PAGE 2
STATION: WORCESTER MA
MONTH: MARCH
YEAR: 2020
LATITUDE: 42 16 N
LONGITUDE: 71 52 W
[TEMPERATURE DATA] [PRECIPITATION DATA] SYMBOLS USED IN COLUMN 16
AVERAGE MONTHLY: 39.9 TOTAL FOR MONTH: 4.26 1 = FOG OR MIST
DPTR FM NORMAL: 5.2 DPTR FM NORMAL: 0.05 2 = FOG REDUCING VISIBILITY
HIGHEST: 68 ON 9 GRTST 24HR 1.34 ON 23-23 TO 1/4 MILE OR LESS
LOWEST: 14 ON 1 3 = THUNDER
SNOW, ICE PELLETS, HAIL 4 = ICE PELLETS
TOTAL MONTH: 4.5 INCHES 5 = HAIL
GRTST 24HR 4.2 ON 23-23 6 = FREEZING RAIN OR DRIZZLE
GRTST DEPTH: M ON M 7 = DUSTSTORM OR SANDSTORM:
VSBY 1/2 MILE OR LESS
8 = SMOKE OR HAZE
[NO. OF DAYS WITH] [WEATHER - DAYS WITH] 9 = BLOWING SNOW
X = TORNADO
MAX 32 OR BELOW: 1 0.01 INCH OR MORE: 14
MAX 90 OR ABOVE: 0 0.10 INCH OR MORE: 6
MIN 32 OR BELOW: 18 0.50 INCH OR MORE: 4
MIN 0 OR BELOW: 0 1.00 INCH OR MORE: 1
[HDD (BASE 65) ]
TOTAL THIS MO. 766 CLEAR (SCALE 0-3) 14
DPTR FM NORMAL -173 PTCLDY (SCALE 4-7) 11
TOTAL FM JUL 1 5293 CLOUDY (SCALE 8-10) 6
DPTR FM NORMAL -483
[CDD (BASE 65) ]
TOTAL THIS MO. 0
DPTR FM NORMAL 0 [PRESSURE DATA]
TOTAL FM JAN 1 0 HIGHEST SLP 30.73 ON 23
DPTR FM NORMAL 0 LOWEST SLP 29.30 ON 4
[REMARKS]
#FINAL-03-20#