333
CXUS52 KMLB 010725
CF6ORL
PRELIMINARY LOCAL CLIMATOLOGICAL DATA (WS FORM: F-6)
STATION: ORLANDO EXEC
MONTH: FEBRUARY
YEAR: 2021
LATITUDE: 28 32 N
LONGITUDE: 81 20 W
TEMPERATURE IN F: :PCPN: SNOW: WIND :SUNSHINE: SKY :PK WND
================================================================================
1 2 3 4 5 6A 6B 7 8 9 10 11 12 13 14 15 16 17 18
12Z AVG MX 2MIN
DY MAX MIN AVG DEP HDD CDD WTR SNW DPTH SPD SPD DIR MIN PSBL S-S WX SPD DR
================================================================================
1 69 46 58 -4 7 0 0.06 0.0 0 16.6 30 280 M M 8 18 39 270
2 57 43 50 -12 15 0 0.00 0.0 0 15.9 25 300 M M 4 32 300
3 61 39 50 -12 15 0 0.00 0.0 0 8.3 17 300 M M 0 22 290
4 68 38 53 -9 12 0 0.00 0.0 0 2.7 12 190 M M 0 14 180
5 80 47 64 2 1 0 0.00 0.0 0 8.8 22 190 M M 2 28 220
6 74 58 66 4 0 1 0.05 0.0 0 7.0 16 200 M M 7 1 20 200
7 80 62 71 9 0 6 0.49 0.0 0 9.6 20 200 M M 7 13 25 210
8 73 60 67 5 0 2 0.00 0.0 0 7.7 17 70 M M 10 20 70
9 88 68 78 16 0 13 0.00 0.0 0 6.1 16 260 M M 6 128 20 280
10 86 69 78 15 0 13 0.00 0.0 0 4.9 10 140 M M 5 12 14 140
11 86 64 75 12 0 10 0.27 0.0 0 5.6 14 200 M M 4 1 17 190
12 84 67 76 13 0 11 0.00 0.0 0 6.0 15 200 M M 2 1 18 210
13 83 69 76 13 0 11 0.46 0.0 0 8.4 28 240 M M 5 13 37 280
14 86 69 78 15 0 13 0.74 0.0 0 9.6 24 220 M M 6 138 32 220
15 88 68 78 15 0 13 0.00 0.0 0 10.0 22 230 M M 6 13 28 210
16 78 64 71 8 0 6 0.05 0.0 0 10.8 20 280 M M 8 138 26 210
17 68 60 64 0 1 0 T 0.0 0 6.1 14 70 M M 10 15 70
18 88 66 77 13 0 12 0.00 0.0 0 11.2 18 180 M M 6 1 25 180
19 86 55 71 7 0 6 0.21 0.0 0 13.2 26 200 M M 7 1 34 200
20 68 50 59 -5 6 0 0.00 0.0 0 10.5 18 30 M M 3 22 30
21 74 53 64 0 1 0 0.00 0.0 0 12.2 25 80 M M 2 30 90
22 83 56 70 6 0 5 0.05 0.0 0 7.2 18 220 M M 4 1 22 320
23 78 59 69 5 0 4 0.00 0.0 0 7.2 16 10 M M 4 20 360
24 82 55 69 5 0 4 0.00 0.0 0 3.7 15 120 M M 2 17 120
25 82 57 70 5 0 5 0.00 0.0 0 5.9 15 320 M M 0 22 300
26 84 58 71 6 0 6 0.00 0.0 0 3.8 16 80 M M 1 19 80
27 88 65 77 12 0 12 0.00 0.0 0 8.1 18 120 M M 4 1 23 120
28 88 68 78 13 0 13 0.00 0.0 0 9.6 18 160 M M 2 23 170
================================================================================
SM 2210 1633 58 166 2.38 0.0 236.7 M 125
================================================================================
AV 78.9 58.3 8.5 FASTST M M 4 MAX(MPH)
MISC ----> 30 280 39 270
================================================================================
NOTES:
# LAST OF SEVERAL OCCURRENCES
COLUMN 17 PEAK WIND IN M.P.H.
PRELIMINARY LOCAL CLIMATOLOGICAL DATA (WS FORM: F-6) , PAGE 2
STATION: ORLANDO EXEC
MONTH: FEBRUARY
YEAR: 2021
LATITUDE: 28 32 N
LONGITUDE: 81 20 W
[TEMPERATURE DATA] [PRECIPITATION DATA] SYMBOLS USED IN COLUMN 16
AVERAGE MONTHLY: 68.6 TOTAL FOR MONTH: 2.38 1 = FOG OR MIST
DPTR FM NORMAL: 5.4 DPTR FM NORMAL: -0.45 2 = FOG REDUCING VISIBILITY
HIGHEST: 88 ON 28,27 GRTST 24HR 1.19 ON 13-14 TO 1/4 MILE OR LESS
LOWEST: 38 ON 4 3 = THUNDER
SNOW, ICE PELLETS, HAIL 4 = ICE PELLETS
TOTAL MONTH: 0.0 INCH 5 = HAIL
GRTST 24HR 0.0 6 = FREEZING RAIN OR DRIZZLE
GRTST DEPTH: 0 7 = DUSTSTORM OR SANDSTORM:
VSBY 1/2 MILE OR LESS
8 = SMOKE OR HAZE
[NO. OF DAYS WITH] [WEATHER - DAYS WITH] 9 = BLOWING SNOW
X = TORNADO
MAX 32 OR BELOW: 0 0.01 INCH OR MORE: 9
MAX 90 OR ABOVE: 0 0.10 INCH OR MORE: 5
MIN 32 OR BELOW: 0 0.50 INCH OR MORE: 1
MIN 0 OR BELOW: 0 1.00 INCH OR MORE: 0
[HDD (BASE 65) ]
TOTAL THIS MO. 58 CLEAR (SCALE 0-3) 9
DPTR FM NORMAL -50 PTCLDY (SCALE 4-7) 15
TOTAL FM JUL 1 339 CLOUDY (SCALE 8-10) 4
DPTR FM NORMAL -132
[CDD (BASE 65) ]
TOTAL THIS MO. 166
DPTR FM NORMAL 107 [PRESSURE DATA]
TOTAL FM JAN 1 226 HIGHEST SLP 30.38 ON 21
DPTR FM NORMAL 123 LOWEST SLP 29.79 ON 1
[REMARKS]
#FINAL-02-21#