477
CXUS52 KMLB 010622
CF6ORL
PRELIMINARY LOCAL CLIMATOLOGICAL DATA (WS FORM: F-6)
STATION: ORLANDO EXEC
MONTH: JULY
YEAR: 2020
LATITUDE: 28 32 N
LONGITUDE: 81 20 W
TEMPERATURE IN F: :PCPN: SNOW: WIND :SUNSHINE: SKY :PK WND
================================================================================
1 2 3 4 5 6A 6B 7 8 9 10 11 12 13 14 15 16 17 18
12Z AVG MX 2MIN
DY MAX MIN AVG DEP HDD CDD WTR SNW DPTH SPD SPD DIR MIN PSBL S-S WX SPD DR
================================================================================
1 96 74 85 2 0 20 0.89 0.0 0 5.8 22 210 M M 2 38 27 210
2 93 77 85 2 0 20 0.15 0.0 0 6.0 21 340 M M 1 3 26 330
3 90 79 85 2 0 20 0.07 0.0 0 8.1 23 270 M M 2 3 30 270
4 93 75 84 1 0 19 1.46 0.0 0 3.7 21 230 M M 3 138 28 320
5 93 75 84 1 0 19 0.84 0.0 0 7.4 32 270 M M 2 13 42 260
6 94 75 85 2 0 20 0.71 0.0 0 6.3 31 280 M M 2 13 39 280
7 92 76 84 1 0 19 0.05 0.0 0 7.2 28 230 M M 1 38 36 240
8 89 78 84 1 0 19 0.20 0.0 0 9.2 25 300 M M 2 3 30 300
9 94 79 87 4 0 22 T 0.0 0 10.1 22 250 M M 1 26 250
10 94 78 86 3 0 21 0.86 0.0 0 7.6 15 260 M M 6 13 19 270
11 93 76 85 2 0 20 0.07 0.0 0 8.1 18 290 M M 2 13 24 290
12 96 77 87 3 0 22 0.00 0.0 0 6.9 20 170 M M 2 3 22 170
13 96 78 87 3 0 22 0.00 0.0 0 8.1 15 260 M M 1 20 260
14 95 78 87 3 0 22 T 0.0 0 7.3 20 120 M M 2 3 23 120
15 96 77 87 3 0 22 0.12 0.0 0 4.6 21 180 M M 2 3 29 180
16 92 77 85 1 0 20 0.00 0.0 0 5.8 20 100 M M 1 24 100
17 94 78 86 2 0 21 T 0.0 0 8.0 23 70 M M 2 3 26 70
18 93 77 85 1 0 20 0.42 0.0 0 7.2 23 80 M M 2 3 28 120
19 94 78 86 2 0 21 0.02 0.0 0 8.0 18 90 M M 2 23 100
20 90 76 83 -1 0 18 0.49 0.0 0 5.9 24 140 M M 1 3 33 140
21 92 79 86 2 0 21 0.06 0.0 0 8.1 20 150 M M 1 8 23 100
22 91 76 84 0 0 19 0.55 0.0 0 8.2 28 170 M M 2 13 34 170
23 89 76 83 -1 0 18 0.40 0.0 0 4.6 29 130 M M 2 38 39 140
24 93 75 84 0 0 19 0.05 0.0 0 9.1 21 110 M M 1 8 26 110
25 94 78 86 2 0 21 T 0.0 0 8.6 21 100 M M 2 26 100
26 93 77 85 1 0 20 0.00 0.0 0 5.9 20 180 M M 1 3 25 180
27 94 75 85 1 0 20 1.54 0.0 0 6.3 31 230 M M 3 138 36 230
28 90 75 83 -1 0 18 1.55 0.0 0 4.1 20 310 M M 3 13 25 320
29 93 77 85 1 0 20 0.22 0.0 0 3.9 24 240 M M 3 3 30 250
30 96 77 87 3 0 22 T 0.0 0 5.3 15 240 M M 2 38 22 220
31 97 79 88 4 0 23 0.00 0.0 0 4.5 17 100 M M 1 21 100
================================================================================
SM 2889 2382 0 628 10.72 0.0 209.9 M 60
================================================================================
AV 93.2 76.8 6.8 FASTST M M 2 MAX(MPH)
MISC ----> 32 270 42 260
================================================================================
NOTES:
# LAST OF SEVERAL OCCURRENCES
COLUMN 17 PEAK WIND IN M.P.H.
PRELIMINARY LOCAL CLIMATOLOGICAL DATA (WS FORM: F-6) , PAGE 2
STATION: ORLANDO EXEC
MONTH: JULY
YEAR: 2020
LATITUDE: 28 32 N
LONGITUDE: 81 20 W
[TEMPERATURE DATA] [PRECIPITATION DATA] SYMBOLS USED IN COLUMN 16
AVERAGE MONTHLY: 85.0 TOTAL FOR MONTH: 10.72 1 = FOG OR MIST
DPTR FM NORMAL: 1.3 DPTR FM NORMAL: 3.62 2 = FOG REDUCING VISIBILITY
HIGHEST: 97 ON 31 GRTST 24HR 3.01 ON 27-28 TO 1/4 MILE OR LESS
LOWEST: 74 ON 1 3 = THUNDER
SNOW, ICE PELLETS, HAIL 4 = ICE PELLETS
TOTAL MONTH: 0.0 INCH 5 = HAIL
GRTST 24HR 0.0 6 = FREEZING RAIN OR DRIZZLE
GRTST DEPTH: 0 7 = DUSTSTORM OR SANDSTORM:
VSBY 1/2 MILE OR LESS
8 = SMOKE OR HAZE
[NO. OF DAYS WITH] [WEATHER - DAYS WITH] 9 = BLOWING SNOW
X = TORNADO
MAX 32 OR BELOW: 0 0.01 INCH OR MORE: 21
MAX 90 OR ABOVE: 29 0.10 INCH OR MORE: 15
MIN 32 OR BELOW: 0 0.50 INCH OR MORE: 8
MIN 0 OR BELOW: 0 1.00 INCH OR MORE: 3
[HDD (BASE 65) ]
TOTAL THIS MO. 0 CLEAR (SCALE 0-3) 29
DPTR FM NORMAL 0 PTCLDY (SCALE 4-7) 2
TOTAL FM JUL 1 0 CLOUDY (SCALE 8-10) 0
DPTR FM NORMAL 0
[CDD (BASE 65) ]
TOTAL THIS MO. 628
DPTR FM NORMAL 50 [PRESSURE DATA]
TOTAL FM JAN 1 2555 HIGHEST SLP M ON M
DPTR FM NORMAL 631 LOWEST SLP 29.83 ON 12
[REMARKS]
#FINAL-07-20#