000
CXUS53 KGRB 012322
CF6OSH
PRELIMINARY LOCAL CLIMATOLOGICAL DATA (WS FORM: F-6)
STATION: OSHKOSH WI
MONTH: OCTOBER
YEAR: 2023
LATITUDE: 44 0 N
LONGITUDE: 88 34 W
TEMPERATURE IN F: :PCPN: SNOW: WIND :SUNSHINE: SKY :PK WND
================================================================================
1 2 3 4 5 6A 6B 7 8 9 10 11 12 13 14 15 16 17 18
12Z AVG MX 2MIN
DY MAX MIN AVG DEP HDD CDD WTR SNW DPTH SPD SPD DIR MIN PSBL S-S WX SPD DR
================================================================================
1 87 62 75 19 0 10 0.00 0.0 0 7.9 14 180 M M 0 19 150
2 85 59 72 17 0 7 0.00 0.0 0 7.9 17 190 M M 0 24 180
3 85 58 72 17 0 7 0.00 0.0 0 9.7 21 200 M M 0 29 180
4 80 61 71 17 0 6 0.00 0.0 0 11.0 21 210 M M 3 35 220
5 74 47 61 7 4 0 0.00 0.0 0 6.4 15 200 M M 2 24 240
6 59 43 51 -3 14 0 0.04 0.0 0 9.5 22 290 M M 4 32 290
7 57 39 48 -5 17 0 0.00 0.0 0 9.7 21 310 M M 2 29 310
8 55 37 46 -7 19 0 0.00 0.0 0 6.1 14 310 M M 6 20 310
9 56 36 46 -6 19 0 0.00 0.0 0 9.8 21 310 M M 4 30 290
10 54 44 49 -3 16 0 T 0.0 0 6.3 15 280 M M 10 23 290
11 56 43 50 -1 15 0 0.00 0.0 0 3.5 12 40 M M 7 15 30
12 57 49 53 2 12 0 0.14 0.0 0 12.0 20 60 M M 8 1 27 30
13 52 49 51 0 14 0 1.67 0.0 0 16.8 26 100 M M 10 1 36 100
14 57 46 52 2 13 0 0.08 0.0 0 16.0 26 20 M M 9 1 35 10
15 58 46 52 2 13 0 0.00 0.0 0 11.0 16 350 M M 7 23 340
16 55 41 48 -1 17 0 0.00 0.0 0 6.9 14 360 M M 4 8 20 350
17 55 37 46 -3 19 0 0.00 0.0 0 3.9 10 190 M M 3 12 14 190
18 67 45 56 8 9 0 T 0.0 0 10.9 23 190 M M 3 34 180
19 63 50 57 9 8 0 0.07 0.0 0 6.6 15 290 M M 8 1 28 280
20 59 40 50 2 15 0 0.00 0.0 0 8.2 20 340 M M 4 28 320
21 53 41 47 0 18 0 0.11 0.0 0 9.1 17 360 M M 9 1 24 350
22 52 34 43 -4 22 0 0.00 0.0 0 4.9 13 20 M M 1 8 15 20
23 61 37 49 3 16 0 0.05 0.0 0 8.1 18 150 M M 7 1 27 150
24 76 52 64 18 1 0 0.45 0.0 0 9.3 24 300 M M 8 138 34 290
25 67 55 61 15 4 0 0.03 0.0 0 7.3 25 210 M M 10 1 39 220
26 66 56 61 16 4 0 0.73 0.0 0 8.9 17 200 M M 9 12 25 200
27 71 38 55 10 10 0 0.01 0.0 0 11.0 23 280 M M 9 36 290
28 43 34 39 -5 26 0 0.00 0.0 0 7.4 15 360 M M 6 19 360
29 40 32 36 -8 29 0 0.00 0.0 0 7.8 15 340 M M 9 19 330
30 36 25 31 -12 34 0 0.00 0.0 0 8.7 22 290 M M 0 32 280
31 37 27 32 -11 33 0 0.11 1.0 T 9.9 18 340 M M 8 1 25 350
================================================================================
SM 1873 1363 421 30 3.49 1.0 272.5 M 170
================================================================================
AV 60.4 44.0 8.8 FASTST M M 5 MAX(MPH)
MISC ----> # 26 100 39 220
================================================================================
NOTES:
# LAST OF SEVERAL OCCURRENCES
COLUMN 17 PEAK WIND IN M.P.H.
PRELIMINARY LOCAL CLIMATOLOGICAL DATA (WS FORM: F-6) , PAGE 2
STATION: OSHKOSH WI
MONTH: OCTOBER
YEAR: 2023
LATITUDE: 44 0 N
LONGITUDE: 88 34 W
[TEMPERATURE DATA] [PRECIPITATION DATA] SYMBOLS USED IN COLUMN 16
AVERAGE MONTHLY: 52.2 TOTAL FOR MONTH: 3.49 1 = FOG OR MIST
DPTR FM NORMAL: 2.9 DPTR FM NORMAL: 0.73 2 = FOG REDUCING VISIBILITY
HIGHEST: 87 ON 1 GRTST 24HR 1.67 ON 13-13 TO 1/4 MILE OR LESS
LOWEST: 25 ON 30 3 = THUNDER
SNOW, ICE PELLETS, HAIL 4 = ICE PELLETS
TOTAL MONTH: 1.0 INCH 5 = HAIL
GRTST 24HR 1.0 ON 31-31 6 = FREEZING RAIN OR DRIZZLE
GRTST DEPTH: T 7 = DUSTSTORM OR SANDSTORM:
VSBY 1/2 MILE OR LESS
8 = SMOKE OR HAZE
[NO. OF DAYS WITH] [WEATHER - DAYS WITH] 9 = BLOWING SNOW
X = TORNADO
MAX 32 OR BELOW: 0 0.01 INCH OR MORE: 12
MAX 90 OR ABOVE: 0 0.10 INCH OR MORE: 6
MIN 32 OR BELOW: 3 0.50 INCH OR MORE: 2
MIN 0 OR BELOW: 0 1.00 INCH OR MORE: 1
[HDD (BASE 65) ]
TOTAL THIS MO. 421 CLEAR (SCALE 0-3) 9
DPTR FM NORMAL -70 PTCLDY (SCALE 4-7) 14
TOTAL FM JUL 1 497 CLOUDY (SCALE 8-10) 8
DPTR FM NORMAL -176
[CDD (BASE 65) ]
TOTAL THIS MO. 30
DPTR FM NORMAL 25 [PRESSURE DATA]
TOTAL FM JAN 1 726 HIGHEST SLP 30.37 ON 28
DPTR FM NORMAL 159 LOWEST SLP 29.58 ON 19
[REMARKS]
#FINAL-10-23#