000
CXUS56 KMFR 010930
CF6OTH
PRELIMINARY LOCAL CLIMATOLOGICAL DATA (WS FORM: F-6)
STATION: NORTH BEND OR
MONTH: JUNE
YEAR: 2021
LATITUDE: 43 25 N
LONGITUDE: 124 15 W
TEMPERATURE IN F: :PCPN: SNOW: WIND :SUNSHINE: SKY :PK WND
================================================================================
1 2 3 4 5 6A 6B 7 8 9 10 11 12 13 14 15 16 17 18
12Z AVG MX 2MIN
DY MAX MIN AVG DEP HDD CDD WTR SNW DPTH SPD SPD DIR MIN PSBL S-S WX SPD DR
================================================================================
1 64 50 57 1 8 0 0.00 M M 6.4 13 330 M M 5 18 M M
2 64 53 59 3 6 0 0.00 M M 8.4 16 330 M M 5 128 22 330
3 66 54 60 4 5 0 T M M 11.0 22 330 M M 9 1 25 340
4 64 50 57 1 8 0 T M M 10.4 24 340 M M 4 30 340
5 63 48 56 0 9 0 0.06 M M 8.6 20 350 M M 5 1 24 340
6 63 44 54 -2 11 0 T M M 8.0 20 260 M M 5 1 23 260
7 60 50 55 -2 10 0 0.01 M M 6.7 13 270 M M 8 16 280
8 62 49 56 -1 9 0 0.01 M M 8.4 18 270 M M 6 21 260
9 63 45 54 -3 11 0 0.00 M M 8.1 16 300 M M 3 20 340
10 64 49 57 0 8 0 0.01 M M 9.2 21 240 M M 6 25 230
11 63 52 58 1 7 0 0.26 M M 8.1 23 190 M M 10 1 29 190
12 66 55 61 4 4 0 1.01 M M 6.1 15 210 M M 9 1 20 220
13 63 59 61 4 4 0 1.28 M M 4.6 16 250 M M 10 1 18 230
14 66 54 60 3 5 0 0.00 M M 8.1 21 250 M M 6 1 25 240
15 67 51 59 2 6 0 0.00 M M 8.9 21 260 M M 3 24 250
16 67 51 59 2 6 0 0.00 M M 13.2 28 350 M M 1 35 350
17 65 55 60 2 5 0 0.00 M M 14.6 28 350 M M 6 1 33 360
18 64 55 60 2 5 0 0.00 M M 21.7 35 350 M M 5 43 360
19 65 52 59 1 6 0 0.00 M M 19.0 30 360 M M 0 37 350
20 62 53 58 0 7 0 T M M 14.1 29 350 M M 8 128 38 360
21 64 54 59 1 6 0 0.01 M M 6.8 15 330 M M 10 1 20 340
22 62 53 58 0 7 0 0.01 M M 6.7 17 350 M M 10 1 21 350
23 64 55 60 2 5 0 0.01 M M 10.4 21 340 M M 9 1 24 340
24 65 56 61 3 4 0 0.00 M M 11.0 25 350 M M 6 1 30 350
25 65 54 60 2 5 0 T M M 6.5 15 320 M M 7 12 17 320
26 66 52 59 1 6 0 T M M 6.2 13 280 M M 4 12 M M
27 73 57 65 7 0 0 T M M 6.8 15 250 M M 2 12 M M
28 69 59 64 6 1 0 0.00 M M 9.3 20 240 M M 6 31 220
29 71 55 63 4 2 0 0.00 M M 9.8 23 240 M M 8 31 250
30 66 60 63 4 2 0 T M M 8.1 12 280 M M 10 1 M M
================================================================================
SM 1946 1584 178 0 2.67 M 285.2 M 186
================================================================================
AV 64.9 52.8 9.5 FASTST M M 6 MAX(MPH)
MISC ----> 35 350 43 360
================================================================================
NOTES:
# LAST OF SEVERAL OCCURRENCES
COLUMN 17 PEAK WIND IN M.P.H.
PRELIMINARY LOCAL CLIMATOLOGICAL DATA (WS FORM: F-6) , PAGE 2
STATION: NORTH BEND OR
MONTH: JUNE
YEAR: 2021
LATITUDE: 43 25 N
LONGITUDE: 124 15 W
[TEMPERATURE DATA] [PRECIPITATION DATA] SYMBOLS USED IN COLUMN 16
AVERAGE MONTHLY: 58.8 TOTAL FOR MONTH: 2.67 1 = FOG OR MIST
DPTR FM NORMAL: 1.4 DPTR FM NORMAL: 1.12 2 = FOG REDUCING VISIBILITY
HIGHEST: 73 ON 27 GRTST 24HR 2.18 ON 12-13 TO 1/4 MILE OR LESS
LOWEST: 44 ON 6 3 = THUNDER
SNOW, ICE PELLETS, HAIL 4 = ICE PELLETS
TOTAL MONTH: M 5 = HAIL
GRTST 24HR M ON M 6 = FREEZING RAIN OR DRIZZLE
GRTST DEPTH: M ON M 7 = DUSTSTORM OR SANDSTORM:
VSBY 1/2 MILE OR LESS
8 = SMOKE OR HAZE
[NO. OF DAYS WITH] [WEATHER - DAYS WITH] 9 = BLOWING SNOW
X = TORNADO
MAX 32 OR BELOW: 0 0.01 INCH OR MORE: 10
MAX 90 OR ABOVE: 0 0.10 INCH OR MORE: 3
MIN 32 OR BELOW: 0 0.50 INCH OR MORE: 2
MIN 0 OR BELOW: 0 1.00 INCH OR MORE: 2
[HDD (BASE 65) ]
TOTAL THIS MO. 178 CLEAR (SCALE 0-3) 4
DPTR FM NORMAL -52 PTCLDY (SCALE 4-7) 17
TOTAL FM JUL 1 4148 CLOUDY (SCALE 8-10) 9
DPTR FM NORMAL -222
[CDD (BASE 65) ]
TOTAL THIS MO. 0
DPTR FM NORMAL 0 [PRESSURE DATA]
TOTAL FM JAN 1 0 HIGHEST SLP 30.35 ON 15
DPTR FM NORMAL 0 LOWEST SLP 29.74 ON 28
[REMARKS]
#FINAL-06-21#