000
CXAK56 PAFG 010950
CF6OTZ
PRELIMINARY LOCAL CLIMATOLOGICAL DATA (WS FORM: F-6)
STATION: KOTZEBUE AK
MONTH: JUNE
YEAR: 2022
LATITUDE: 66 52 N
LONGITUDE: 162 38 W
TEMPERATURE IN F: :PCPN: SNOW: WIND :SUNSHINE: SKY :PK WND
================================================================================
1 2 3 4 5 6A 6B 7 8 9 10 11 12 13 14 15 16 17 18
12Z AVG MX 2MIN
DY MAX MIN AVG DEP HDD CDD WTR SNW DPTH SPD SPD DIR MIN PSBL S-S WX SPD DR
================================================================================
1 44 34 39 -2 26 0 T M M 6.3 13 210 M M 4 1 14 200
2 49 31 40 -2 25 0 0.00 M M 4.4 10 310 M M 0 18 13 310
3 51 35 43 1 22 0 0.00 M M 5.0 14 290 M M 0 1 17 290
4 38 32 35 -7 30 0 0.00 M M 9.8 18 280 M M 0 1 22 280
5 36 29 33 -10 32 0 0.00 M M 12.5 20 280 M M 5 1 24 290
6 39 30 35 -9 30 0 0.00 M M 9.2 17 280 M M 5 1 21 290
7 40 33 37 -7 28 0 0.00 M M 8.2 16 270 M M 2 18 19 270
8 53 33 43 -2 22 0 0.00 M M 7.0 16 300 M M 0 8 19 300
9 57 37 47 2 18 0 T M M 7.6 20 360 M M 0 8 24 360
10 51 41 46 0 19 0 0.00 M M 15.3 26 360 M M 1 32 360
11 46 35 41 -5 24 0 0.00 M M 10.9 21 10 M M 5 24 10
12 47 38 43 -4 22 0 0.01 M M 6.3 12 220 M M 4 18 13 220
13 49 39 44 -4 21 0 0.18 M M 12.9 30 160 M M 6 1 34 150
14 52 35 44 -4 21 0 0.00 M M 14.3 25 160 M M 4 30 150
15 50 38 44 -5 21 0 0.00 M M 10.4 18 170 M M 6 18 22 170
16 58 38 48 -1 17 0 0.00 M M 8.4 20 300 M M 2 18 21 300
17 52 46 49 -1 16 0 0.00 M M 10.5 15 290 M M 1 8 18 290
18 53 42 48 -2 17 0 0.00 M M 11.6 20 300 M M 0 8 24 300
19 60 43 52 1 13 0 0.00 M M 7.0 13 300 M M 0 8 15 300
20 56 48 52 0 13 0 0.00 M M 8.4 18 300 M M 2 8 22 300
21 50 45 48 -4 17 0 0.06 M M 10.4 20 200 M M 9 1 23 190
22 48 43 46 -6 19 0 0.19 M M 13.7 21 220 M M 10 1 26 200
23 51 43 47 -6 18 0 T M M 11.7 21 230 M M 10 24 230
24 55 42 49 -4 16 0 T M M 11.4 17 100 M M 5 20 210
25 58 49 54 0 11 0 0.04 M M 15.3 28 160 M M 7 1 33 150
26 59 50 55 1 10 0 T M M 15.1 25 170 M M 7 31 170
27 55 47 51 -3 14 0 0.01 M M 13.8 25 160 M M 10 29 160
28 58 44 51 -4 14 0 T M M 6.3 12 190 M M 9 M M
29 61 48 55 0 10 0 T M M 5.1 10 10 M M 5 M M
30 67 51 59 3 6 0 0.00 M M 7.3 14 80 M M 1 18 17 80
================================================================================
SM 1543 1199 572 0 0.49 M 296.1 M 120
================================================================================
AV 51.4 40.0 9.9 FASTST M M 4 MAX(MPH)
MISC ----> 30 160 34 150
================================================================================
NOTES:
# LAST OF SEVERAL OCCURRENCES
COLUMN 17 PEAK WIND IN M.P.H.
PRELIMINARY LOCAL CLIMATOLOGICAL DATA (WS FORM: F-6) , PAGE 2
STATION: KOTZEBUE AK
MONTH: JUNE
YEAR: 2022
LATITUDE: 66 52 N
LONGITUDE: 162 38 W
[TEMPERATURE DATA] [PRECIPITATION DATA] SYMBOLS USED IN COLUMN 16
AVERAGE MONTHLY: 45.7 TOTAL FOR MONTH: 0.49 1 = FOG OR MIST
DPTR FM NORMAL: -3.0 DPTR FM NORMAL: -0.11 2 = FOG REDUCING VISIBILITY
HIGHEST: 67 ON 30 GRTST 24HR 0.19 ON 22-22 TO 1/4 MILE OR LESS
LOWEST: 29 ON 5 3 = THUNDER
SNOW, ICE PELLETS, HAIL 4 = ICE PELLETS
TOTAL MONTH: M 5 = HAIL
GRTST 24HR M ON M 6 = FREEZING RAIN OR DRIZZLE
GRTST DEPTH: M ON M 7 = DUSTSTORM OR SANDSTORM:
VSBY 1/2 MILE OR LESS
8 = SMOKE OR HAZE
[NO. OF DAYS WITH] [WEATHER - DAYS WITH] 9 = BLOWING SNOW
X = TORNADO
MAX 32 OR BELOW: 0 0.01 INCH OR MORE: 6
MAX 90 OR ABOVE: 0 0.10 INCH OR MORE: 2
MIN 32 OR BELOW: 4 0.50 INCH OR MORE: 0
MIN 0 OR BELOW: 0 1.00 INCH OR MORE: 0
[HDD (BASE 65) ]
TOTAL THIS MO. 572 CLEAR (SCALE 0-3) 13
DPTR FM NORMAL 82 PTCLDY (SCALE 4-7) 12
TOTAL FM JUL 1 15980 CLOUDY (SCALE 8-10) 5
DPTR FM NORMAL 1524
[CDD (BASE 65) ]
TOTAL THIS MO. 0
DPTR FM NORMAL -2 [PRESSURE DATA]
TOTAL FM JAN 1 0 HIGHEST SLP M ON M
DPTR FM NORMAL -2 LOWEST SLP 29.57 ON 13
[REMARKS]
#FINAL-06-22#