000
CXAK56 PAFG 020200
CF6OTZ
PRELIMINARY LOCAL CLIMATOLOGICAL DATA (WS FORM: F-6)
STATION: KOTZEBUE AK
MONTH: MAY
YEAR: 2020
LATITUDE: 66 52 N
LONGITUDE: 162 38 W
TEMPERATURE IN F: :PCPN: SNOW: WIND :SUNSHINE: SKY :PK WND
================================================================================
1 2 3 4 5 6A 6B 7 8 9 10 11 12 13 14 15 16 17 18
12Z AVG MX 2MIN
DY MAX MIN AVG DEP HDD CDD WTR SNW DPTH SPD SPD DIR MIN PSBL S-S WX SPD DR
================================================================================
1 36 18 27 3 38 0 0.00 M M 8.9 17 80 M M 0 20 90
2 35 21 28 3 37 0 0.00 M M 7.0 10 300 M M 0 M M
3 35 16 26 1 39 0 0.00 M M 3.7 9 320 M M 0 11 310
4 40 22 31 5 34 0 0.00 M M 8.1 15 10 M M 0 19 10
5 32 19 26 -1 39 0 0.00 M M 7.4 13 290 M M 2 1 14 290
6 38 13 26 -1 39 0 0.00 M M 5.4 10 250 M M 4 12 12 250
7 43 31 37 9 28 0 0.00 M M 9.7 20 110 M M 1 21 110
8 48 32 40 12 25 0 0.00 M M 11.4 22 100 M M 1 26 100
9 50 34 42 13 23 0 0.00 M M 14.3 22 130 M M 2 23 130
10 57 39 48 19 17 0 0.00 M M 14.5 21 100 M M 3 24 100
11 46 34 40 10 25 0 0.00 M M 5.7 14 60 M M 0 18 14 60
12 51 32 42 12 23 0 0.00 M M 11.2 23 120 M M 2 26 120
13 52 34 43 12 22 0 0.00 M M 5.8 21 80 M M 5 1 24 80
14 50 34 42 11 23 0 0.00 M M 12.4 20 60 M M 0 25 50
15 56 34 45 13 20 0 0.00 M M 11.9 26 80 M M 1 30 80
16 47 32 40 8 25 0 0.00 M M 7.9 16 90 M M 0 8 18 90
17 52 32 42 9 23 0 0.00 M M 11.9 22 110 M M 0 26 120
18 51 33 42 9 23 0 0.00 M M 11.2 20 110 M M 1 22 100
19 52 34 43 9 22 0 0.00 M M 10.8 24 90 M M 1 28 90
20 43 32 38 4 27 0 T M M 7.9 17 70 M M 5 1 22 70
21 51 33 42 8 23 0 0.14 M M 8.7 15 140 M M 8 1 16 140
22 46 37 42 7 23 0 0.08 M M 2.6 9 110 M M 9 12 M M
23 38 33 36 1 29 0 0.00 M M 5.9 17 300 M M 6 12 21 290
24 36 32 34 -2 31 0 T M M 8.6 15 260 M M 7 17 280
25 53 32 43 7 22 0 0.00 M M 8.8 18 130 M M 5 12 23 170
26 51 36 44 7 21 0 0.00 M M 4.6 15 10 M M 2 19 10
27 52 38 45 8 20 0 0.10 M M 2.9 7 360 M M 6 1 9 320
28 47 34 41 4 24 0 0.00 M M 5.1 13 310 M M 2 15 290
29 55 40 48 10 17 0 0.00 M M 8.5 17 300 M M 0 20 300
30 69 42 56 18 9 0 0.00 M M 6.6 16 310 M M 1 19 310
31 72 51 62 23 3 0 0.00 M M 10.4 22 110 M M 0 25 100
================================================================================
SM 1484 984 774 0 0.32 M 259.8 M 74
================================================================================
AV 47.9 31.7 8.4 FASTST M M 2 MAX(MPH)
MISC ----> # 26 80 # 30 80
================================================================================
NOTES:
# LAST OF SEVERAL OCCURRENCES
COLUMN 17 PEAK WIND IN M.P.H.
PRELIMINARY LOCAL CLIMATOLOGICAL DATA (WS FORM: F-6) , PAGE 2
STATION: KOTZEBUE AK
MONTH: MAY
YEAR: 2020
LATITUDE: 66 52 N
LONGITUDE: 162 38 W
[TEMPERATURE DATA] [PRECIPITATION DATA] SYMBOLS USED IN COLUMN 16
AVERAGE MONTHLY: 39.8 TOTAL FOR MONTH: 0.32 1 = FOG OR MIST
DPTR FM NORMAL: 7.9 DPTR FM NORMAL: -0.09 2 = FOG REDUCING VISIBILITY
HIGHEST: 72 ON 31 GRTST 24HR 0.14 ON 21-21 TO 1/4 MILE OR LESS
LOWEST: 13 ON 6 3 = THUNDER
SNOW, ICE PELLETS, HAIL 4 = ICE PELLETS
TOTAL MONTH: M 5 = HAIL
GRTST 24HR M ON M 6 = FREEZING RAIN OR DRIZZLE
GRTST DEPTH: M ON M 7 = DUSTSTORM OR SANDSTORM:
VSBY 1/2 MILE OR LESS
8 = SMOKE OR HAZE
[NO. OF DAYS WITH] [WEATHER - DAYS WITH] 9 = BLOWING SNOW
X = TORNADO
MAX 32 OR BELOW: 1 0.01 INCH OR MORE: 3
MAX 90 OR ABOVE: 0 0.10 INCH OR MORE: 2
MIN 32 OR BELOW: 14 0.50 INCH OR MORE: 0
MIN 0 OR BELOW: 0 1.00 INCH OR MORE: 0
[HDD (BASE 65) ]
TOTAL THIS MO. 774 CLEAR (SCALE 0-3) 21
DPTR FM NORMAL -252 PTCLDY (SCALE 4-7) 9
TOTAL FM JUL 1 13518 CLOUDY (SCALE 8-10) 1
DPTR FM NORMAL -1286
[CDD (BASE 65) ]
TOTAL THIS MO. 0
DPTR FM NORMAL 0 [PRESSURE DATA]
TOTAL FM JAN 1 0 HIGHEST SLP 30.39 ON 28
DPTR FM NORMAL 0 LOWEST SLP 29.45 ON 24
[REMARKS]
#FINAL-05-20#