000
CXUS53 KPAH 010700
CF6OWB
PRELIMINARY LOCAL CLIMATOLOGICAL DATA (WS FORM: F-6)
STATION: OWENSBORO KY
MONTH: FEBRUARY
YEAR: 2023
LATITUDE: 37 45 N
LONGITUDE: 87 10 W
TEMPERATURE IN F: :PCPN: SNOW: WIND :SUNSHINE: SKY :PK WND
================================================================================
1 2 3 4 5 6A 6B 7 8 9 10 11 12 13 14 15 16 17 18
12Z AVG MX 2MIN
DY MAX MIN AVG DEP HDD CDD WTR SNW DPTH SPD SPD DIR MIN PSBL S-S WX SPD DR
================================================================================
1 35 20 28 -9 37 0 0.00 M M 3.9 10 60 M M 1 14 350
2 35 24 30 -7 35 0 0.00 M M 3.4 9 320 M M 0 12 260
3 31 19 25 -12 40 0 0.00 M M 8.6 18 350 M M 0 24 350
4 46 17 32 -6 33 0 0.00 M M 9.4 17 210 M M 0 21 210
5 56 35 46 8 19 0 0.00 M M 10.8 24 250 M M 2 30 250
6 61 26 44 6 21 0 0.00 M M 6.1 15 170 M M 0 12 17 170
7 61 46 54 16 11 0 0.02 M M 8.9 18 220 M M 8 1 22 210
8 62 45 54 16 11 0 0.24 M M 7.5 20 160 M M 9 1 24 170
9 64 43 54 15 11 0 0.16 M M 18.8 38 230 M M 10 1 45 220
10 44 32 38 -1 27 0 0.00 M M 6.9 16 310 M M 9 8 18 310
11 51 26 39 0 26 0 0.00 M M 6.1 13 20 M M 0 1 16 60
12 57 31 44 5 21 0 0.00 M M 5.6 13 10 M M 0 16 20
13 61 31 46 6 19 0 0.00 M M 5.0 15 310 M M 0 17 310
14 62 36 49 9 16 0 0.01 M M 10.7 23 200 M M 4 30 210
15 74 50 62 22 3 0 0.00 M M 12.1 22 220 M M 1 8 26 230
16 64 38 51 11 14 0 1.29 M M 13.8 29 310 M M 9 13 35 310
17 38 23 31 -10 34 0 T M M 11.5 25 300 M M 8 31 310
18 49 22 36 -5 29 0 0.00 M M 8.3 15 160 M M 0 17 170
19 60 39 50 9 15 0 0.00 M M 11.1 23 220 M M 1 29 220
20 66 42 54 13 11 0 0.01 M M 6.6 16 220 M M 5 21 220
21 59 37 48 6 17 0 0.00 M M 6.1 14 130 M M 2 16 130
22 77 55 66 24 0 1 0.33 M M 15.0 33 200 M M 7 1 45 220
23 72 39 56 14 9 0 0.01 M M 13.0 24 330 M M 6 1 28 330
24 46 30 38 -4 27 0 0.00 M M 8.7 17 360 M M 2 23 20
25 51 37 44 1 21 0 T M M 4.6 15 320 M M 4 18 18 320
26 58 36 47 4 18 0 T M M 6.5 13 160 M M 5 15 150
27 73 52 63 20 2 0 0.10 M M 18.7 47 230 M M 5 138 59 240
28 63 45 54 10 11 0 0.00 M M 5.7 13 320 M M 2 16 330
================================================================================
SM 1576 976 538 1 2.17 M 253.4 M 100
================================================================================
AV 56.3 34.9 9.1 FASTST M M 4 MAX(MPH)
MISC ----> 47 230 59 240
================================================================================
NOTES:
# LAST OF SEVERAL OCCURRENCES
COLUMN 17 PEAK WIND IN M.P.H.
PRELIMINARY LOCAL CLIMATOLOGICAL DATA (WS FORM: F-6) , PAGE 2
STATION: OWENSBORO KY
MONTH: FEBRUARY
YEAR: 2023
LATITUDE: 37 45 N
LONGITUDE: 87 10 W
[TEMPERATURE DATA] [PRECIPITATION DATA] SYMBOLS USED IN COLUMN 16
AVERAGE MONTHLY: 45.6 TOTAL FOR MONTH: 2.17 1 = FOG OR MIST
DPTR FM NORMAL: 5.5 DPTR FM NORMAL: -1.94 2 = FOG REDUCING VISIBILITY
HIGHEST: 77 ON 22 GRTST 24HR 1.29 ON 16-16 TO 1/4 MILE OR LESS
LOWEST: 17 ON 4 3 = THUNDER
SNOW, ICE PELLETS, HAIL 4 = ICE PELLETS
TOTAL MONTH: M 5 = HAIL
GRTST 24HR M ON M 6 = FREEZING RAIN OR DRIZZLE
GRTST DEPTH: M ON M 7 = DUSTSTORM OR SANDSTORM:
VSBY 1/2 MILE OR LESS
8 = SMOKE OR HAZE
[NO. OF DAYS WITH] [WEATHER - DAYS WITH] 9 = BLOWING SNOW
X = TORNADO
MAX 32 OR BELOW: 1 0.01 INCH OR MORE: 9
MAX 90 OR ABOVE: 0 0.10 INCH OR MORE: 5
MIN 32 OR BELOW: 12 0.50 INCH OR MORE: 1
MIN 0 OR BELOW: 0 1.00 INCH OR MORE: 1
[HDD (BASE 65) ]
TOTAL THIS MO. 538 CLEAR (SCALE 0-3) 15
DPTR FM NORMAL -159 PTCLDY (SCALE 4-7) 9
TOTAL FM JUL 1 2917 CLOUDY (SCALE 8-10) 4
DPTR FM NORMAL -172
[CDD (BASE 65) ]
TOTAL THIS MO. 1
DPTR FM NORMAL 1 [PRESSURE DATA]
TOTAL FM JAN 1 1 HIGHEST SLP 30.62 ON 3
DPTR FM NORMAL 1 LOWEST SLP 29.26 ON 27
[REMARKS]
#FINAL-02-23#