000
CXUS53 KDDC 021845
CF6P28
PRELIMINARY LOCAL CLIMATOLOGICAL DATA (WS FORM: F-6)
STATION: MEDICINE LODGE KS
MONTH: DECEMBER
YEAR: 2023
LATITUDE: 37 17 N
LONGITUDE: 98 35 W
TEMPERATURE IN F: :PCPN: SNOW: WIND :SUNSHINE: SKY :PK WND
================================================================================
1 2 3 4 5 6A 6B 7 8 9 10 11 12 13 14 15 16 17 18
12Z AVG MX 2MIN
DY MAX MIN AVG DEP HDD CDD WTR SNW DPTH SPD SPD DIR MIN PSBL S-S WX SPD DR
================================================================================
1 48 28 38 -1 27 0 0.01 0.0 0 9.2 24 10 M M 0 34 360
2 39 27 33 -6 32 0 0.00 0.0 0 4.0 9 140 M M 0 15 140
3 62 24 43 4 22 0 0.00 0.0 0 7.1 29 320 M M 0 43 320
4 62 30 46 8 19 0 0.00 0.0 0 6.6 20 220 M M 0 28 190
5 61 32 47 9 18 0 0.00 0.0 0 5.6 14 360 M M 0 19 340
6 66 31 49 11 16 0 0.00 0.0 0 8.7 20 170 M M 0 26 180
7 74 43 59 22 6 0 0.00 0.0 0 9.9 24 220 M M 0 34 220
8 64 37 51 14 14 0 0.00 0.0 0 9.4 29 10 M M 0 40 360
9 52 27 40 3 25 0 0.00 0.0 0 11.7 24 340 M M 0 38 310
10 53 20 37 1 28 0 0.00 0.0 0 6.1 16 170 M M 0 23 170
11 64 23 44 8 21 0 0.00 0.0 0 4.2 12 180 M M 0 15 180
12 55 29 42 6 23 0 0.00 0.0 0 5.7 13 90 M M 0 19 80
13 53 43 48 12 17 0 0.00 0.0 0 5.7 9 120 M M 0 14 100
14 50 43 47 12 18 0 0.63 0.0 0 4.7 12 90 M M 0 17 80
15 46 37 42 7 23 0 0.49 0.0 0 6.5 14 330 M M 0 20 90
16 56 30 43 8 22 0 0.00 0.0 0 6.1 17 320 M M 0 28 320
17 67 28 48 13 17 0 0.00 0.0 0 5.5 16 10 M M 0 22 350
18 49 30 40 5 25 0 0.00 0.0 0 6.5 16 10 M M 0 22 30
19 59 33 46 12 19 0 0.00 0.0 0 12.0 25 180 M M 0 38 190
20 61 40 51 17 14 0 0.00 0.0 0 8.3 16 180 M M 0 24 180
21 61 52 57 23 8 0 0.04 0.0 0 6.2 15 190 M M 0 19 170
22 68 38 53 19 12 0 0.00 0.0 0 4.3 15 270 M M 0 22 280
23 60 37 49 15 16 0 0.77 0.0 0 9.3 18 120 M M 0 29 160
24 60 36 48 14 17 0 0.17 0.0 0 13.7 29 340 M M 0 42 350
25 36 31 34 0 31 0 0.00 0.0 0 17.1 28 330 M M 0 41 320
26 40 32 36 2 29 0 0.00 0.0 0 12.5 22 290 M M 0 33 260
27 40 29 35 1 30 0 0.00 0.0 0 13.2 24 350 M M 0 33 360
28 46 30 38 4 27 0 0.00 0.0 0 8.4 16 350 M M 0 22 350
29 56 27 42 8 23 0 0.00 0.0 0 8.9 20 340 M M 0 30 320
30 60 26 43 10 22 0 0.00 0.0 0 3.9 8 310 M M 0 10 130
31 39 30 35 2 30 0 0.00 0.0 0 9.8 20 10 M M 0 24 10
================================================================================
SM 1707 1003 652 0 2.11 0.0 250.8 M 0
================================================================================
AV 55.1 32.4 8.0 FASTST M M 0 MAX(MPH)
MISC ----> # 29 340 43 320
================================================================================
NOTES:
# LAST OF SEVERAL OCCURRENCES
COLUMN 17 PEAK WIND IN M.P.H.
PRELIMINARY LOCAL CLIMATOLOGICAL DATA (WS FORM: F-6) , PAGE 2
STATION: MEDICINE LODGE KS
MONTH: DECEMBER
YEAR: 2023
LATITUDE: 37 17 N
LONGITUDE: 98 35 W
[TEMPERATURE DATA] [PRECIPITATION DATA] SYMBOLS USED IN COLUMN 16
AVERAGE MONTHLY: 43.8 TOTAL FOR MONTH: 2.11 1 = FOG OR MIST
DPTR FM NORMAL: 8.3 DPTR FM NORMAL: 1.02 2 = FOG REDUCING VISIBILITY
HIGHEST: 74 ON 7 GRTST 24HR 1.11 ON 14-15 TO 1/4 MILE OR LESS
LOWEST: 20 ON 10 3 = THUNDER
SNOW, ICE PELLETS, HAIL 4 = ICE PELLETS
TOTAL MONTH: 0.0 INCH 5 = HAIL
GRTST 24HR 0.0 6 = FREEZING RAIN OR DRIZZLE
GRTST DEPTH: 0 7 = DUSTSTORM OR SANDSTORM:
VSBY 1/2 MILE OR LESS
8 = SMOKE OR HAZE
[NO. OF DAYS WITH] [WEATHER - DAYS WITH] 9 = BLOWING SNOW
X = TORNADO
MAX 32 OR BELOW: 0 0.01 INCH OR MORE: 6
MAX 90 OR ABOVE: 0 0.10 INCH OR MORE: 4
MIN 32 OR BELOW: 20 0.50 INCH OR MORE: 2
MIN 0 OR BELOW: 0 1.00 INCH OR MORE: 0
[HDD (BASE 65) ]
TOTAL THIS MO. 651
DPTR FM NORMAL -263
TOTAL FM JUL 1 1362
DPTR FM NORMAL -409
[CDD (BASE 65) ]
TOTAL THIS MO. 0
DPTR FM NORMAL 0 [PRESSURE DATA]
TOTAL FM JAN 1 1885 HIGHEST SLP 30.55 ON 14
DPTR FM NORMAL 64 LOWEST SLP 29.54 ON 7
[REMARKS]
#FINAL-12-23#