000
CXUS55 KRIW 102045
CF6P60
PRELIMINARY LOCAL CLIMATOLOGICAL DATA (WS FORM: F-6)
STATION: LAKE YELLOWSTONE WY
MONTH: FEBRUARY
YEAR: 2022
LATITUDE: 44 32 N
LONGITUDE: 110 25 W
TEMPERATURE IN F: :PCPN: SNOW: WIND :SUNSHINE: SKY :PK WND
================================================================================
1 2 3 4 5 6A 6B 7 8 9 10 11 12 13 14 15 16 17 18
12Z AVG MX 2MIN
DY MAX MIN AVG DEP HDD CDD WTR SNW DPTH SPD SPD DIR MIN PSBL S-S WX SPD DR
================================================================================
1 13 -15 -1 -13 66 0 0.00 M M 2.0 12 280 M M M 18 260
2 9 -17 -4 -16 69 0 0.00 M M 1.8 14 300 M M M 23 310
3 12 -14 -1 -13 66 0 0.00 M M 0.6 7 270 M M M 10 230
4 23 5 14 2 51 0 0.00 M M 1.9 9 250 M M M 18 270
5 24 8 16 4 49 0 0.00 M M 4.4 14 270 M M M 27 260
6 26 -3 12 0 53 0 0.00 M M 0.6 7 280 M M M 12 220
7 31 -11 10 -2 55 0 0.00 M M 1.1 8 280 M M M 19 200
8 33 -5 14 2 51 0 0.01 M M 2.3 14 280 M M M 25 290
9 35 20 28 16 37 0 0.32 M M 1.2 10 290 M M M 18 330
10 32 19 26 14 39 0 0.12 M M 2.4 13 290 M M M 24 270
11 29 -3 13 0 52 0 0.00 M M 2.5 17 310 M M M 31 270
12 28 -6 11 -2 54 0 0.00 M M 0.9 7 110 M M M 13 110
13 37 -8 15 2 50 0 0.01 M M 0.8 5 270 M M M 10 220
14 40 -1 20 7 45 0 0.26 M M 1.7 14 270 M M M 26 300
15 30 16 23 10 42 0 0.17 M M 1.7 10 300 M M M 19 280
16 28 -3 13 0 52 0 0.03 M M 2.2 9 330 M M M 20 10
17 22 1 12 -2 53 0 0.01 M M 2.8 14 270 M M M 28 280
18 29 17 23 9 42 0 0.00 M M 3.4 14 270 M M M 23 280
19 33 22 28 14 37 0 0.00 M M 4.4 14 250 M M M 28 250
20 31 20 26 12 39 0 0.16 M M 6.5 17 270 M M M 34 260
21 20 -4 8 -6 57 0 0.15 M M 1.7 7 340 M M M 14 50
22 3 -23 -10 -25 75 0 0.03 M M 1.6 8 80 M M M 13 80
23 19 -29 -5 -20 70 0 0.00 M M 1.2 8 300 M M M 15 290
24 9 -25 -8 -23 73 0 0.04 M M 1.1 8 280 M M M 19 250
25 14 -24 -5 -21 70 0 0.00 M M 1.0 9 260 M M M 16 220
26 16 -9 4 -12 61 0 0.00 M M 0.6 6 120 M M M 10 110
27 29 -19 5 -11 60 0 0.00 M M 0.8 7 200 M M M 14 180
28 34 9 22 6 43 0 0.00 M M 4.1 14 250 M M M 28 260
================================================================================
SM 689 -82 1511 0 1.31 M 57.3 M M
================================================================================
AV 24.6 -2.9 2.0 FASTST M M M MAX(MPH)
MISC ----> # 17 310 34 260
================================================================================
NOTES:
# LAST OF SEVERAL OCCURRENCES
COLUMN 17 PEAK WIND IN M.P.H.
PRELIMINARY LOCAL CLIMATOLOGICAL DATA (WS FORM: F-6) , PAGE 2
STATION: LAKE YELLOWSTONE WY
MONTH: FEBRUARY
YEAR: 2022
LATITUDE: 44 32 N
LONGITUDE: 110 25 W
[TEMPERATURE DATA] [PRECIPITATION DATA] SYMBOLS USED IN COLUMN 16
AVERAGE MONTHLY: 10.8 TOTAL FOR MONTH: 1.31 1 = FOG OR MIST
DPTR FM NORMAL: -2.7 DPTR FM NORMAL: -0.39 2 = FOG REDUCING VISIBILITY
HIGHEST: 40 ON 14 GRTST 24HR 0.32 ON 9- 9 TO 1/4 MILE OR LESS
LOWEST: -29 ON 23 3 = THUNDER
SNOW, ICE PELLETS, HAIL 4 = ICE PELLETS
TOTAL MONTH: M 5 = HAIL
GRTST 24HR M ON M 6 = FREEZING RAIN OR DRIZZLE
GRTST DEPTH: M ON M 7 = DUSTSTORM OR SANDSTORM:
VSBY 1/2 MILE OR LESS
8 = SMOKE OR HAZE
[NO. OF DAYS WITH] [WEATHER - DAYS WITH] 9 = BLOWING SNOW
X = TORNADO
MAX 32 OR BELOW: 22 0.01 INCH OR MORE: 12
MAX 90 OR ABOVE: 0 0.10 INCH OR MORE: 6
MIN 32 OR BELOW: 28 0.50 INCH OR MORE: 0
MIN 0 OR BELOW: 18 1.00 INCH OR MORE: 0
[HDD (BASE 65) ]
TOTAL THIS MO. 1511 CLEAR (SCALE 0-3) 0
DPTR FM NORMAL 69 PTCLDY (SCALE 4-7) 0
TOTAL FM JUL 1 7708 CLOUDY (SCALE 8-10) 28
DPTR FM NORMAL -494
[CDD (BASE 65) ]
TOTAL THIS MO. 0
DPTR FM NORMAL 0 [PRESSURE DATA]
TOTAL FM JAN 1 0 HIGHEST SLP M ON M
DPTR FM NORMAL 0 LOWEST SLP M ON M
[REMARKS]
#FINAL-02-22#