000
CXUS54 KLZK 011230
CF6PBF
PRELIMINARY LOCAL CLIMATOLOGICAL DATA (WS FORM: F-6)
STATION: PINE BLUFF
MONTH: JULY
YEAR: 2023
LATITUDE: 34 10 N
LONGITUDE: 91 56 W
TEMPERATURE IN F: :PCPN: SNOW: WIND :SUNSHINE: SKY :PK WND
================================================================================
1 2 3 4 5 6A 6B 7 8 9 10 11 12 13 14 15 16 17 18
12Z AVG MX 2MIN
DY MAX MIN AVG DEP HDD CDD WTR SNW DPTH SPD SPD DIR MIN PSBL S-S WX SPD DR
================================================================================
1 97 79 88 7 0 23 0.00 0.0 0 7.7 18 200 M M 0 1 26 200
2 96 78 87 6 0 22 0.19 0.0 0 6.5 25 270 M M 0 38 36 270
3 94 74 84 3 0 19 0.37 0.0 0 6.1 24 270 M M 3 13 39 320
4 90 73 82 0 0 17 T 0.0 0 3.6 25 180 M M 1 3 31 180
5 94 72 83 1 0 18 0.00 0.0 0 5.9 17 190 M M 1 13 20 190
6 92 75 84 2 0 19 0.05 0.0 0 6.6 17 200 M M 2 3 24 200
7 89 75 82 0 0 17 0.04 0.0 0 4.8 10 280 M M 5 1 15 250
8 89 75 82 0 0 17 0.01 0.0 0 6.4 22 290 M M 1 33 290
9 81 72 77 -5 0 12 0.19 0.0 0 4.8 16 270 M M 5 13 23 280
10 87 70 79 -3 0 14 0.00 0.0 0 3.9 9 20 M M 5 1 13 30
11 88 67 78 -4 0 13 0.00 0.0 0 4.9 14 100 M M 5 123 16 90
12 85 75 80 -2 0 15 0.08 0.0 0 7.4 18 250 M M 5 3 27 270
13 90 75 83 1 0 18 0.04 0.0 0 5.6 25 330 M M 2 1 36 330
14 89 74 82 0 0 17 0.31 0.0 0 5.5 36 320 M M 2 13 51 330
15 92 74 83 1 0 18 0.36 0.0 0 3.8 18 300 M M 4 13 28 310
16 95 73 84 2 0 19 0.00 0.0 0 2.2 8 290 M M 0 18 12 300
17 95 73 84 2 0 19 0.00 0.0 0 4.7 12 290 M M 1 14 290
18 99 80 90 8 0 25 0.00 0.0 0 8.1 16 190 M M 0 21 190
19 98 82 90 8 0 25 0.00 0.0 0 9.6 16 210 M M 0 22 200
20 97 81 89 7 0 24 0.00 0.0 0 7.1 13 200 M M 0 22 310
21 89 76 83 1 0 18 0.00 0.0 0 5.8 16 330 M M 2 3 20 340
22 89 72 81 -1 0 16 T 0.0 0 5.0 13 30 M M 4 3 19 20
23 95 69 82 0 0 17 0.00 0.0 0 3.5 9 330 M M 0 1 13 310
24 95 70 83 1 0 18 0.00 0.0 0 4.6 12 200 M M 0 1 14 240
25 96 71 84 2 0 19 0.00 0.0 0 6.0 15 190 M M 0 18 190
26 96 76 86 4 0 21 0.00 0.0 0 6.4 14 230 M M 0 18 250
27 99 75 87 5 0 22 0.00 0.0 0 4.6 12 260 M M 0 18 15 260
28 99 75 87 5 0 22 0.00 0.0 0 3.7 13 190 M M 0 1 17 170
29 100 75 88 6 0 23 0.00 0.0 0 4.1 12 280 M M 0 18 14 270
30 101 77 89 7 0 24 0.00 0.0 0 3.1 12 350 M M 0 18 17 330
31 96 74 85 3 0 20 0.06 0.0 0 3.8 31 320 M M 1 3 41 320
================================================================================
SM 2892 2307 0 591 1.70 0.0 165.8 M 49
================================================================================
AV 93.3 74.4 5.3 FASTST M M 2 MAX(MPH)
MISC ----> 36 320 51 330
================================================================================
NOTES:
# LAST OF SEVERAL OCCURRENCES
COLUMN 17 PEAK WIND IN M.P.H.
PRELIMINARY LOCAL CLIMATOLOGICAL DATA (WS FORM: F-6) , PAGE 2
STATION: PINE BLUFF
MONTH: JULY
YEAR: 2023
LATITUDE: 34 10 N
LONGITUDE: 91 56 W
[TEMPERATURE DATA] [PRECIPITATION DATA] SYMBOLS USED IN COLUMN 16
AVERAGE MONTHLY: 83.9 TOTAL FOR MONTH: 1.70 1 = FOG OR MIST
DPTR FM NORMAL: 2.0 DPTR FM NORMAL: -1.99 2 = FOG REDUCING VISIBILITY
HIGHEST: 101 ON 30 GRTST 24HR 0.64 ON 14-15 TO 1/4 MILE OR LESS
LOWEST: 67 ON 11 3 = THUNDER
SNOW, ICE PELLETS, HAIL 4 = ICE PELLETS
TOTAL MONTH: 0.0 INCH 5 = HAIL
GRTST 24HR 0.0 6 = FREEZING RAIN OR DRIZZLE
GRTST DEPTH: 0 7 = DUSTSTORM OR SANDSTORM:
VSBY 1/2 MILE OR LESS
8 = SMOKE OR HAZE
[NO. OF DAYS WITH] [WEATHER - DAYS WITH] 9 = BLOWING SNOW
X = TORNADO
MAX 32 OR BELOW: 0 0.01 INCH OR MORE: 11
MAX 90 OR ABOVE: 22 0.10 INCH OR MORE: 5
MIN 32 OR BELOW: 0 0.50 INCH OR MORE: 0
MIN 0 OR BELOW: 0 1.00 INCH OR MORE: 0
[HDD (BASE 65) ]
TOTAL THIS MO. 0 CLEAR (SCALE 0-3) 24
DPTR FM NORMAL 0 PTCLDY (SCALE 4-7) 7
TOTAL FM JUL 1 0 CLOUDY (SCALE 8-10) 0
DPTR FM NORMAL 0
[CDD (BASE 65) ]
TOTAL THIS MO. 591
DPTR FM NORMAL 67 [PRESSURE DATA]
TOTAL FM JAN 1 1466 HIGHEST SLP 30.15 ON 25
DPTR FM NORMAL 203 LOWEST SLP 29.81 ON 14
[REMARKS]
#FINAL-07-23#