000
CXUS51 KBTV 010700
CF6PBG
PRELIMINARY LOCAL CLIMATOLOGICAL DATA (WS FORM: F-6)
STATION: PLATTSBURGH NY
MONTH: APRIL
YEAR: 2022
LATITUDE: 44 39 N
LONGITUDE: 73 28 W
TEMPERATURE IN F: :PCPN: SNOW: WIND :SUNSHINE: SKY :PK WND
================================================================================
1 2 3 4 5 6A 6B 7 8 9 10 11 12 13 14 15 16 17 18
12Z AVG MX 2MIN
DY MAX MIN AVG DEP HDD CDD WTR SNW DPTH SPD SPD DIR MIN PSBL S-S WX SPD DR
================================================================================
1 52 34 43 7 22 0 T M M 6.7 17 310 M M 8 27 310
2 47 29 38 1 27 0 0.00 M M 8.4 20 300 M M 1 30 320
3 46 28 37 0 28 0 T M M 6.6 20 10 M M 6 24 20
4 50 28 39 1 26 0 T M M 5.8 22 340 M M 6 27 340
5 54 33 44 6 21 0 0.00 M M 5.2 13 130 M M 5 15 130
6 62 27 45 6 20 0 0.00 M M 3.6 13 10 M M 1 15 30
7 51 39 45 6 20 0 1.09 M M 7.7 17 160 M M 10 1 27 140
8 54 34 44 4 21 0 0.52 M M 4.5 14 20 M M 8 1 16 10
9 43 32 38 -2 27 0 0.40 M M 3.1 14 340 M M 9 1 19 300
10 49 36 43 2 22 0 0.00 M M 8.1 17 310 M M 9 26 320
11 55 27 41 0 24 0 T M M 6.9 18 150 M M 3 22 140
12 66 42 54 12 11 0 0.15 M M 5.8 22 320 M M 4 1 34 300
13 53 42 48 6 17 0 0.17 M M 4.1 13 350 M M 8 13 17 260
14 66 43 55 12 10 0 0.23 M M 4.6 13 290 M M 8 12 21 290
15 63 32 48 5 17 0 0.03 M M 7.5 23 220 M M 5 36 230
16 47 38 43 -1 22 0 0.06 M M 5.4 18 340 M M 8 23 320
17 48 34 41 -3 24 0 0.00 M M 8.8 24 330 M M 7 33 310
18 51 25 38 -7 27 0 0.01 M M 5.4 21 150 M M 1 29 150
19 44 32 38 -7 27 0 0.86 M M 8.5 20 360 M M 9 1 24 160
20 49 29 39 -7 26 0 T M M 7.5 24 310 M M 5 33 320
21 56 26 41 -5 24 0 T M M 9.4 26 160 M M 4 39 170
22 56 38 47 0 18 0 0.01 M M 8.4 21 340 M M 5 32 310
23 47 32 40 -7 25 0 0.00 M M 5.3 13 30 M M 1 15 50
24 56 39 48 0 17 0 T M M 4.0 10 80 M M 6 14 150
25 68 38 53 5 12 0 0.00 M M 12.8 25 150 M M 1 33 150
26 59 50 55 6 10 0 T M M 6.1 18 150 M M 10 23 150
27 50 37 44 -5 21 0 0.00 M M 9.9 24 310 M M 10 33 300
28 50 35 43 -7 22 0 0.00 M M 16.0 29 330 M M 4 38 340
29 57 34 46 -4 19 0 0.00 M M 13.3 29 350 M M 2 37 350
30 56 35 46 -4 19 0 0.00 M M 8.9 20 50 M M 1 24 50
================================================================================
SM 1605 1028 626 0 3.53 M 218.3 M 165
================================================================================
AV 53.5 34.3 7.3 FASTST M M 6 MAX(MPH)
MISC ----> # 29 330 39 170
================================================================================
NOTES:
# LAST OF SEVERAL OCCURRENCES
COLUMN 17 PEAK WIND IN M.P.H.
PRELIMINARY LOCAL CLIMATOLOGICAL DATA (WS FORM: F-6) , PAGE 2
STATION: PLATTSBURGH NY
MONTH: APRIL
YEAR: 2022
LATITUDE: 44 39 N
LONGITUDE: 73 28 W
[TEMPERATURE DATA] [PRECIPITATION DATA] SYMBOLS USED IN COLUMN 16
AVERAGE MONTHLY: 43.9 TOTAL FOR MONTH: 3.53 1 = FOG OR MIST
DPTR FM NORMAL: 0.4 DPTR FM NORMAL: 0.98 2 = FOG REDUCING VISIBILITY
HIGHEST: 68 ON 25 GRTST 24HR 1.53 ON 7- 8 TO 1/4 MILE OR LESS
LOWEST: 25 ON 18 3 = THUNDER
SNOW, ICE PELLETS, HAIL 4 = ICE PELLETS
TOTAL MONTH: M 5 = HAIL
GRTST 24HR M ON M 6 = FREEZING RAIN OR DRIZZLE
GRTST DEPTH: M ON M 7 = DUSTSTORM OR SANDSTORM:
VSBY 1/2 MILE OR LESS
8 = SMOKE OR HAZE
[NO. OF DAYS WITH] [WEATHER - DAYS WITH] 9 = BLOWING SNOW
X = TORNADO
MAX 32 OR BELOW: 0 0.01 INCH OR MORE: 11
MAX 90 OR ABOVE: 0 0.10 INCH OR MORE: 7
MIN 32 OR BELOW: 12 0.50 INCH OR MORE: 3
MIN 0 OR BELOW: 0 1.00 INCH OR MORE: 1
[HDD (BASE 65) ]
TOTAL THIS MO. 626 CLEAR (SCALE 0-3) 7
DPTR FM NORMAL -20 PTCLDY (SCALE 4-7) 14
TOTAL FM JUL 1 7025 CLOUDY (SCALE 8-10) 9
DPTR FM NORMAL -146
[CDD (BASE 65) ]
TOTAL THIS MO. 0
DPTR FM NORMAL -1 [PRESSURE DATA]
TOTAL FM JAN 1 0 HIGHEST SLP M ON M
DPTR FM NORMAL -1 LOWEST SLP 29.43 ON 1
[REMARKS]
#FINAL-04-22#