000
CXUS51 KBTV 010800
CF6PBG
PRELIMINARY LOCAL CLIMATOLOGICAL DATA (WS FORM: F-6)
STATION: PLATTSBURGH NY
MONTH: FEBRUARY
YEAR: 2022
LATITUDE: 44 39 N
LONGITUDE: 73 28 W
TEMPERATURE IN F: :PCPN: SNOW: WIND :SUNSHINE: SKY :PK WND
================================================================================
1 2 3 4 5 6A 6B 7 8 9 10 11 12 13 14 15 16 17 18
12Z AVG MX 2MIN
DY MAX MIN AVG DEP HDD CDD WTR SNW DPTH SPD SPD DIR MIN PSBL S-S WX SPD DR
================================================================================
1 33 -1 16 -2 49 0 0.00 M M 10.5 25 160 M M 1 37 160
2 42 30 36 18 29 0 0.00 M M 13.1 25 160 M M 2 38 160
3 39 14 27 8 38 0 0.11 M M 10.2 23 10 M M 10 1 28 10
4 14 9 12 -7 53 0 0.06 M M 13.4 25 350 M M 10 18 30 350
5 16 -10 3 -16 62 0 T M M 6.0 18 310 M M 4 8 24 310
6 23 -9 7 -12 58 0 0.00 M M 7.6 20 150 M M 3 25 180
7 34 9 22 3 43 0 0.00 M M 4.1 17 140 M M 4 20 140
8 29 8 19 0 46 0 T M M 1.2 9 20 M M 6 18 12 230
9 37 15 26 6 39 0 0.00 M M 7.3 22 160 M M 2 27 160
10 45 30 38 18 27 0 T M M 6.0 18 230 M M 6 1 28 230
11 45 26 36 16 29 0 0.00 M M 10.7 24 150 M M 5 31 150
12 46 12 29 9 36 0 T M M 9.3 21 230 M M 9 32 220
13 12 2 7 -13 58 0 T M M 10.7 18 360 M M 3 22 350
14 13 1 7 -14 58 0 T M M 7.7 18 330 M M 5 8 23 320
15 21 0 11 -10 54 0 0.00 M M 3.7 14 320 M M 2 19 300
16 39 -3 18 -3 47 0 0.00 M M 13.4 26 160 M M 3 40 150
17 47 32 40 19 25 0 0.46 M M 10.9 25 360 M M 10 1 31 150
18 32 7 20 -2 45 0 0.25 M M 10.6 25 340 M M 5 168 33 350
19 32 7 20 -2 45 0 T M M 10.7 22 290 M M 7 36 250
20 31 2 17 -5 48 0 T M M 12.1 26 170 M M 2 38 160
21 37 22 30 8 35 0 0.00 M M 10.1 20 350 M M 10 22 10
22 50 19 35 12 30 0 0.09 M M 6.3 17 160 M M 6 1 25 150
23 55 13 34 11 31 0 T M M 9.7 24 320 M M 7 1 39 250
24 18 7 13 -10 52 0 T M M 5.8 14 320 M M 0 20 320
25 14 6 10 -14 55 0 0.14 M M 9.8 24 340 M M 9 12 29 320
26 28 -9 10 -14 55 0 T M M 5.8 20 140 M M 6 8 22 140
27 36 13 25 1 40 0 T M M 8.7 28 310 M M 8 18 37 310
28 14 -5 5 -20 60 0 0.00 M M 6.0 15 330 M M 0 20 320
================================================================================
SM 882 247 1247 0 1.11 M 241.4 M 145
================================================================================
AV 31.5 8.8 8.6 FASTST M M 5 MAX(MPH)
MISC ----> 28 310 40 150
================================================================================
NOTES:
# LAST OF SEVERAL OCCURRENCES
COLUMN 17 PEAK WIND IN M.P.H.
PRELIMINARY LOCAL CLIMATOLOGICAL DATA (WS FORM: F-6) , PAGE 2
STATION: PLATTSBURGH NY
MONTH: FEBRUARY
YEAR: 2022
LATITUDE: 44 39 N
LONGITUDE: 73 28 W
[TEMPERATURE DATA] [PRECIPITATION DATA] SYMBOLS USED IN COLUMN 16
AVERAGE MONTHLY: 20.2 TOTAL FOR MONTH: 1.11 1 = FOG OR MIST
DPTR FM NORMAL: -0.8 DPTR FM NORMAL: -0.11 2 = FOG REDUCING VISIBILITY
HIGHEST: 55 ON 23 GRTST 24HR 0.71 ON 17-18 TO 1/4 MILE OR LESS
LOWEST: -10 ON 5 3 = THUNDER
SNOW, ICE PELLETS, HAIL 4 = ICE PELLETS
TOTAL MONTH: M 5 = HAIL
GRTST 24HR M ON M 6 = FREEZING RAIN OR DRIZZLE
GRTST DEPTH: M ON M 7 = DUSTSTORM OR SANDSTORM:
VSBY 1/2 MILE OR LESS
8 = SMOKE OR HAZE
[NO. OF DAYS WITH] [WEATHER - DAYS WITH] 9 = BLOWING SNOW
X = TORNADO
MAX 32 OR BELOW: 14 0.01 INCH OR MORE: 6
MAX 90 OR ABOVE: 0 0.10 INCH OR MORE: 4
MIN 32 OR BELOW: 28 0.50 INCH OR MORE: 0
MIN 0 OR BELOW: 7 1.00 INCH OR MORE: 0
[HDD (BASE 65) ]
TOTAL THIS MO. 1247 CLEAR (SCALE 0-3) 9
DPTR FM NORMAL 15 PTCLDY (SCALE 4-7) 12
TOTAL FM JUL 1 5412 CLOUDY (SCALE 8-10) 7
DPTR FM NORMAL -35
[CDD (BASE 65) ]
TOTAL THIS MO. 0
DPTR FM NORMAL 0 [PRESSURE DATA]
TOTAL FM JAN 1 0 HIGHEST SLP 30.71 ON 15
DPTR FM NORMAL 0 LOWEST SLP 29.31 ON 18
[REMARKS]
#FINAL-02-22#