000
CXUS52 KMFL 011000
CF6PBI
PRELIMINARY LOCAL CLIMATOLOGICAL DATA (WS FORM: F-6)
STATION: WEST PALM BEACH
MONTH: OCTOBER
YEAR: 2020
LATITUDE: 26 40 N
LONGITUDE: 80 7 W
TEMPERATURE IN F: :PCPN: SNOW: WIND :SUNSHINE: SKY :PK WND
================================================================================
1 2 3 4 5 6A 6B 7 8 9 10 11 12 13 14 15 16 17 18
12Z AVG MX 2MIN
DY MAX MIN AVG DEP HDD CDD WTR SNW DPTH SPD SPD DIR MIN PSBL S-S WX SPD DR
================================================================================
1 87 75 81 0 0 16 3.58 0.0 0 5.7 21 270 M M 8 13 23 270
2 80 74 77 -4 0 12 0.89 0.0 0 6.5 16 60 M M 8 1 19 350
3 83 75 79 -1 0 14 1.08 0.0 0 7.2 17 180 M M 9 13 26 180
4 86 75 81 1 0 16 0.04 0.0 0 8.2 16 90 M M 7 22 130
5 89 76 83 3 0 18 0.27 0.0 0 12.1 23 110 M M 7 29 110
6 89 80 85 5 0 20 0.05 0.0 0 13.3 22 120 M M 7 25 110
7 88 82 85 5 0 20 0.00 0.0 0 12.4 20 130 M M 7 23 120
8 87 77 82 2 0 17 0.01 0.0 0 8.0 15 110 M M 4 27 120
9 87 80 84 4 0 19 0.00 0.0 0 13.4 22 110 M M 5 27 110
10 87 77 82 2 0 17 0.08 0.0 0 10.4 25 160 M M 7 13 33 150
11 90 77 84 5 0 19 0.66 0.0 0 6.2 21 280 M M 5 13 30 280
12 89 75 82 3 0 17 0.24 0.0 0 5.1 15 350 M M 4 13 19 330
13 86 74 80 1 0 15 0.00 0.0 0 6.2 15 30 M M 3 1 19 40
14 87 73 80 1 0 15 0.00 0.0 0 8.0 16 40 M M 3 24 70
15 86 79 83 4 0 18 T 0.0 0 9.7 18 100 M M 5 22 90
16 86 76 81 3 0 16 0.24 0.0 0 4.2 14 50 M M 6 3 18 60
17 86 76 81 3 0 16 0.00 0.0 0 13.4 22 50 M M 7 28 40
18 85 77 81 3 0 16 0.22 0.0 0 13.6 24 70 M M 7 1 30 80
19 81 70 76 -2 0 11 3.10 0.0 0 13.8 37 110 M M 8 13 44 110
20 82 75 79 1 0 14 0.09 0.0 0 17.3 32 100 M M 7 3 38 90
21 81 72 77 -1 0 12 0.59 0.0 0 11.8 25 120 M M 8 1 34 120
22 81 72 77 0 0 12 1.16 0.0 0 12.1 23 120 M M 8 13 30 140
23 83 75 79 2 0 14 T 0.0 0 12.9 21 90 M M 7 25 90
24 84 73 79 2 0 14 1.54 0.0 0 10.3 18 100 M M 7 13 23 80
25 85 73 79 2 0 14 0.04 0.0 0 9.1 26 190 M M 8 13 32 190
26 86 72 79 3 0 14 0.01 0.0 0 9.3 23 190 M M 5 13 26 200
27 87 77 82 6 0 17 0.00 0.0 0 10.5 16 90 M M 4 23 100
28 88 77 83 7 0 18 T 0.0 M 12.1 18 100 M M 5 24 100
29 89 79 84 8 0 19 0.43 0.0 0 10.5 21 150 M M 4 1 28 180
30 89 77 83 7 0 18 0.13 0.0 0 7.4 18 30 M M 6 13 21 30
31 86 77 82 6 0 17 0.28 0.0 0 13.4 21 100 M M 7 1 26 60
================================================================================
SM 2660 2347 0 495 14.73 0.0 314.1 M 193
================================================================================
AV 85.8 75.7 10.1 FASTST M M 6 MAX(MPH)
MISC ----> # 37 110 # 44 110
================================================================================
NOTES:
# LAST OF SEVERAL OCCURRENCES
COLUMN 17 PEAK WIND IN M.P.H.
PRELIMINARY LOCAL CLIMATOLOGICAL DATA (WS FORM: F-6) , PAGE 2
STATION: WEST PALM BEACH
MONTH: OCTOBER
YEAR: 2020
LATITUDE: 26 40 N
LONGITUDE: 80 7 W
[TEMPERATURE DATA] [PRECIPITATION DATA] SYMBOLS USED IN COLUMN 16
AVERAGE MONTHLY: 80.8 TOTAL FOR MONTH: 14.73 1 = FOG OR MIST
DPTR FM NORMAL: 2.5 DPTR FM NORMAL: 9.60 2 = FOG REDUCING VISIBILITY
HIGHEST: 90 ON 11 GRTST 24HR 3.58 ON 1- 1 TO 1/4 MILE OR LESS
LOWEST: 70 ON 19 3 = THUNDER
SNOW, ICE PELLETS, HAIL 4 = ICE PELLETS
TOTAL MONTH: 0.0 INCH 5 = HAIL
GRTST 24HR 0.0 6 = FREEZING RAIN OR DRIZZLE
GRTST DEPTH: 0 7 = DUSTSTORM OR SANDSTORM:
VSBY 1/2 MILE OR LESS
8 = SMOKE OR HAZE
[NO. OF DAYS WITH] [WEATHER - DAYS WITH] 9 = BLOWING SNOW
X = TORNADO
MAX 32 OR BELOW: 0 0.01 INCH OR MORE: 22
MAX 90 OR ABOVE: 1 0.10 INCH OR MORE: 15
MIN 32 OR BELOW: 0 0.50 INCH OR MORE: 8
MIN 0 OR BELOW: 0 1.00 INCH OR MORE: 5
[HDD (BASE 65) ]
TOTAL THIS MO. 0 CLEAR (SCALE 0-3) 0
DPTR FM NORMAL -1 PTCLDY (SCALE 4-7) 29
TOTAL FM JUL 1 0 CLOUDY (SCALE 8-10) 2
DPTR FM NORMAL -1
[CDD (BASE 65) ]
TOTAL THIS MO. 495
DPTR FM NORMAL 82 [PRESSURE DATA]
TOTAL FM JAN 1 4501 HIGHEST SLP 30.11 ON 31
DPTR FM NORMAL 880 LOWEST SLP 29.83 ON 25
[REMARKS]
#FINAL-10-20#