000
CXUS53 KARX 011000
CF6PDC
PRELIMINARY LOCAL CLIMATOLOGICAL DATA (WS FORM: F-6)
STATION: PRAIRIE_DU_CHIEN_MUN
MONTH: FEBRUARY
YEAR: 2021
LATITUDE: 43 1 N
LONGITUDE: 91 7 W
TEMPERATURE IN F: :PCPN: SNOW: WIND :SUNSHINE: SKY :PK WND
================================================================================
1 2 3 4 5 6A 6B 7 8 9 10 11 12 13 14 15 16 17 18
12Z AVG MX 2MIN
DY MAX MIN AVG DEP HDD CDD WTR SNW DPTH SPD SPD DIR MIN PSBL S-S WX SPD DR
================================================================================
1 32 15 24 M 41 0 M M M 5.1 10 320 M M 9 8 M M
2 28 8 18 M 47 0 M M M 1.1 6 40 M M 7 M M
3 31 7 19 M 46 0 M M M 4.6 12 120 M M 4 1 M M
4 35 11 23 M 42 0 M M M 10.0 18 290 M M 9 8 30 290
5 11 3 7 M 58 0 0.00 0.0 M 13.1 21 260 M M 3 30 270
6 7 -9 -1 M 66 0 0.00 0.0 M 9.4 16 280 M M 3 8 20 280
7 -4 -18 -11 M 76 0 M M M 2.8 7 270 M M 0 M M
8 -7 -8 -7 M 72 0 M M M 0.0 M M M M 0 M M
9 10 -16 -3 M 68 0 M M M 1.5 9 250 M M 1 8 M M
10 12 -10 1 M 64 0 0.00 0.0 M 1.7 9 330 M M 4 8 M M
11 4 -9 -2 M 67 0 M M M 5.4 10 320 M M 7 8 M M
12 2 -7 -2 M 67 0 M M M 7.6 12 290 M M 3 8 16 290
13 1 -9 -4 M 69 0 M M M 8.1 12 310 M M 6 8 17 320
14 -2 -12 -7 M 72 0 0.00 0.0 M 7.0 12 330 M M 4 20 330
15 3 -15 -6 M 71 0 0.00 0.0 M 5.6 10 360 M M 0 M M
16 17 -6 6 M 59 0 0.00 0.0 M 4.9 9 320 M M 4 M M
17 15 -13 1 M 64 0 M M M 0.5 5 170 M M 4 M M
18 23 0 12 M 53 0 M M M 2.2 8 290 M M 7 M M
19 20 -2 9 M 56 0 T T M 2.6 10 260 M M 3 M M
20 24 -9 8 M 57 0 0.00 0.0 M 3.0 9 110 M M 4 M M
21 28 20 24 M 41 0 M M M 7.0 12 90 M M 7 18 80
22 40 22 31 M 34 0 M M M 7.6 12 220 M M 7 1 18 230
23 45 32 39 M 26 0 0.00 0.0 M 5.9 13 270 M M 3 23 270
24 41 26 34 M 31 0 0.00 0.0 M 7.3 13 300 M M 2 21 330
25 40 21 31 M 34 0 0.00 0.0 M 3.0 9 240 M M 1 1 M M
26 M M M M M M M M M M M M M M M 1 M M
27 48 33 41 M 24 0 0.00 0.0 M 2.2 6 110 M M 2 M M
28 40 22 31 M 34 0 M M M 8.6 16 280 M M 7 12 27 270
================================================================================
SM 544 77 1439 0 T T 137.7 M 111
================================================================================
AV 20.1 2.9 5.1 FASTST M M 4 MAX(MPH)
MISC ----> 21 260 # 30 290
================================================================================
NOTES:
# LAST OF SEVERAL OCCURRENCES
COLUMN 17 PEAK WIND IN M.P.H.
PRELIMINARY LOCAL CLIMATOLOGICAL DATA (WS FORM: F-6) , PAGE 2
STATION: PRAIRIE_DU_CHIEN_MUN
MONTH: FEBRUARY
YEAR: 2021
LATITUDE: 43 1 N
LONGITUDE: 91 7 W
[TEMPERATURE DATA] [PRECIPITATION DATA] SYMBOLS USED IN COLUMN 16
AVERAGE MONTHLY: 11.5 TOTAL FOR MONTH: T 1 = FOG OR MIST
DPTR FM NORMAL: 0.0 DPTR FM NORMAL: -0.00 2 = FOG REDUCING VISIBILITY
HIGHEST: 48 ON 27 GRTST 24HR T ON 19-19 TO 1/4 MILE OR LESS
LOWEST: -18 ON 7 3 = THUNDER
SNOW, ICE PELLETS, HAIL 4 = ICE PELLETS
TOTAL MONTH: T 5 = HAIL
GRTST 24HR T ON 19-19 6 = FREEZING RAIN OR DRIZZLE
GRTST DEPTH: M ON M 7 = DUSTSTORM OR SANDSTORM:
VSBY 1/2 MILE OR LESS
8 = SMOKE OR HAZE
[NO. OF DAYS WITH] [WEATHER - DAYS WITH] 9 = BLOWING SNOW
X = TORNADO
MAX 32 OR BELOW: 20 0.01 INCH OR MORE: 0
MAX 90 OR ABOVE: 0 0.10 INCH OR MORE: 0
MIN 32 OR BELOW: 26 0.50 INCH OR MORE: 0
MIN 0 OR BELOW: 15 1.00 INCH OR MORE: 0
[HDD (BASE 65) ]
TOTAL THIS MO. 1439 CLEAR (SCALE 0-3) 10
DPTR FM NORMAL M PTCLDY (SCALE 4-7) 15
TOTAL FM JUL 1 5166 CLOUDY (SCALE 8-10) 3
DPTR FM NORMAL M
[CDD (BASE 65) ]
TOTAL THIS MO. 0
DPTR FM NORMAL M [PRESSURE DATA]
TOTAL FM JAN 1 0 HIGHEST SLP M ON M
DPTR FM NORMAL M LOWEST SLP M ON M
[REMARKS]
#FINAL-02-21#