000
CXUS56 KPDT 022219
CF6PDT
PRELIMINARY LOCAL CLIMATOLOGICAL DATA (WS FORM: F-6)
STATION: PENDLETON OR
MONTH: FEBRUARY
YEAR: 2023
LATITUDE: 45 40 N
LONGITUDE: 118 51 W
TEMPERATURE IN F: :PCPN: SNOW: WIND :SUNSHINE: SKY :PK WND
================================================================================
1 2 3 4 5 6A 6B 7 8 9 10 11 12 13 14 15 16 17 18
12Z AVG MX 2MIN
DY MAX MIN AVG DEP HDD CDD WTR SNW DPTH SPD SPD DIR MIN PSBL S-S WX SPD DR
================================================================================
1 41 25 33 -3 32 0 0.00 0.0 0 6.4 14 320 M M 1 17 300
2 40 19 30 -6 35 0 0.00 0.0 0 7.9 16 290 M M 0 1 19 300
3 50 23 37 1 28 0 0.00 0.0 0 6.3 22 300 M M 6 27 80
4 57 36 47 11 18 0 T 0.0 0 4.8 13 140 M M 8 16 140
5 49 37 43 7 22 0 0.29 0.0 0 11.5 31 270 M M 10 1 42 270
6 52 36 44 7 21 0 T 0.0 0 14.3 40 270 M M 5 51 280
7 51 32 42 5 23 0 0.04 0.0 0 10.7 33 250 M M 6 42 240
8 48 31 40 3 25 0 0.00 0.0 0 11.4 25 270 M M 0 32 250
9 57 32 45 8 20 0 0.00 0.0 0 4.8 16 140 M M 0 20 140
10 53 30 42 5 23 0 0.00 0.0 0 7.3 15 310 M M 0 17 300
11 48 25 37 0 28 0 0.00 0.0 0 5.1 12 150 M M 0 15 310
12 57 29 43 6 22 0 0.00 0.0 0 6.4 13 170 M M 0 14 170
13 49 36 43 5 22 0 0.03 T 0 25.2 41 260 M M 7 1 52 260
14 45 28 37 -1 28 0 T T 0 12.1 37 250 M M 8 46 250
15 48 23 36 -2 29 0 0.00 0.0 0 5.6 10 150 M M 0 13 280
16 52 24 38 0 27 0 0.00 0.0 0 6.2 15 300 M M 0 18 300
17 52 26 39 1 26 0 0.00 0.0 0 7.8 15 200 M M 7 18 270
18 51 37 44 6 21 0 T 0.0 0 13.5 31 270 M M 6 39 270
19 52 38 45 6 20 0 T 0.0 0 20.3 37 260 M M 8 46 260
20 57 45 51 12 14 0 T 0.0 0 20.7 40 270 M M 6 50 270
21 50 33 42 3 23 0 T 0.0 0 22.1 41 260 M M 3 57 260
22 37 20 29 -10 36 0 0.12 1.9 T 9.1 17 310 M M 10 12 21 330
23 22 8 15 -24 50 0 0.21 4.4 2 7.9 13 260 M M 10 12 16 320
24 21 2 12 -28 53 0 0.00 T 5 3.9 12 150 M M 6 128 14 150
25 28 2 15 -25 50 0 0.00 0.0 2 3.9 12 140 M M 0 12 150
26 43 18 31 -9 34 0 0.01 T T 11.8 30 260 M M 6 37 250
27 43 26 35 -5 30 0 T 0.0 T 7.7 22 150 M M 6 28 150
28 44 33 39 -2 26 0 0.02 0.0 0 8.8 21 200 M M 7 8 28 200
================================================================================
SM 1297 754 786 0 0.72 6.3 283.5 M 126
================================================================================
AV 46.3 26.9 10.1 FASTST M M 5 MAX(MPH)
MISC ----> # 41 260 57 260
================================================================================
NOTES:
# LAST OF SEVERAL OCCURRENCES
COLUMN 17 PEAK WIND IN M.P.H.
PRELIMINARY LOCAL CLIMATOLOGICAL DATA (WS FORM: F-6) , PAGE 2
STATION: PENDLETON OR
MONTH: FEBRUARY
YEAR: 2023
LATITUDE: 45 40 N
LONGITUDE: 118 51 W
[TEMPERATURE DATA] [PRECIPITATION DATA] SYMBOLS USED IN COLUMN 16
AVERAGE MONTHLY: 36.6 TOTAL FOR MONTH: 0.72 1 = FOG OR MIST
DPTR FM NORMAL: -1.4 DPTR FM NORMAL: -0.47 2 = FOG REDUCING VISIBILITY
HIGHEST: 57 ON 20,12 GRTST 24HR 0.29 ON 5- 5 TO 1/4 MILE OR LESS
LOWEST: 2 ON 25,24 3 = THUNDER
SNOW, ICE PELLETS, HAIL 4 = ICE PELLETS
TOTAL MONTH: 6.3 INCHES 5 = HAIL
GRTST 24HR 4.4 ON 23-23 6 = FREEZING RAIN OR DRIZZLE
GRTST DEPTH: 5 ON 24 7 = DUSTSTORM OR SANDSTORM:
VSBY 1/2 MILE OR LESS
8 = SMOKE OR HAZE
[NO. OF DAYS WITH] [WEATHER - DAYS WITH] 9 = BLOWING SNOW
X = TORNADO
MAX 32 OR BELOW: 3 0.01 INCH OR MORE: 7
MAX 90 OR ABOVE: 0 0.10 INCH OR MORE: 3
MIN 32 OR BELOW: 19 0.50 INCH OR MORE: 0
MIN 0 OR BELOW: 0 1.00 INCH OR MORE: 0
[HDD (BASE 65) ]
TOTAL THIS MO. 786 CLEAR (SCALE 0-3) 11
DPTR FM NORMAL 30 PTCLDY (SCALE 4-7) 13
TOTAL FM JUL 1 3733 CLOUDY (SCALE 8-10) 4
DPTR FM NORMAL -195
[CDD (BASE 65) ]
TOTAL THIS MO. 0
DPTR FM NORMAL 0 [PRESSURE DATA]
TOTAL FM JAN 1 0 HIGHEST SLP 30.51 ON 8
DPTR FM NORMAL 0 LOWEST SLP 29.38 ON 27
[REMARKS]
#FINAL-02-23#