000
CXUS51 KPHI 010915
CF6PHL
PRELIMINARY LOCAL CLIMATOLOGICAL DATA (WS FORM: F-6)
STATION: PHILADELPHIA PA
MONTH: FEBRUARY
YEAR: 2022
LATITUDE: 39 52 N
LONGITUDE: 75 15 W
TEMPERATURE IN F: :PCPN: SNOW: WIND :SUNSHINE: SKY :PK WND
================================================================================
1 2 3 4 5 6A 6B 7 8 9 10 11 12 13 14 15 16 17 18
12Z AVG MX 2MIN
DY MAX MIN AVG DEP HDD CDD WTR SNW DPTH SPD SPD DIR MIN PSBL S-S WX SPD DR
================================================================================
1 40 23 32 -2 33 0 0.00 0.0 4 5.3 12 80 M M 3 18 20
2 46 25 36 2 29 0 0.00 0.0 1 2.9 10 80 M M 8 128 12 50
3 56 39 48 14 17 0 0.25 0.0 0 3.9 18 190 M M 10 12 24 180
4 58 31 45 11 20 0 0.72 T 0 12.7 26 330 M M 10 1 30 330
5 32 22 27 -7 38 0 0.00 0.0 0 15.2 26 340 M M 5 35 300
6 39 18 29 -5 36 0 0.00 0.0 0 3.9 10 100 M M 2 13 140
7 40 33 37 3 28 0 0.04 T 0 6.1 12 330 M M 10 1 19 350
8 44 31 38 4 27 0 0.00 0.0 0 10.6 23 280 M M 5 18 29 270
9 53 27 40 5 25 0 0.00 0.0 0 5.3 16 190 M M 1 22 190
10 58 33 46 11 19 0 0.00 0.0 0 8.5 26 260 M M 4 34 260
11 62 31 47 12 18 0 0.00 0.0 0 8.4 22 190 M M 3 31 190
12 61 42 52 17 13 0 T 0.0 0 11.8 22 270 M M 7 29 300
13 42 29 36 1 29 0 0.29 0.4 T 7.2 20 330 M M 10 1 25 330
14 30 19 25 -11 40 0 0.00 0.0 T 12.7 25 310 M M 3 31 340
15 34 19 27 -9 38 0 0.00 0.0 0 5.5 14 320 M M 1 18 340
16 54 27 41 5 24 0 0.00 0.0 0 6.4 18 190 M M 6 24 190
17 69 40 55 19 10 0 0.09 0.0 0 12.5 25 210 M M 9 31 200
18 66 31 49 13 16 0 0.37 0.0 0 18.6 40 280 M M 6 18 50 190
19 46 25 36 -1 29 0 T T 0 16.4 37 260 M M 3 47 290
20 40 21 31 -6 34 0 0.00 0.0 0 8.7 18 320 M M 2 26 330
21 62 30 46 9 19 0 0.00 0.0 0 4.6 13 220 M M 3 16 230
22 64 38 51 14 14 0 0.16 0.0 0 9.1 23 220 M M 9 32 210
23 71 42 57 19 8 0 0.00 0.0 0 14.6 22 310 M M 7 29 310
24 42 32 37 -1 28 0 0.08 T 0 9.9 20 20 M M 10 146 23 10
25 51 32 42 4 23 0 0.87 0.0 0 12.3 31 290 M M 9 16 38 290
26 41 30 36 -2 29 0 0.00 0.0 0 7.9 17 330 M M 8 23 270
27 52 29 41 2 24 0 0.00 0.0 0 13.7 28 260 M M 3 35 300
28 42 30 36 -3 29 0 0.00 0.0 0 8.6 24 320 M M 3 30 340
================================================================================
SM 1395 829 697 0 2.87 0.4 263.3 M 160
================================================================================
AV 49.8 29.6 9.4 FASTST M M 6 MAX(MPH)
MISC ----> 40 280 50 190
================================================================================
NOTES:
# LAST OF SEVERAL OCCURRENCES
COLUMN 17 PEAK WIND IN M.P.H.
PRELIMINARY LOCAL CLIMATOLOGICAL DATA (WS FORM: F-6) , PAGE 2
STATION: PHILADELPHIA PA
MONTH: FEBRUARY
YEAR: 2022
LATITUDE: 39 52 N
LONGITUDE: 75 15 W
[TEMPERATURE DATA] [PRECIPITATION DATA] SYMBOLS USED IN COLUMN 16
AVERAGE MONTHLY: 39.7 TOTAL FOR MONTH: 2.87 1 = FOG OR MIST
DPTR FM NORMAL: 3.8 DPTR FM NORMAL: 0.12 2 = FOG REDUCING VISIBILITY
HIGHEST: 71 ON 23 GRTST 24HR 0.95 ON 24-25 TO 1/4 MILE OR LESS
LOWEST: 18 ON 6 3 = THUNDER
SNOW, ICE PELLETS, HAIL 4 = ICE PELLETS
TOTAL MONTH: 0.4 INCH 5 = HAIL
GRTST 24HR 0.4 ON 13-13 6 = FREEZING RAIN OR DRIZZLE
GRTST DEPTH: 4 ON 1 7 = DUSTSTORM OR SANDSTORM:
VSBY 1/2 MILE OR LESS
8 = SMOKE OR HAZE
[NO. OF DAYS WITH] [WEATHER - DAYS WITH] 9 = BLOWING SNOW
X = TORNADO
MAX 32 OR BELOW: 2 0.01 INCH OR MORE: 9
MAX 90 OR ABOVE: 0 0.10 INCH OR MORE: 6
MIN 32 OR BELOW: 21 0.50 INCH OR MORE: 2
MIN 0 OR BELOW: 0 1.00 INCH OR MORE: 0
[HDD (BASE 65) ]
TOTAL THIS MO. 697 CLEAR (SCALE 0-3) 10
DPTR FM NORMAL -118 PTCLDY (SCALE 4-7) 10
TOTAL FM JUL 1 2941 CLOUDY (SCALE 8-10) 8
DPTR FM NORMAL -457
[CDD (BASE 65) ]
TOTAL THIS MO. 0
DPTR FM NORMAL 0 [PRESSURE DATA]
TOTAL FM JAN 1 0 HIGHEST SLP 30.74 ON 15
DPTR FM NORMAL 0 LOWEST SLP 29.40 ON 18
[REMARKS]
#FINAL-02-22#