000
CXUS55 KPSR 011005
CF6PHX
PRELIMINARY LOCAL CLIMATOLOGICAL DATA (WS FORM: F-6)
STATION: PHOENIX AZ
MONTH: JULY
YEAR: 2023
LATITUDE: 33 25 N
LONGITUDE: 112 1 W
TEMPERATURE IN F: :PCPN: SNOW: WIND :SUNSHINE: SKY :PK WND
================================================================================
1 2 3 4 5 6A 6B 7 8 9 10 11 12 13 14 15 16 17 18
12Z AVG MX 2MIN
DY MAX MIN AVG DEP HDD CDD WTR SNW DPTH SPD SPD DIR MIN PSBL S-S WX SPD DR
================================================================================
1 114 81 98 3 0 33 0.00 0.0 0 7.1 16 270 M M 1 23 270
2 115 86 101 6 0 36 0.00 0.0 0 9.1 23 290 M M 1 33 290
3 116 87 102 7 0 37 0.00 0.0 0 9.3 22 270 M M 1 30 270
4 113 89 101 6 0 36 0.00 0.0 0 8.2 20 270 M M 1 29 260
5 111 89 100 5 0 35 0.00 0.0 0 7.1 20 280 M M 0 8 28 260
6 115 85 100 5 0 35 0.00 0.0 0 7.2 20 270 M M 1 8 26 290
7 112 86 99 3 0 34 0.00 0.0 0 5.6 17 270 M M 1 8 23 320
8 113 86 100 4 0 35 0.00 0.0 0 5.6 17 290 M M 1 24 310
9 112 89 101 5 0 36 0.00 0.0 0 6.6 15 270 M M 1 21 310
10 110 91 101 5 0 36 0.00 0.0 0 7.7 20 290 M M 2 8 25 290
11 111 91 101 5 0 36 0.00 0.0 0 8.8 18 280 M M 4 23 290
12 111 94 103 7 0 38 0.00 0.0 0 7.4 17 280 M M 5 25 350
13 114 95 105 9 0 40 0.00 0.0 0 9.9 20 280 M M 3 26 280
14 116 93 105 9 0 40 0.00 0.0 0 8.7 20 280 M M 4 25 270
15 118 92 105 9 0 40 0.00 0.0 0 8.8 17 280 M M 2 25 260
16 114 94 104 8 0 39 0.00 0.0 0 8.6 16 290 M M 6 24 220
17 116 95 106 10 0 41 0.00 0.0 0 9.7 35 180 M M 5 7 50 190
18 118 94 106 10 0 41 0.00 0.0 0 7.1 20 280 M M 6 8 30 310
19 119 97 108 12 0 43 0.00 0.0 0 7.8 20 290 M M 2 8 31 270
20 119 93 106 10 0 41 0.00 0.0 0 8.8 20 260 M M 2 8 27 260
21 117 92 105 9 0 40 0.00 0.0 0 11.6 35 180 M M 4 78 55 190
22 118 96 107 11 0 42 0.00 0.0 0 8.2 29 180 M M 7 378 44 180
23 114 92 103 7 0 38 0.00 0.0 0 8.1 28 170 M M 7 78 46 160
24 116 94 105 9 0 40 0.00 0.0 0 6.0 22 260 M M 6 8 29 260
25 119 93 106 10 0 41 0.00 0.0 0 7.4 14 280 M M 4 20 230
26 118 88 103 7 0 38 0.00 0.0 0 10.7 32 140 M M 4 37 43 130
27 115 89 102 7 0 37 0.00 0.0 0 8.0 20 290 M M 5 8 28 290
28 116 93 105 10 0 40 0.00 0.0 0 8.5 24 120 M M 6 8 32 120
29 115 95 105 10 0 40 0.00 0.0 M 6.8 15 270 M M 7 27 330
30 112 93 103 8 0 38 0.00 0.0 M 9.1 31 170 M M 7 78 47 170
31 108 83 96 1 0 31 T 0.0 M 8.0 28 90 M M 5 378 38 150
================================================================================
SM 3555 2815 01177 T 0.0 251.5 M 111
================================================================================
AV114.7 90.8 8.1 FASTST M M 4 MAX(MPH)
MISC ----> # 35 180 55 190
================================================================================
NOTES:
# LAST OF SEVERAL OCCURRENCES
COLUMN 17 PEAK WIND IN M.P.H.
PRELIMINARY LOCAL CLIMATOLOGICAL DATA (WS FORM: F-6) , PAGE 2
STATION: PHOENIX AZ
MONTH: JULY
YEAR: 2023
LATITUDE: 33 25 N
LONGITUDE: 112 1 W
[TEMPERATURE DATA] [PRECIPITATION DATA] SYMBOLS USED IN COLUMN 16
AVERAGE MONTHLY:102.7 TOTAL FOR MONTH: T 1 = FOG OR MIST
DPTR FM NORMAL: 7.2 DPTR FM NORMAL: -0.91 2 = FOG REDUCING VISIBILITY
HIGHEST: 119 ON 25,20 GRTST 24HR T ON 5- 5 TO 1/4 MILE OR LESS
LOWEST: 81 ON 1 3 = THUNDER
SNOW, ICE PELLETS, HAIL 4 = ICE PELLETS
TOTAL MONTH: 0.0 INCH 5 = HAIL
GRTST 24HR 0.0 6 = FREEZING RAIN OR DRIZZLE
GRTST DEPTH: 0 7 = DUSTSTORM OR SANDSTORM:
VSBY 1/2 MILE OR LESS
8 = SMOKE OR HAZE
[NO. OF DAYS WITH] [WEATHER - DAYS WITH] 9 = BLOWING SNOW
X = TORNADO
MAX 32 OR BELOW: 0 0.01 INCH OR MORE: 0
MAX 90 OR ABOVE: 31 0.10 INCH OR MORE: 0
MIN 32 OR BELOW: 0 0.50 INCH OR MORE: 0
MIN 0 OR BELOW: 0 1.00 INCH OR MORE: 0
[HDD (BASE 65) ]
TOTAL THIS MO. 0 CLEAR (SCALE 0-3) 14
DPTR FM NORMAL 0 PTCLDY (SCALE 4-7) 17
TOTAL FM JUL 1 0 CLOUDY (SCALE 8-10) 0
DPTR FM NORMAL 0
[CDD (BASE 65) ]
TOTAL THIS MO. 1177
DPTR FM NORMAL 232 [PRESSURE DATA]
TOTAL FM JAN 1 2814 HIGHEST SLP 29.92 ON 31
DPTR FM NORMAL 167 LOWEST SLP 28.60 ON 26
[REMARKS]
#FINAL-07-23#