000
CXUS55 KPSR 021331
CF6PHX
PRELIMINARY LOCAL CLIMATOLOGICAL DATA (WS FORM: F-6)
STATION: PHOENIX AZ
MONTH: FEBRUARY
YEAR: 2023
LATITUDE: 33 25 N
LONGITUDE: 112 1 W
TEMPERATURE IN F: :PCPN: SNOW: WIND :SUNSHINE: SKY :PK WND
================================================================================
1 2 3 4 5 6A 6B 7 8 9 10 11 12 13 14 15 16 17 18
12Z AVG MX 2MIN
DY MAX MIN AVG DEP HDD CDD WTR SNW DPTH SPD SPD DIR MIN PSBL S-S WX SPD DR
================================================================================
1 68 43 56 -2 9 0 0.00 0.0 0 5.8 16 260 M M 2 22 250
2 68 43 56 -2 9 0 0.00 0.0 0 4.0 12 80 M M 1 17 70
3 74 44 59 1 6 0 0.00 0.0 0 4.1 15 70 M M 7 19 70
4 76 46 61 3 4 0 0.00 0.0 0 3.5 10 120 M M 3 13 110
5 75 47 61 2 4 0 0.00 0.0 0 5.4 15 270 M M 1 20 290
6 70 48 59 0 6 0 0.00 0.0 0 8.2 22 290 M M 2 28 320
7 69 43 56 -3 9 0 0.00 0.0 0 5.9 15 260 M M 1 21 240
8 70 42 56 -3 9 0 0.00 0.0 0 4.8 10 290 M M 3 14 270
9 69 43 56 -3 9 0 0.00 0.0 0 8.7 21 30 M M 0 29 20
10 72 48 60 1 5 0 0.00 0.0 0 12.5 28 80 M M 2 40 60
11 75 53 64 5 1 0 0.00 0.0 0 8.2 17 140 M M 5 26 120
12 79 48 64 5 1 0 0.00 0.0 0 9.4 28 260 M M 4 38 260
13 59 47 53 -7 12 0 0.04 0.0 0 7.2 18 240 M M 7 24 230
14 57 42 50 -10 15 0 0.13 0.0 0 11.4 32 320 M M 8 13 46 310
15 55 40 48 -12 17 0 0.00 0.0 0 9.1 20 290 M M 4 30 340
16 59 35 47 -13 18 0 0.00 0.0 0 6.9 17 60 M M 1 26 50
17 66 47 57 -3 8 0 0.00 0.0 0 13.9 23 90 M M 8 30 70
18 73 53 63 3 2 0 0.00 0.0 0 7.2 17 160 M M 4 26 170
19 75 53 64 4 1 0 0.00 0.0 0 5.5 14 200 M M 7 19 160
20 76 51 64 3 1 0 0.00 0.0 0 3.9 10 70 M M 5 15 340
21 68 55 62 1 3 0 0.01 0.0 0 7.1 20 190 M M 7 8 28 190
22 60 49 55 -6 10 0 0.08 0.0 0 20.1 45 270 M M 8 78 62 230
23 61 47 54 -7 11 0 0.00 0.0 0 8.4 18 160 M M 6 26 150
24 68 44 56 -5 9 0 0.00 0.0 0 4.6 12 200 M M 3 19 180
25 76 52 64 2 1 0 0.00 0.0 0 8.8 24 200 M M 6 33 210
26 59 43 51 -11 14 0 0.12 0.0 0 10.2 25 270 M M 6 1 35 260
27 65 42 54 -8 11 0 0.00 0.0 0 4.3 10 210 M M 1 14 110
28 66 43 55 -7 10 0 0.00 0.0 0 6.3 16 270 M M 3 8 22 270
================================================================================
SM 1908 1291 215 0 0.38 0.0 215.4 M 115
================================================================================
AV 68.1 46.1 7.7 FASTST M M 4 MAX(MPH)
MISC ----> 45 270 62 230
================================================================================
NOTES:
# LAST OF SEVERAL OCCURRENCES
COLUMN 17 PEAK WIND IN M.P.H.
PRELIMINARY LOCAL CLIMATOLOGICAL DATA (WS FORM: F-6) , PAGE 2
STATION: PHOENIX AZ
MONTH: FEBRUARY
YEAR: 2023
LATITUDE: 33 25 N
LONGITUDE: 112 1 W
[TEMPERATURE DATA] [PRECIPITATION DATA] SYMBOLS USED IN COLUMN 16
AVERAGE MONTHLY: 57.1 TOTAL FOR MONTH: 0.38 1 = FOG OR MIST
DPTR FM NORMAL: -2.8 DPTR FM NORMAL: -0.49 2 = FOG REDUCING VISIBILITY
HIGHEST: 79 ON 12 GRTST 24HR 0.13 ON 14-14 TO 1/4 MILE OR LESS
LOWEST: 35 ON 16 3 = THUNDER
SNOW, ICE PELLETS, HAIL 4 = ICE PELLETS
TOTAL MONTH: 0.0 INCH 5 = HAIL
GRTST 24HR 0.0 6 = FREEZING RAIN OR DRIZZLE
GRTST DEPTH: 0 7 = DUSTSTORM OR SANDSTORM:
VSBY 1/2 MILE OR LESS
8 = SMOKE OR HAZE
[NO. OF DAYS WITH] [WEATHER - DAYS WITH] 9 = BLOWING SNOW
X = TORNADO
MAX 32 OR BELOW: 0 0.01 INCH OR MORE: 5
MAX 90 OR ABOVE: 0 0.10 INCH OR MORE: 2
MIN 32 OR BELOW: 0 0.50 INCH OR MORE: 0
MIN 0 OR BELOW: 0 1.00 INCH OR MORE: 0
[HDD (BASE 65) ]
TOTAL THIS MO. 215 CLEAR (SCALE 0-3) 11
DPTR FM NORMAL 56 PTCLDY (SCALE 4-7) 17
TOTAL FM JUL 1 989 CLOUDY (SCALE 8-10) 0
DPTR FM NORMAL 195
[CDD (BASE 65) ]
TOTAL THIS MO. 0
DPTR FM NORMAL -16 [PRESSURE DATA]
TOTAL FM JAN 1 0 HIGHEST SLP 30.35 ON 2
DPTR FM NORMAL -15 LOWEST SLP 29.42 ON 22
[REMARKS]
#FINAL-02-23#