000
CXUS53 KILX 011558
CLMPIA


CLIMATE REPORT
NATIONAL WEATHER SERVICE LINCOLN IL
949 AM CST THU MAR 1 2018

...................................

...THE PEORIA IL CLIMATE SUMMARY FOR THE MONTH OF FEBRUARY 2018...

CLIMATE NORMAL PERIOD 1981 TO 2010
CLIMATE RECORD PERIOD 1883 TO 2018

WEATHER         OBSERVED          NORMAL  DEPART  LAST YEAR`S
                 VALUE   DATE(S)  VALUE   FROM    VALUE
                                          NORMAL
.............................................................
TEMPERATURE (F)
RECORD
 HIGH              74   02/20/2017
                        02/10/1932
                        62/07/2583
 LOW              -26   02/13/1905
HIGHEST            67   02/20        36      31       74
LOWEST             -2   02/05        20     -22       10
AVG. MAXIMUM     39.7              37.7     2.0     51.7
AVG. MINIMUM     20.1              21.2    -1.1     29.4
MEAN             29.9              29.5     0.4     40.5
DAYS MAX >= 90      0               0.0     0.0        0
DAYS MAX <= 32      9               8.6     0.4        4
DAYS MIN <= 32     21              23.4    -2.4       17
DAYS MIN <= 0       2               1.6     0.4        0

PRECIPITATION (INCHES)
RECORD
 MAXIMUM         5.64   1900
 MINIMUM         0.14   1907
TOTALS           4.68              1.79    2.89     1.09
DAILY AVG.       0.17              0.06    0.11     0.04
DAYS >= .01        15               8.4     6.6       10
DAYS >= .10         9               4.0     5.0        5
DAYS >= .50         2               1.0     1.0        0
DAYS >= 1.00        2               0.3     1.7        0
GREATEST
 24 HR. TOTAL    1.66   02/19 TO 02/19              0.36

SNOWFALL (INCHES)
RECORDS
 TOTAL           26.5   1900
TOTALS            9.4               6.2     3.2      3.7
SINCE 7/1        20.3              21.3    -1.0      9.7
DAYS >= 1.0         4               1.9     2.1        1
GREATEST
 SNOW DEPTH         4   02/13                          3
                        02/12
                        02/11
 24 HR TOTAL      4.2   02/05 TO 02/05               3.5

DEGREE_DAYS
HEATING TOTAL     977               995     -18      678
 SINCE 7/1       4360              4516    -156     3607
COOLING TOTAL       0                 0       0        0
 SINCE 1/1          0                 0       0        0
..............................................................

WIND (MPH)
AVERAGE WIND SPEED              8.6
HIGHEST WIND SPEED/DIRECTION    31/270    DATE  02/25
HIGHEST GUST SPEED/DIRECTION    45/280    DATE  02/25

SKY COVER
POSSIBLE SUNSHINE (PERCENT)   MM
AVERAGE SKY COVER           0.60
NUMBER OF DAYS FAIR            8
NUMBER OF DAYS PC             10
NUMBER OF DAYS CLOUDY         10

AVERAGE RH (PERCENT)     74

WEATHER CONDITIONS. NUMBER OF DAYS WITH
THUNDERSTORM              2     MIXED PRECIP               1
HEAVY RAIN                3     RAIN                       4
LIGHT RAIN                8     FREEZING RAIN              1
LT FREEZING RAIN          5     HAIL                       0
HEAVY SNOW                1     SNOW                       4
LIGHT SNOW               11     SLEET                      2
FOG                      17     FOG W/VIS <= 1/4 MILE      5
HAZE                      7

-  INDICATES NEGATIVE NUMBERS.
R  INDICATES RECORD WAS SET OR TIED.
MM INDICATES DATA IS MISSING.
T  INDICATES TRACE AMOUNT.
&&

Daily record snowfall of 4.2 inches on February 5th.
Daily record rainfall of 1.66 inches on February 19th.
4th wettest February on record with 4.68 inches.

$$
