000
CXUS53 KILX 011416
CLSPIA
CLIMATE REPORT
NATIONAL WEATHER SERVICE LINCOLN IL
916 AM CDT THU JUN 01 2023
...................................
...THE PEORIA IL CLIMATE SUMMARY FOR THE SEASON, FROM
3/1/2023 TO 5/31/2023...
CLIMATE NORMAL PERIOD 1991 TO 2020
CLIMATE RECORD PERIOD 1883 TO 2023
WEATHER OBSERVED NORMAL DEPART LAST YEAR`S
VALUE DATE(S) VALUE FROM VALUE
NORMAL
..............................................................
TEMPERATURE (F)
RECORD
HIGH 104 05/31/1934
LOW -11 03/08/1943
HIGHEST 92 05/30 MM MM 93
LOWEST 12 03/18 MM MM 9
AVG. MAXIMUM 64.9 63.0 1.9 62.5
AVG. MINIMUM 42.1 42.2 -0.1 42.8
MEAN 53.5 52.6 0.9 52.6
DAYS MAX >= 90 2 0.9 1.1 MM
DAYS MAX <= 32 1 2.1 -1.1 MM
DAYS MIN <= 32 19 21.8 -2.8 MM
DAYS MIN <= 0 0 0.2 -0.2 MM
PRECIPITATION (INCHES)
RECORD
MAXIMUM 20.79 2013
MINIMUM 3.36 1934
TOTALS 9.16 11.37 -2.21 9.40
DAILY AVG. 0.10 0.10
DAYS >= .01 32 34.6 -2.6 MM
DAYS >= .10 18 22.0 -4.0 MM
DAYS >= .50 7 7.2 -0.2 MM
DAYS >= 1.00 0 2.7 -2.7 MM
GREATEST
24 HR. TOTAL 1.27 05/07 TO 05/08 1.31
SNOWFALL (INCHES)
RECORDS
TOTAL 25.6 1926
24 HR TOTAL 8.1 03/25/1957 TO 03/25/1957
TOTALS 3.1 3.8 -0.7 3.5
SINCE 7/1 18.6 26.2 -7.6 MM
DAYS >= TRACE 10 2.8 7.2 MM
DAYS >= 1.0 2 1.1 0.9 MM
GREATEST
SNOW DEPTH 2 03/12 3
24 HR TOTAL T 04/22 TO 04/22 1.7
04/17 TO 04/17
04/16 TO 04/16
DEGREE DAYS
HEATING TOTAL 1128 1244 -116 1279
SINCE 7/1 5058 5601 -543 MM
COOLING TOTAL 95 103 -8 163
SINCE 1/1 95 102 -7 MM
FREEZE DATES
RECORD
EARLIEST 09/20/1991
LATEST 05/25/1925
EARLIEST 10/18
LATEST 04/26
..............................................................
WIND (MPH)
AVERAGE WIND SPEED 8.8
HIGHEST WIND SPEED/DIRECTION 41/220 DATE 04/15
HIGHEST GUST SPEED/DIRECTION 55/100 DATE 05/07
SKY COVER
POSSIBLE SUNSHINE (PERCENT) MM
AVERAGE SKY COVER 0.37
NUMBER OF DAYS FAIR 43
NUMBER OF DAYS PC 33
NUMBER OF DAYS CLOUDY 15
AVERAGE RH (PERCENT) 62
WEATHER CONDITIONS. NUMBER OF DAYS WITH
THUNDERSTORM 11 MIXED PRECIP 1
HEAVY RAIN 9 RAIN 10
LIGHT RAIN 35 FREEZING RAIN 0
LT FREEZING RAIN 0 HAIL 0
HEAVY SNOW 0 SNOW 0
LIGHT SNOW 8 SLEET 2
FOG 29 FOG W/VIS <= 1/4 MILE 2
HAZE 4
- INDICATES NEGATIVE NUMBERS.
R INDICATES RECORD WAS SET OR TIED.
MM INDICATES DATA IS MISSING.
T INDICATES TRACE AMOUNT.
$$