000
CXUS53 KABR 171100
CF6PIR
PRELIMINARY LOCAL CLIMATOLOGICAL DATA (WS FORM: F-6)
STATION: PIERRE SD
MONTH: APRIL
YEAR: 2024
LATITUDE: 44 22 N
LONGITUDE: 100 17 W
TEMPERATURE IN F: :PCPN: SNOW: WIND :SUNSHINE: SKY :PK WND
================================================================================
1 2 3 4 5 6A 6B 7 8 9 10 11 12 13 14 15 16 17 18
12Z AVG MX 2MIN
DY MAX MIN AVG DEP HDD CDD WTR SNW DPTH SPD SPD DIR MIN PSBL S-S WX SPD DR
================================================================================
1 32 24 28 -13 37 0 0.53 4.3 1 11.4 18 70 M M 10 1 23 70
2 48 20 34 -7 31 0 0.00 0.0 5 12.8 23 350 M M 1 29 360
3 56 23 40 -2 25 0 0.00 0.0 T 7.5 14 20 M M 0 21 340
4 59 26 43 1 22 0 0.00 0.0 0 7.3 17 140 M M 0 25 130
5 62 31 47 5 18 0 0.00 0.0 0 18.1 32 140 M M 0 40 140
6 64 42 53 10 12 0 0.12 0.0 0 26.4 41 140 M M 2 60 140
7 52 38 45 2 20 0 0.11 0.0 0 18.7 31 30 M M 10 1 47 40
8 46 34 40 -3 25 0 0.07 T 0 12.4 24 320 M M 8 1 30 320
9 65 37 51 7 14 0 0.00 0.0 0 12.5 22 300 M M 3 29 310
10 65 39 52 8 13 0 0.02 0.0 0 18.6 38 320 M M 2 58 310
11 60 32 46 2 19 0 0.00 0.0 0 16.4 33 330 M M 1 41 320
12 70 27 49 4 16 0 0.00 0.0 0 11.1 22 160 M M 0 30 170
13 88 43 66 21 0 1 0.00 0.0 0 10.5 20 350 M M 0 8 25 360
14 75 42 59 14 6 0 0.00 0.0 0 10.2 18 120 M M 0 24 90
15 77 49 63 17 2 0 0.10 0.0 0 22.6 40 120 M M 1 3 55 130
16 64 44 54 8 11 0 0.58 0.0 0 18.0 32 90 M M 9 13 57 240
================================================================================
SM 983 551 271 1 1.53 4.3 234.5 M 47
================================================================================
AV 61.4 34.4 14.7 FASTST M M 3 MAX(MPH)
MISC ----> 41 140 60 140
================================================================================
NOTES:
# LAST OF SEVERAL OCCURRENCES
COLUMN 17 PEAK WIND IN M.P.H.
PRELIMINARY LOCAL CLIMATOLOGICAL DATA (WS FORM: F-6) , PAGE 2
STATION: PIERRE SD
MONTH: APRIL
YEAR: 2024
LATITUDE: 44 22 N
LONGITUDE: 100 17 W
[TEMPERATURE DATA] [PRECIPITATION DATA] SYMBOLS USED IN COLUMN 16
AVERAGE MONTHLY: 47.9 TOTAL FOR MONTH: 1.53 1 = FOG OR MIST
DPTR FM NORMAL: 4.4 DPTR FM NORMAL: 0.61 2 = FOG REDUCING VISIBILITY
HIGHEST: 88 ON 13 GRTST 24HR 0.68 ON 15-16 TO 1/4 MILE OR LESS
LOWEST: 20 ON 2 3 = THUNDER
SNOW, ICE PELLETS, HAIL 4 = ICE PELLETS
TOTAL MONTH: 4.5 INCHES 5 = HAIL
GRTST 24HR 4.3 ON 1- 1 6 = FREEZING RAIN OR DRIZZLE
GRTST DEPTH: 5 ON 2 7 = DUSTSTORM OR SANDSTORM:
VSBY 1/2 MILE OR LESS
8 = SMOKE OR HAZE
[NO. OF DAYS WITH] [WEATHER - DAYS WITH] 9 = BLOWING SNOW
X = TORNADO
MAX 32 OR BELOW: 1 0.01 INCH OR MORE: 7
MAX 90 OR ABOVE: 0 0.10 INCH OR MORE: 5
MIN 32 OR BELOW: 7 0.50 INCH OR MORE: 2
MIN 0 OR BELOW: 0 1.00 INCH OR MORE: 0
[HDD (BASE 65) ]
TOTAL THIS MO. 271 CLEAR (SCALE 0-3) 12
DPTR FM NORMAL -74 PTCLDY (SCALE 4-7) 1
TOTAL FM JUL 1 6075 CLOUDY (SCALE 8-10) 3
DPTR FM NORMAL -725
[CDD (BASE 65) ]
TOTAL THIS MO. 1
DPTR FM NORMAL 1 [PRESSURE DATA]
TOTAL FM JAN 1 1 HIGHEST SLP M ON M
DPTR FM NORMAL 1 LOWEST SLP 29.31 ON 16
[REMARKS]