000
CXUS53 KPAH 010800
CF6POF
PRELIMINARY LOCAL CLIMATOLOGICAL DATA (WS FORM: F-6)
STATION: POPLAR BLUFF MO
MONTH: JANUARY
YEAR: 2022
LATITUDE: 36 46 N
LONGITUDE: 90 19 W
TEMPERATURE IN F: :PCPN: SNOW: WIND :SUNSHINE: SKY :PK WND
================================================================================
1 2 3 4 5 6A 6B 7 8 9 10 11 12 13 14 15 16 17 18
12Z AVG MX 2MIN
DY MAX MIN AVG DEP HDD CDD WTR SNW DPTH SPD SPD DIR MIN PSBL S-S WX SPD DR
================================================================================
1 61 36 49 13 16 0 2.49 M M 6.1 21 330 M M 10 13 27 340
2 36 25 31 -5 34 0 T M M 12.7 21 360 M M 10 30 360
3 34 19 27 -9 38 0 0.00 M M 5.0 14 340 M M 3 22 360
4 37 23 30 -6 35 0 0.00 M M 9.2 20 150 M M 3 1 27 170
5 49 32 41 5 24 0 0.00 M M 9.0 21 320 M M 0 30 310
6 32 17 25 -11 40 0 0.08 M M 9.8 20 10 M M 6 1 27 20
7 23 14 19 -17 46 0 0.00 M M 4.8 12 20 M M 1 16 50
8 46 18 32 -4 33 0 1.20 M M 4.2 12 280 M M 9 13 15 130
9 49 27 38 2 27 0 0.55 M M 12.1 26 20 M M 5 1 36 10
10 44 21 33 -3 32 0 0.00 M M 5.4 12 200 M M 0 16 210
11 47 24 36 0 29 0 0.00 M M 5.9 14 210 M M 0 18 190
12 54 30 42 6 23 0 0.00 M M 7.0 17 200 M M 0 23 210
13 62 32 47 11 18 0 0.00 M M 4.5 14 340 M M 3 17 350
14 46 30 38 2 27 0 T M M 2.4 9 70 M M 1 13 50
15 42 32 37 1 28 0 0.54 M M 12.2 22 10 M M 10 1 31 40
16 43 26 35 -1 30 0 T M M 12.3 23 360 M M 3 1 34 320
17 47 29 38 2 27 0 0.00 M M 7.0 20 320 M M 5 27 340
18 56 26 41 5 24 0 0.00 M M 5.7 16 180 M M 0 24 180
19 48 24 36 0 29 0 0.06 M M 11.6 23 360 M M 10 1 31 350
20 28 14 21 -15 44 0 0.00 M M 13.7 23 360 M M 0 32 360
21 30 11 21 -15 44 0 0.00 M M 5.9 13 10 M M 0 17 360
22 37 12 25 -11 40 0 0.00 M M 5.2 14 200 M M 0 18 190
23 56 24 40 4 25 0 0.00 M M 7.7 17 340 M M 0 23 340
24 60 30 45 9 20 0 0.00 M M 6.4 18 20 M M 2 26 20
25 39 21 30 -6 35 0 0.00 M M 10.2 18 10 M M 1 23 350
26 30 15 23 -14 42 0 0.00 M M 5.8 16 360 M M 1 21 350
27 39 24 32 -5 33 0 0.00 M M 3.3 10 200 M M 9 13 210
28 41 18 30 -7 35 0 0.00 M M 9.2 23 340 M M 3 32 340
29 39 14 27 -10 38 0 0.00 M M 5.0 16 220 M M 0 23 220
30 56 21 39 2 26 0 0.00 M M 4.5 16 350 M M 0 22 330
31 55 25 40 3 25 0 0.00 M M 4.3 12 120 M M 0 16 140
================================================================================
SM 1366 714 967 0 4.92 M 228.1 M 95
================================================================================
AV 44.1 23.0 7.4 FASTST M M 3 MAX(MPH)
MISC ----> 26 20 36 10
================================================================================
NOTES:
# LAST OF SEVERAL OCCURRENCES
COLUMN 17 PEAK WIND IN M.P.H.
PRELIMINARY LOCAL CLIMATOLOGICAL DATA (WS FORM: F-6) , PAGE 2
STATION: POPLAR BLUFF MO
MONTH: JANUARY
YEAR: 2022
LATITUDE: 36 46 N
LONGITUDE: 90 19 W
[TEMPERATURE DATA] [PRECIPITATION DATA] SYMBOLS USED IN COLUMN 16
AVERAGE MONTHLY: 33.5 TOTAL FOR MONTH: 4.92 1 = FOG OR MIST
DPTR FM NORMAL: -2.6 DPTR FM NORMAL: 1.44 2 = FOG REDUCING VISIBILITY
HIGHEST: 62 ON 13 GRTST 24HR 2.70 ON 31- 1 TO 1/4 MILE OR LESS
LOWEST: 11 ON 21 3 = THUNDER
SNOW, ICE PELLETS, HAIL 4 = ICE PELLETS
TOTAL MONTH: M 5 = HAIL
GRTST 24HR M ON M 6 = FREEZING RAIN OR DRIZZLE
GRTST DEPTH: M ON M 7 = DUSTSTORM OR SANDSTORM:
VSBY 1/2 MILE OR LESS
8 = SMOKE OR HAZE
[NO. OF DAYS WITH] [WEATHER - DAYS WITH] 9 = BLOWING SNOW
X = TORNADO
MAX 32 OR BELOW: 5 0.01 INCH OR MORE: 6
MAX 90 OR ABOVE: 0 0.10 INCH OR MORE: 4
MIN 32 OR BELOW: 30 0.50 INCH OR MORE: 4
MIN 0 OR BELOW: 0 1.00 INCH OR MORE: 2
[HDD (BASE 65) ]
TOTAL THIS MO. 967 CLEAR (SCALE 0-3) 22
DPTR FM NORMAL 73 PTCLDY (SCALE 4-7) 3
TOTAL FM JUL 1 2142 CLOUDY (SCALE 8-10) 6
DPTR FM NORMAL -328
[CDD (BASE 65) ]
TOTAL THIS MO. 0
DPTR FM NORMAL 0 [PRESSURE DATA]
TOTAL FM JAN 1 0 HIGHEST SLP M ON M
DPTR FM NORMAL 0 LOWEST SLP 29.60 ON 1
[REMARKS]
#FINAL-01-22#