000
CXUS56 KLOX 011655
CF6PRB
PRELIMINARY LOCAL CLIMATOLOGICAL DATA (WS FORM: F-6)
STATION: PASO ROBLES AIRPORT CA
MONTH: JULY
YEAR: 2020
LATITUDE: 35 40 N
LONGITUDE: 120 38 W
TEMPERATURE IN F: :PCPN: SNOW: WIND :SUNSHINE: SKY :PK WND
================================================================================
1 2 3 4 5 6A 6B 7 8 9 10 11 12 13 14 15 16 17 18
12Z AVG MX 2MIN
DY MAX MIN AVG DEP HDD CDD WTR SNW DPTH SPD SPD DIR MIN PSBL S-S WX SPD DR
================================================================================
1 72 50 61 -11 4 0 0.00 0.0 0 11.0 23 220 M M 0 1 29 240
2 76 52 64 -8 1 0 0.00 0.0 0 8.3 21 210 M M 3 26 230
3 91 47 69 -3 0 4 0.00 0.0 0 6.0 20 210 M M 1 12 25 210
4 102 49 76 4 0 11 0.00 0.0 0 5.8 17 310 M M 0 23 250
5 102 50 76 4 0 11 0.00 0.0 0 8.6 25 320 M M 0 28 330
6 96 50 73 0 0 8 0.00 0.0 0 12.7 28 320 M M 0 31 320
7 96 49 73 0 0 8 0.00 0.0 0 9.6 20 300 M M 0 25 300
8 96 50 73 0 0 8 0.00 0.0 0 5.9 18 210 M M 0 23 220
9 97 50 74 1 0 9 0.00 0.0 0 5.8 18 200 M M 0 22 200
10 103 53 78 5 0 13 0.00 0.0 0 5.3 18 310 M M 0 25 310
11 104 57 81 8 0 16 0.00 0.0 0 6.5 22 210 M M 0 28 210
12 108 58 83 10 0 18 0.00 0.0 0 5.3 17 190 M M 0 20 200
13 89 55 72 -2 0 7 0.00 0.0 0 10.6 26 200 M M 0 32 200
14 77 53 65 -9 0 0 0.00 0.0 0 11.5 24 220 M M 3 29 210
15 84 53 69 -5 0 4 0.00 0.0 0 7.9 20 220 M M 2 25 200
16 88 53 71 -3 0 6 0.00 0.0 0 8.5 24 200 M M 1 1 28 210
17 85 54 70 -4 0 5 0.00 0.0 0 9.4 26 210 M M 0 31 210
18 94 54 74 0 0 9 0.00 0.0 0 7.0 23 200 M M 0 29 210
19 91 53 72 -2 0 7 0.00 0.0 0 7.7 22 190 M M 1 1 26 190
20 98 56 77 3 0 12 0.00 0.0 0 7.6 21 290 M M 3 26 290
21 93 53 73 -1 0 8 0.00 0.0 0 7.9 23 200 M M 3 1 28 210
22 80 53 67 -7 0 2 0.00 0.0 0 9.4 23 210 M M 3 1 28 230
23 80 53 67 -7 0 2 0.00 0.0 0 9.1 23 210 M M 3 28 200
24 88 54 71 -3 0 6 0.00 0.0 0 7.3 25 190 M M 3 1 30 190
25 87 53 70 -4 0 5 0.00 0.0 0 8.2 24 190 M M 1 30 190
26 91 53 72 -2 0 7 0.00 0.0 0 8.1 24 210 M M 0 31 200
27 95 55 75 1 0 10 0.00 0.0 0 7.0 23 210 M M 0 28 210
28 99 54 77 3 0 12 0.00 0.0 0 6.3 20 200 M M 0 24 200
29 93 54 74 0 0 9 0.00 0.0 0 7.7 24 200 M M 0 29 200
30 102 56 79 5 0 14 0.00 0.0 0 6.4 18 190 M M 2 1 22 190
31 102 54 78 4 0 13 0.00 0.0 0 8.7 22 310 M M 1 26 320
================================================================================
SM 2859 1638 5 244 0.00 0.0 247.2 M 30
================================================================================
AV 92.2 52.8 8.0 FASTST M M 1 MAX(MPH)
MISC ----> # 28 320 # 32 200
================================================================================
NOTES:
# LAST OF SEVERAL OCCURRENCES
COLUMN 17 PEAK WIND IN M.P.H.
PRELIMINARY LOCAL CLIMATOLOGICAL DATA (WS FORM: F-6) , PAGE 2
STATION: PASO ROBLES AIRPORT CA
MONTH: JULY
YEAR: 2020
LATITUDE: 35 40 N
LONGITUDE: 120 38 W
[TEMPERATURE DATA] [PRECIPITATION DATA] SYMBOLS USED IN COLUMN 16
AVERAGE MONTHLY: 72.5 TOTAL FOR MONTH: 0.00 1 = FOG OR MIST
DPTR FM NORMAL: -0.9 DPTR FM NORMAL: 0.00 2 = FOG REDUCING VISIBILITY
HIGHEST: 108 ON 12 GRTST 24HR 0.00 ON 31-31 TO 1/4 MILE OR LESS
LOWEST: 47 ON 3 3 = THUNDER
SNOW, ICE PELLETS, HAIL 4 = ICE PELLETS
TOTAL MONTH: 0.0 INCH 5 = HAIL
GRTST 24HR 0.0 6 = FREEZING RAIN OR DRIZZLE
GRTST DEPTH: 0 7 = DUSTSTORM OR SANDSTORM:
VSBY 1/2 MILE OR LESS
8 = SMOKE OR HAZE
[NO. OF DAYS WITH] [WEATHER - DAYS WITH] 9 = BLOWING SNOW
X = TORNADO
MAX 32 OR BELOW: 0 0.01 INCH OR MORE: 0
MAX 90 OR ABOVE: 20 0.10 INCH OR MORE: 0
MIN 32 OR BELOW: 0 0.50 INCH OR MORE: 0
MIN 0 OR BELOW: 0 1.00 INCH OR MORE: 0
[HDD (BASE 65) ]
TOTAL THIS MO. 5 CLEAR (SCALE 0-3) 31
DPTR FM NORMAL 1 PTCLDY (SCALE 4-7) 0
TOTAL FM JUL 1 5 CLOUDY (SCALE 8-10) 0
DPTR FM NORMAL 1
[CDD (BASE 65) ]
TOTAL THIS MO. 244
DPTR FM NORMAL -22 [PRESSURE DATA]
TOTAL FM JAN 1 511 HIGHEST SLP M ON M
DPTR FM NORMAL 34 LOWEST SLP 29.75 ON 21
[REMARKS]
#FINAL-07-20#