000
CXUS56 KLOX 011730
CLMPRB
CLIMATE REPORT
NATIONAL WEATHER SERVICE LOS ANGELES/OXNARD
930 AM PST THU FEB 01 2024
...................................
...THE PASO ROBLES AIRPORT CA CLIMATE SUMMARY FOR THE MONTH OF JANUARY 2024...
CLIMATE NORMAL PERIOD: 1991 TO 2020
CLIMATE RECORD PERIOD: 1948 TO 2024
WEATHER OBSERVED NORMAL DEPART LAST YEAR`S
VALUE DATE(S) VALUE FROM VALUE
NORMAL
..............................................................
TEMPERATURE (F)
HIGHEST 76 01/28
01/29
LOWEST 27 01/12
AVG. MAXIMUM 60.6 61.0 -0.4
AVG. MINIMUM 39.5 35.1 4.4
MEAN 50.1 48.1 2.0
DAYS MAX >= 90 0
DAYS MAX <= 32 0
DAYS MIN <= 32 7
DAYS MIN <= 0 0
PRECIPITATION (INCHES)
TOTALS 3.48 2.74 0.74
DAILY AVG. 0.11
DAYS >= .01 11
DAYS >= .10 8
DAYS >= .50 2
DAYS >= 1.00 1
GREATEST
24 HR. TOTAL 1.12 01/22 TO 01/22
STORM TOTAL 1.12
DEGREE DAYS
HEATING TOTAL 450 526 -76 445
SINCE 7/1 1284 1610 -326 MM
COOLING TOTAL 0 0 0 0
SINCE 1/1 0 0 0 MM
..............................................................
WIND (MPH)
AVERAGE WIND SPEED 4.6
HIGHEST WIND SPEED/DIRECTION 26/330 DATE 01/11
HIGHEST GUST SPEED/DIRECTION 37/320 DATE 01/11
SKY COVER
POSSIBLE SUNSHINE (PERCENT) MM
AVERAGE SKY COVER 0.35
NUMBER OF DAYS FAIR 17
NUMBER OF DAYS PC 10
NUMBER OF DAYS CLOUDY 4
AVERAGE RH (PERCENT) 77
WEATHER CONDITIONS. NUMBER OF DAYS WITH
THUNDERSTORM 0 MIXED PRECIP 0
HEAVY RAIN 3 RAIN 7
LIGHT RAIN 12 FREEZING RAIN 0
LT FREEZING RAIN 0 HAIL 0
HEAVY SNOW 0 SNOW 0
LIGHT SNOW 0 SLEET 0
FOG 19 FOG W/VIS <= 1/4 MILE 9
HAZE 0
- INDICATES NEGATIVE NUMBERS.
R INDICATES RECORD WAS SET OR TIED.
MM INDICATES DATA IS MISSING.
T INDICATES TRACE AMOUNT.
$$