000
CXUS56 KFGZ 010910
CF6PRC
PRELIMINARY LOCAL CLIMATOLOGICAL DATA (WS FORM: F-6)
STATION: PRESCOTT AZ AIRPORT
MONTH: JANUARY
YEAR: 2021
LATITUDE: 34 39 N
LONGITUDE: 112 26 W
TEMPERATURE IN F: :PCPN: SNOW: WIND :SUNSHINE: SKY :PK WND
================================================================================
1 2 3 4 5 6A 6B 7 8 9 10 11 12 13 14 15 16 17 18
12Z AVG MX 2MIN
DY MAX MIN AVG DEP HDD CDD WTR SNW DPTH SPD SPD DIR MIN PSBL S-S WX SPD DR
================================================================================
1 50 18 34 -4 31 0 0.00 M M 4.8 12 200 M M 1 14 280
2 51 21 36 -2 29 0 0.00 M M 4.8 13 240 M M 0 15 240
3 51 20 36 -2 29 0 0.00 M M 4.3 13 360 M M 0 15 10
4 61 23 42 4 23 0 0.00 M M 4.0 12 170 M M 0 13 170
5 59 25 42 4 23 0 0.00 M M 7.1 22 320 M M 0 27 310
6 57 20 39 1 26 0 0.00 M M 5.3 10 190 M M 0 12 190
7 62 23 43 5 22 0 0.00 M M 3.5 9 40 M M 0 11 350
8 56 24 40 2 25 0 0.00 M M 3.9 10 170 M M 0 13 190
9 47 22 35 -3 30 0 0.00 M M 9.5 23 330 M M 0 29 320
10 49 18 34 -4 31 0 0.00 M M 3.8 10 170 M M 0 11 210
11 50 18 34 -4 31 0 0.00 M M 3.4 13 160 M M 0 18 150
12 52 14 33 -5 32 0 0.00 M M 4.2 10 180 M M 0 12 180
13 63 22 43 5 22 0 0.00 M M 4.8 16 330 M M 0 22 320
14 65 33 49 10 16 0 0.00 M M 10.4 23 350 M M 0 29 350
15 65 26 46 7 19 0 0.00 M M 7.9 15 340 M M 0 19 340
16 66 30 48 9 17 0 0.00 M M 6.5 18 340 M M 0 24 330
17 66 23 45 6 20 0 0.00 M M 5.0 10 190 M M 0 13 210
18 58 25 42 3 23 0 0.00 M M 3.9 10 180 M M 3 12 190
19 45 36 41 2 24 0 0.18 M M 7.4 25 140 M M 9 1 33 140
20 55 34 45 6 20 0 0.00 M M 3.5 15 140 M M 4 20 120
21 55 36 46 7 19 0 T M M 3.7 12 230 M M 7 14 130
22 49 36 43 4 22 0 0.12 M M 10.2 21 210 M M 6 1 29 200
23 46 33 40 1 25 0 0.11 M M 9.0 26 210 M M 7 1 40 230
24 36 30 33 -6 32 0 0.59 M M 4.6 15 240 M M 9 12 17 240
25 32 24 28 -11 37 0 0.64 M M 10.6 35 240 M M 10 128 42 240
26 28 17 23 -17 42 0 0.10 M M 7.4 20 200 M M 10 12 28 210
27 37 7 22 -18 43 0 T M M 3.8 13 130 M M 1 15 130
28 45 15 30 -10 35 0 0.00 M M 5.0 21 130 M M 1 26 130
29 46 30 38 -2 27 0 0.19 M M 8.6 21 230 M M 5 1 27 230
30 41 18 30 -10 35 0 0.00 M M 3.6 9 200 M M 1 12 12 180
31 43 17 30 -10 35 0 0.00 M M 2.7 8 200 M M 0 8 9 190
================================================================================
SM 1586 738 845 0 1.93 M 177.2 M 74
================================================================================
AV 51.2 23.8 5.7 FASTST M M 2 MAX(MPH)
MISC ----> 35 240 42 240
================================================================================
NOTES:
# LAST OF SEVERAL OCCURRENCES
COLUMN 17 PEAK WIND IN M.P.H.
PRELIMINARY LOCAL CLIMATOLOGICAL DATA (WS FORM: F-6) , PAGE 2
STATION: PRESCOTT AZ AIRPORT
MONTH: JANUARY
YEAR: 2021
LATITUDE: 34 39 N
LONGITUDE: 112 26 W
[TEMPERATURE DATA] [PRECIPITATION DATA] SYMBOLS USED IN COLUMN 16
AVERAGE MONTHLY: 37.5 TOTAL FOR MONTH: 1.93 1 = FOG OR MIST
DPTR FM NORMAL: -1.3 DPTR FM NORMAL: 0.81 2 = FOG REDUCING VISIBILITY
HIGHEST: 66 ON 17,16 GRTST 24HR 0.64 ON 25-25 TO 1/4 MILE OR LESS
LOWEST: 7 ON 27 3 = THUNDER
SNOW, ICE PELLETS, HAIL 4 = ICE PELLETS
TOTAL MONTH: M 5 = HAIL
GRTST 24HR M ON M 6 = FREEZING RAIN OR DRIZZLE
GRTST DEPTH: M ON M 7 = DUSTSTORM OR SANDSTORM:
VSBY 1/2 MILE OR LESS
8 = SMOKE OR HAZE
[NO. OF DAYS WITH] [WEATHER - DAYS WITH] 9 = BLOWING SNOW
X = TORNADO
MAX 32 OR BELOW: 2 0.01 INCH OR MORE: 7
MAX 90 OR ABOVE: 0 0.10 INCH OR MORE: 7
MIN 32 OR BELOW: 25 0.50 INCH OR MORE: 2
MIN 0 OR BELOW: 0 1.00 INCH OR MORE: 0
[HDD (BASE 65) ]
TOTAL THIS MO. 845 CLEAR (SCALE 0-3) 22
DPTR FM NORMAL 31 PTCLDY (SCALE 4-7) 5
TOTAL FM JUL 1 2322 CLOUDY (SCALE 8-10) 4
DPTR FM NORMAL -194
[CDD (BASE 65) ]
TOTAL THIS MO. 0
DPTR FM NORMAL 0 [PRESSURE DATA]
TOTAL FM JAN 1 0 HIGHEST SLP M ON M
DPTR FM NORMAL 0 LOWEST SLP 29.52 ON 25
[REMARKS]
#FINAL-01-21#